{"id":11,"date":"2018-06-25T21:29:55","date_gmt":"2018-06-25T19:29:55","guid":{"rendered":"https:\/\/wm.pb.edu.pl\/alios\/?page_id=11"},"modified":"2025-04-02T00:30:07","modified_gmt":"2025-04-01T22:30:07","slug":"11-2","status":"publish","type":"page","link":"https:\/\/wm.pb.edu.pl\/alios\/","title":{"rendered":""},"content":{"rendered":"<p><a name=\"tu-skacz\"><\/a><br \/>\n<div class=\"row\">\n<div class=\"col-md-4\">\n  <div class=\"boxlink animated zoomIn \">\r\n    <a href=\"\/alios\/o-nas\/\" class=\"\">\r\n      <div class=\"boxlink-title\">O nas<span><\/span><\/div>\r\n      <div class=\"boxlink-content\">\r\n        <img loading=\"lazy\" decoding=\"async\" width=\"600\" height=\"363\" src=\"https:\/\/wm.pb.edu.pl\/alios\/wp-content\/uploads\/sites\/30\/2025\/04\/o-nas.png\" alt=\"\" class=\"aligncenter size-full wp-image-831\" srcset=\"https:\/\/wm.pb.edu.pl\/alios\/wp-content\/uploads\/sites\/30\/2025\/04\/o-nas.png 600w, https:\/\/wm.pb.edu.pl\/alios\/wp-content\/uploads\/sites\/30\/2025\/04\/o-nas-300x182.png 300w\" sizes=\"auto, (max-width: 600px) 100vw, 600px\" \/>      <\/div>\r\n    <\/a>\r\n  <\/div>\r\n\n<\/div>\n<div class=\"col-md-4\">\n  <div class=\"boxlink animated zoomIn \">\r\n    <a href=\"\/alios\/zespol\/\" class=\"\">\r\n      <div class=\"boxlink-title\">Zesp\u00f3\u0142<span><\/span><\/div>\r\n      <div class=\"boxlink-content\">\r\n        <img loading=\"lazy\" decoding=\"async\" width=\"600\" height=\"363\" src=\"https:\/\/wm.pb.edu.pl\/alios\/wp-content\/uploads\/sites\/30\/2025\/04\/zespol.png\" alt=\"\" class=\"aligncenter size-full wp-image-829\" srcset=\"https:\/\/wm.pb.edu.pl\/alios\/wp-content\/uploads\/sites\/30\/2025\/04\/zespol.png 600w, https:\/\/wm.pb.edu.pl\/alios\/wp-content\/uploads\/sites\/30\/2025\/04\/zespol-300x182.png 300w\" sizes=\"auto, (max-width: 600px) 100vw, 600px\" \/>      <\/div>\r\n    <\/a>\r\n  <\/div>\r\n\n<\/div>\n<div class=\"col-md-4\">\n  <div class=\"boxlink animated zoomIn \">\r\n    <a href=\"\/alios\/partnerzy\/\" class=\"\">\r\n      <div class=\"boxlink-title\">Partnerzy<span><\/span><\/div>\r\n      <div class=\"boxlink-content\">\r\n        <img loading=\"lazy\" decoding=\"async\" width=\"600\" height=\"363\" src=\"https:\/\/wm.pb.edu.pl\/alios\/wp-content\/uploads\/sites\/30\/2025\/04\/partnerzy.png\" alt=\"\" class=\"aligncenter size-full wp-image-833\" srcset=\"https:\/\/wm.pb.edu.pl\/alios\/wp-content\/uploads\/sites\/30\/2025\/04\/partnerzy.png 600w, https:\/\/wm.pb.edu.pl\/alios\/wp-content\/uploads\/sites\/30\/2025\/04\/partnerzy-300x182.png 300w\" sizes=\"auto, (max-width: 600px) 100vw, 600px\" \/>      <\/div>\r\n    <\/a>\r\n  <\/div>\r\n\n<\/div>\n<\/div>\n<div class=\"row\">\n<div class=\"col-md-4\">\n  <div class=\"boxlink animated zoomIn \">\r\n    <a href=\"\/alios\/projekty\/\" class=\"\">\r\n      <div class=\"boxlink-title\">Projekty<span><\/span><\/div>\r\n      <div class=\"boxlink-content\">\r\n        <img loading=\"lazy\" decoding=\"async\" width=\"600\" height=\"363\" src=\"https:\/\/wm.pb.edu.pl\/alios\/wp-content\/uploads\/sites\/30\/2025\/04\/projekty.png\" alt=\"\" class=\"aligncenter size-full wp-image-834\" srcset=\"https:\/\/wm.pb.edu.pl\/alios\/wp-content\/uploads\/sites\/30\/2025\/04\/projekty.png 600w, https:\/\/wm.pb.edu.pl\/alios\/wp-content\/uploads\/sites\/30\/2025\/04\/projekty-300x182.png 300w\" sizes=\"auto, (max-width: 600px) 100vw, 600px\" \/>      <\/div>\r\n    <\/a>\r\n  <\/div>\r\n\n<\/div>\n<div class=\"col-md-4\">\n  <div class=\"boxlink animated zoomIn \">\r\n    <a href=\"\/alios\/osiagniecia\/\" class=\"\">\r\n      <div class=\"boxlink-title\">Osi\u0105gni\u0119cia<span><\/span><\/div>\r\n      <div class=\"boxlink-content\">\r\n        <img loading=\"lazy\" decoding=\"async\" width=\"600\" height=\"363\" src=\"https:\/\/wm.pb.edu.pl\/alios\/wp-content\/uploads\/sites\/30\/2025\/04\/osiagniecia.png\" alt=\"\" class=\"aligncenter size-full wp-image-832\" srcset=\"https:\/\/wm.pb.edu.pl\/alios\/wp-content\/uploads\/sites\/30\/2025\/04\/osiagniecia.png 600w, https:\/\/wm.pb.edu.pl\/alios\/wp-content\/uploads\/sites\/30\/2025\/04\/osiagniecia-300x182.png 300w\" sizes=\"auto, (max-width: 600px) 100vw, 600px\" \/>      <\/div>\r\n    <\/a>\r\n  <\/div>\r\n\n<\/div>\n<div class=\"col-md-4\">\n  <div class=\"boxlink animated zoomIn \">\r\n    <a href=\"\/alios\/kontakt\" class=\"\">\r\n      <div class=\"boxlink-title\">Kontakt<span><\/span><\/div>\r\n      <div class=\"boxlink-content\">\r\n        <img loading=\"lazy\" decoding=\"async\" width=\"600\" height=\"363\" src=\"https:\/\/wm.pb.edu.pl\/alios\/wp-content\/uploads\/sites\/30\/2025\/04\/kontakt.png\" alt=\"\" class=\"aligncenter size-full wp-image-830\" srcset=\"https:\/\/wm.pb.edu.pl\/alios\/wp-content\/uploads\/sites\/30\/2025\/04\/kontakt.png 600w, https:\/\/wm.pb.edu.pl\/alios\/wp-content\/uploads\/sites\/30\/2025\/04\/kontakt-300x182.png 300w\" sizes=\"auto, (max-width: 600px) 100vw, 600px\" \/>      <\/div>\r\n    <\/a>\r\n  <\/div>\r\n\n<\/div>\n<\/div>\n","protected":false},"excerpt":{"rendered":"","protected":false},"author":2,"featured_media":495,"parent":0,"menu_order":0,"comment_status":"closed","ping_status":"closed","template":"templates\/reprezentacyjna-4_8.php","meta":{"inline_featured_image":false,"ngg_post_thumbnail":0,"footnotes":""},"class_list":["post-11","page","type-page","status-publish","has-post-thumbnail","hentry"],"acf":[],"yoast_head":"<!-- This site is optimized with the Yoast SEO plugin v26.4 - https:\/\/yoast.com\/wordpress\/plugins\/seo\/ -->\n<title>Ko\u0142o Naukowe Alios<\/title>\n<meta name=\"description\" content=\"Ko\u0142o Naukowe Alios dzia\u0142aj\u0105ce przy Wydziale Mechanicznym Politechniki Bia\u0142ostockiej\" \/>\n<meta name=\"robots\" content=\"index, follow, max-snippet:-1, max-image-preview:large, max-video-preview:-1\" \/>\n<link rel=\"canonical\" href=\"https:\/\/wm.pb.edu.pl\/alios\/\" \/>\n<meta property=\"og:locale\" content=\"pl_PL\" \/>\n<meta property=\"og:type\" content=\"article\" \/>\n<meta property=\"og:title\" content=\"Ko\u0142o Naukowe Alios\" \/>\n<meta property=\"og:description\" content=\"Ko\u0142o Naukowe Alios dzia\u0142aj\u0105ce przy Wydziale Mechanicznym Politechniki Bia\u0142ostockiej\" \/>\n<meta property=\"og:url\" content=\"https:\/\/wm.pb.edu.pl\/alios\/\" \/>\n<meta property=\"og:site_name\" content=\"Ko\u0142o Naukowe Alios\" \/>\n<meta property=\"article:modified_time\" content=\"2025-04-01T22:30:07+00:00\" \/>\n<meta property=\"og:image\" content=\"https:\/\/wm.pb.edu.pl\/alios\/wp-content\/uploads\/sites\/30\/2024\/04\/Robotyka_fot_Piotr_Awramiuk-2.jpg\" \/>\n\t<meta property=\"og:image:width\" content=\"1000\" \/>\n\t<meta property=\"og:image:height\" content=\"666\" \/>\n\t<meta property=\"og:image:type\" content=\"image\/jpeg\" \/>\n<meta name=\"twitter:card\" content=\"summary_large_image\" \/>\n<meta name=\"twitter:label1\" content=\"Szacowany czas czytania\" \/>\n\t<meta name=\"twitter:data1\" content=\"2 minuty\" \/>\n<script type=\"application\/ld+json\" class=\"yoast-schema-graph\">{\"@context\":\"https:\/\/schema.org\",\"@graph\":[{\"@type\":\"WebPage\",\"@id\":\"https:\/\/wm.pb.edu.pl\/alios\/\",\"url\":\"https:\/\/wm.pb.edu.pl\/alios\/\",\"name\":\"Ko\u0142o Naukowe Alios\",\"isPartOf\":{\"@id\":\"https:\/\/wm.pb.edu.pl\/alios\/#website\"},\"primaryImageOfPage\":{\"@id\":\"https:\/\/wm.pb.edu.pl\/alios\/#primaryimage\"},\"image\":{\"@id\":\"https:\/\/wm.pb.edu.pl\/alios\/#primaryimage\"},\"thumbnailUrl\":\"https:\/\/wm.pb.edu.pl\/alios\/wp-content\/uploads\/sites\/30\/2024\/04\/Robotyka_fot_Piotr_Awramiuk-2.jpg\",\"datePublished\":\"2018-06-25T19:29:55+00:00\",\"dateModified\":\"2025-04-01T22:30:07+00:00\",\"description\":\"Ko\u0142o Naukowe Alios dzia\u0142aj\u0105ce przy Wydziale Mechanicznym Politechniki Bia\u0142ostockiej\",\"inLanguage\":\"pl-PL\",\"potentialAction\":[{\"@type\":\"ReadAction\",\"target\":[\"https:\/\/wm.pb.edu.pl\/alios\/\"]}]},{\"@type\":\"ImageObject\",\"inLanguage\":\"pl-PL\",\"@id\":\"https:\/\/wm.pb.edu.pl\/alios\/#primaryimage\",\"url\":\"https:\/\/wm.pb.edu.pl\/alios\/wp-content\/uploads\/sites\/30\/2024\/04\/Robotyka_fot_Piotr_Awramiuk-2.jpg\",\"contentUrl\":\"https:\/\/wm.pb.edu.pl\/alios\/wp-content\/uploads\/sites\/30\/2024\/04\/Robotyka_fot_Piotr_Awramiuk-2.jpg\",\"width\":1000,\"height\":666},{\"@type\":\"WebSite\",\"@id\":\"https:\/\/wm.pb.edu.pl\/alios\/#website\",\"url\":\"https:\/\/wm.pb.edu.pl\/alios\/\",\"name\":\"Ko\u0142o Naukowe Alios\",\"description\":\"\",\"potentialAction\":[{\"@type\":\"SearchAction\",\"target\":{\"@type\":\"EntryPoint\",\"urlTemplate\":\"https:\/\/wm.pb.edu.pl\/alios\/?s={search_term_string}\"},\"query-input\":{\"@type\":\"PropertyValueSpecification\",\"valueRequired\":true,\"valueName\":\"search_term_string\"}}],\"inLanguage\":\"pl-PL\"}]}<\/script>\n<!-- \/ Yoast SEO plugin. -->","yoast_head_json":{"title":"Ko\u0142o Naukowe Alios","description":"Ko\u0142o Naukowe Alios dzia\u0142aj\u0105ce przy Wydziale Mechanicznym Politechniki Bia\u0142ostockiej","robots":{"index":"index","follow":"follow","max-snippet":"max-snippet:-1","max-image-preview":"max-image-preview:large","max-video-preview":"max-video-preview:-1"},"canonical":"https:\/\/wm.pb.edu.pl\/alios\/","og_locale":"pl_PL","og_type":"article","og_title":"Ko\u0142o Naukowe Alios","og_description":"Ko\u0142o Naukowe Alios dzia\u0142aj\u0105ce przy Wydziale Mechanicznym Politechniki Bia\u0142ostockiej","og_url":"https:\/\/wm.pb.edu.pl\/alios\/","og_site_name":"Ko\u0142o Naukowe Alios","article_modified_time":"2025-04-01T22:30:07+00:00","og_image":[{"width":1000,"height":666,"url":"https:\/\/wm.pb.edu.pl\/alios\/wp-content\/uploads\/sites\/30\/2024\/04\/Robotyka_fot_Piotr_Awramiuk-2.jpg","type":"image\/jpeg"}],"twitter_card":"summary_large_image","twitter_misc":{"Szacowany czas czytania":"2 minuty"},"schema":{"@context":"https:\/\/schema.org","@graph":[{"@type":"WebPage","@id":"https:\/\/wm.pb.edu.pl\/alios\/","url":"https:\/\/wm.pb.edu.pl\/alios\/","name":"Ko\u0142o Naukowe Alios","isPartOf":{"@id":"https:\/\/wm.pb.edu.pl\/alios\/#website"},"primaryImageOfPage":{"@id":"https:\/\/wm.pb.edu.pl\/alios\/#primaryimage"},"image":{"@id":"https:\/\/wm.pb.edu.pl\/alios\/#primaryimage"},"thumbnailUrl":"https:\/\/wm.pb.edu.pl\/alios\/wp-content\/uploads\/sites\/30\/2024\/04\/Robotyka_fot_Piotr_Awramiuk-2.jpg","datePublished":"2018-06-25T19:29:55+00:00","dateModified":"2025-04-01T22:30:07+00:00","description":"Ko\u0142o Naukowe Alios dzia\u0142aj\u0105ce przy Wydziale Mechanicznym Politechniki Bia\u0142ostockiej","inLanguage":"pl-PL","potentialAction":[{"@type":"ReadAction","target":["https:\/\/wm.pb.edu.pl\/alios\/"]}]},{"@type":"ImageObject","inLanguage":"pl-PL","@id":"https:\/\/wm.pb.edu.pl\/alios\/#primaryimage","url":"https:\/\/wm.pb.edu.pl\/alios\/wp-content\/uploads\/sites\/30\/2024\/04\/Robotyka_fot_Piotr_Awramiuk-2.jpg","contentUrl":"https:\/\/wm.pb.edu.pl\/alios\/wp-content\/uploads\/sites\/30\/2024\/04\/Robotyka_fot_Piotr_Awramiuk-2.jpg","width":1000,"height":666},{"@type":"WebSite","@id":"https:\/\/wm.pb.edu.pl\/alios\/#website","url":"https:\/\/wm.pb.edu.pl\/alios\/","name":"Ko\u0142o Naukowe Alios","description":"","potentialAction":[{"@type":"SearchAction","target":{"@type":"EntryPoint","urlTemplate":"https:\/\/wm.pb.edu.pl\/alios\/?s={search_term_string}"},"query-input":{"@type":"PropertyValueSpecification","valueRequired":true,"valueName":"search_term_string"}}],"inLanguage":"pl-PL"}]}},"_links":{"self":[{"href":"https:\/\/wm.pb.edu.pl\/alios\/wp-json\/wp\/v2\/pages\/11","targetHints":{"allow":["GET"]}}],"collection":[{"href":"https:\/\/wm.pb.edu.pl\/alios\/wp-json\/wp\/v2\/pages"}],"about":[{"href":"https:\/\/wm.pb.edu.pl\/alios\/wp-json\/wp\/v2\/types\/page"}],"author":[{"embeddable":true,"href":"https:\/\/wm.pb.edu.pl\/alios\/wp-json\/wp\/v2\/users\/2"}],"replies":[{"embeddable":true,"href":"https:\/\/wm.pb.edu.pl\/alios\/wp-json\/wp\/v2\/comments?post=11"}],"version-history":[{"count":37,"href":"https:\/\/wm.pb.edu.pl\/alios\/wp-json\/wp\/v2\/pages\/11\/revisions"}],"predecessor-version":[{"id":835,"href":"https:\/\/wm.pb.edu.pl\/alios\/wp-json\/wp\/v2\/pages\/11\/revisions\/835"}],"wp:featuredmedia":[{"embeddable":true,"href":"https:\/\/wm.pb.edu.pl\/alios\/wp-json\/wp\/v2\/media\/495"}],"wp:attachment":[{"href":"https:\/\/wm.pb.edu.pl\/alios\/wp-json\/wp\/v2\/media?parent=11"}],"curies":[{"name":"wp","href":"https:\/\/api.w.org\/{rel}","templated":true}]}}