{"id":962,"date":"2023-07-24T07:57:36","date_gmt":"2023-07-24T05:57:36","guid":{"rendered":"https:\/\/wm.pb.edu.pl\/cerbermotorsport\/?page_id=962"},"modified":"2023-08-07T13:39:22","modified_gmt":"2023-08-07T11:39:22","slug":"bolid-cms-08","status":"publish","type":"page","link":"https:\/\/wm.pb.edu.pl\/cerbermotorsport\/bolid-cms-08\/","title":{"rendered":"Bolid CMS-08"},"content":{"rendered":"<p><strong>Bolid CMS-08<\/strong><\/p>\n<p><strong><img loading=\"lazy\" decoding=\"async\" class=\"wp-image-787 size-large aligncenter\" src=\"https:\/\/wm.pb.edu.pl\/cerbermotorsport\/wp-content\/uploads\/sites\/13\/2022\/07\/premiera-CMS-08-dnia-08.07-15-1024x683.png\" alt=\"bolid CMS-08 podczas prezentacji\" width=\"1024\" height=\"683\" srcset=\"https:\/\/wm.pb.edu.pl\/cerbermotorsport\/wp-content\/uploads\/sites\/13\/2022\/07\/premiera-CMS-08-dnia-08.07-15-1024x683.png 1024w, https:\/\/wm.pb.edu.pl\/cerbermotorsport\/wp-content\/uploads\/sites\/13\/2022\/07\/premiera-CMS-08-dnia-08.07-15-300x200.png 300w, https:\/\/wm.pb.edu.pl\/cerbermotorsport\/wp-content\/uploads\/sites\/13\/2022\/07\/premiera-CMS-08-dnia-08.07-15-768x512.png 768w, https:\/\/wm.pb.edu.pl\/cerbermotorsport\/wp-content\/uploads\/sites\/13\/2022\/07\/premiera-CMS-08-dnia-08.07-15-480x320.png 480w, https:\/\/wm.pb.edu.pl\/cerbermotorsport\/wp-content\/uploads\/sites\/13\/2022\/07\/premiera-CMS-08-dnia-08.07-15.png 1200w\" sizes=\"auto, (max-width: 1024px) 100vw, 1024px\" \/><\/strong><\/p>\n<p><strong>Parametry techniczne bolidu CMS-08:<\/strong><\/p>\n<p>\u2013 masa: 215 kg<\/p>\n<p>\u2013 silnik Honda CBR 600 RR \u2013 dostosowana do za\u0142o\u017ce\u0144 projektowych<\/p>\n<p>\u2013 przyspieszenie od 0 do 100 km\/h \u2013 3,8 sek.<\/p>\n<p>\u2013 pr\u0119dko\u015b\u0107 maksymalna \u2013 125 km\/h<\/p>\n<p>\u2013 57 Nm momentu obrotowego przy 8900 RPM<\/p>\n<p>\u2013 82 konie mechaniczne przy 9200 RPM<\/p>\n<p>\u2013 sekwencyjna skrzynia bieg\u00f3w<\/p>\n<p>\u2013 158,7 kg si\u0142y docisku przy 100 km\/h<\/p>\n<p><strong>Rozwi\u0105zania zastosowane w aucie:<\/strong><\/p>\n<p>\u2013 w pe\u0142ni regulowane wielowahaczowe zawieszenie umo\u017cliwiaj\u0105ce pe\u0142n\u0105 regulacj\u0119 w zale\u017cno\u015bci od zmieniaj\u0105cych si\u0119 warunk\u00f3w na torze,<\/p>\n<p>\u2013 hybrydowa konstrukcja no\u015bna \u2013 po\u0142\u0105czenie stalowej ramy przestrzennej z kompozytowym \u201emonocoque\u201d o zwi\u0119kszonej sztywno\u015bci,<\/p>\n<p>\u2013 laminowana obr\u0119cz bezpiecze\u0144stwa,<\/p>\n<p>\u2013 wy\u015bwietlacz odpowiadaj\u0105cy za wy\u015bwietlanie i zapisywanie najwa\u017cniejszych parametr\u00f3w pracy,<\/p>\n<p>\u2013 telemetria wyposa\u017cona w 33 czujniki,<\/p>\n<p>\u2013 pokrywka silnika redukuj\u0105ca op\u00f3r powietrza,<\/p>\n<p>\u2013 aktywne ch\u0142odzenie obszaru silnika,<\/p>\n<p>\u2013 autorskie wa\u0142ki rozrz\u0105du,<\/p>\n<p>\u2013 zmodyfikowany blok silnika, kt\u00f3ry umo\u017cliwi\u0142 zastosowanie udoskonalonej misy silnika,<\/p>\n<p>\u2013 wydajniejszy i l\u017cejszy uk\u0142ad ch\u0142odzenia,<\/p>\n<p>\u2013 mechanizm r\u00f3\u017cnicowy o ograniczonym po\u015blizgu z regulacj\u0105 napi\u0119cia wst\u0119pnego,<\/p>\n<p>\u2013 system redukcji oporu powietrza (DRS).<\/p>\n","protected":false},"excerpt":{"rendered":"<p>Bolid CMS-08 Parametry techniczne bolidu CMS-08: \u2013 masa: 215 kg \u2013 silnik Honda CBR 600<a class=\"read-more\" href=\"https:\/\/wm.pb.edu.pl\/cerbermotorsport\/bolid-cms-08\/\" title=\"Poka\u017c artyku\u0142 Bolid CMS-08\">wi\u0119cej<\/a><\/p>\n","protected":false},"author":14,"featured_media":0,"parent":0,"menu_order":0,"comment_status":"closed","ping_status":"closed","template":"","meta":{"inline_featured_image":false,"ngg_post_thumbnail":0,"footnotes":""},"class_list":["post-962","page","type-page","status-publish","hentry"],"acf":[],"yoast_head":"<!-- This site is optimized with the Yoast SEO plugin v26.4 - https:\/\/yoast.com\/wordpress\/plugins\/seo\/ -->\n<title>Bolid CMS-08 - Cerber Motorsport - Wydzia\u0142 Mechaniczny PB<\/title>\n<meta name=\"robots\" content=\"index, follow, max-snippet:-1, max-image-preview:large, max-video-preview:-1\" \/>\n<link rel=\"canonical\" href=\"https:\/\/wm.pb.edu.pl\/cerbermotorsport\/bolid-cms-08\/\" \/>\n<meta property=\"og:locale\" content=\"pl_PL\" \/>\n<meta property=\"og:type\" content=\"article\" \/>\n<meta property=\"og:title\" content=\"Bolid CMS-08 - Cerber Motorsport - Wydzia\u0142 Mechaniczny PB\" \/>\n<meta property=\"og:description\" content=\"Bolid CMS-08 Parametry techniczne bolidu CMS-08: \u2013 masa: 215 kg \u2013 silnik Honda CBR 600wi\u0119cej\" \/>\n<meta property=\"og:url\" content=\"https:\/\/wm.pb.edu.pl\/cerbermotorsport\/bolid-cms-08\/\" \/>\n<meta property=\"og:site_name\" content=\"Cerber Motorsport - Wydzia\u0142 Mechaniczny PB\" \/>\n<meta property=\"article:modified_time\" content=\"2023-08-07T11:39:22+00:00\" \/>\n<meta property=\"og:image\" content=\"https:\/\/wm.pb.edu.pl\/cerbermotorsport\/wp-content\/uploads\/sites\/13\/2022\/07\/premiera-CMS-08-dnia-08.07-15-1024x683.png\" \/>\n<meta name=\"twitter:card\" content=\"summary_large_image\" \/>\n<meta name=\"twitter:label1\" content=\"Szacowany czas czytania\" \/>\n\t<meta name=\"twitter:data1\" content=\"2 minuty\" \/>\n<script type=\"application\/ld+json\" class=\"yoast-schema-graph\">{\"@context\":\"https:\/\/schema.org\",\"@graph\":[{\"@type\":\"WebPage\",\"@id\":\"https:\/\/wm.pb.edu.pl\/cerbermotorsport\/bolid-cms-08\/\",\"url\":\"https:\/\/wm.pb.edu.pl\/cerbermotorsport\/bolid-cms-08\/\",\"name\":\"Bolid CMS-08 - Cerber Motorsport - Wydzia\u0142 Mechaniczny PB\",\"isPartOf\":{\"@id\":\"https:\/\/wm.pb.edu.pl\/cerbermotorsport\/#website\"},\"primaryImageOfPage\":{\"@id\":\"https:\/\/wm.pb.edu.pl\/cerbermotorsport\/bolid-cms-08\/#primaryimage\"},\"image\":{\"@id\":\"https:\/\/wm.pb.edu.pl\/cerbermotorsport\/bolid-cms-08\/#primaryimage\"},\"thumbnailUrl\":\"https:\/\/wm.pb.edu.pl\/cerbermotorsport\/wp-content\/uploads\/sites\/13\/2022\/07\/premiera-CMS-08-dnia-08.07-15-1024x683.png\",\"datePublished\":\"2023-07-24T05:57:36+00:00\",\"dateModified\":\"2023-08-07T11:39:22+00:00\",\"breadcrumb\":{\"@id\":\"https:\/\/wm.pb.edu.pl\/cerbermotorsport\/bolid-cms-08\/#breadcrumb\"},\"inLanguage\":\"pl-PL\",\"potentialAction\":[{\"@type\":\"ReadAction\",\"target\":[\"https:\/\/wm.pb.edu.pl\/cerbermotorsport\/bolid-cms-08\/\"]}]},{\"@type\":\"ImageObject\",\"inLanguage\":\"pl-PL\",\"@id\":\"https:\/\/wm.pb.edu.pl\/cerbermotorsport\/bolid-cms-08\/#primaryimage\",\"url\":\"https:\/\/wm.pb.edu.pl\/cerbermotorsport\/wp-content\/uploads\/sites\/13\/2022\/07\/premiera-CMS-08-dnia-08.07-15.png\",\"contentUrl\":\"https:\/\/wm.pb.edu.pl\/cerbermotorsport\/wp-content\/uploads\/sites\/13\/2022\/07\/premiera-CMS-08-dnia-08.07-15.png\",\"width\":1200,\"height\":800,\"caption\":\"bolid CMS-08 podczas prezentacji\"},{\"@type\":\"BreadcrumbList\",\"@id\":\"https:\/\/wm.pb.edu.pl\/cerbermotorsport\/bolid-cms-08\/#breadcrumb\",\"itemListElement\":[{\"@type\":\"ListItem\",\"position\":1,\"name\":\"Strona g\u0142\u00f3wna\",\"item\":\"https:\/\/wm.pb.edu.pl\/cerbermotorsport\/\"},{\"@type\":\"ListItem\",\"position\":2,\"name\":\"Bolid CMS-08\"}]},{\"@type\":\"WebSite\",\"@id\":\"https:\/\/wm.pb.edu.pl\/cerbermotorsport\/#website\",\"url\":\"https:\/\/wm.pb.edu.pl\/cerbermotorsport\/\",\"name\":\"Cerber Motorsport - Wydzia\u0142 Mechaniczny PB\",\"description\":\"Polski zesp\u00f3\u0142 Formu\u0142y Student z Wydzia\u0142u Mechanicznego Politechniki Bia\u0142ostockiej startuj\u0105cy w mi\u0119dzynarodowych zawodach. Informacje o projektach realizowanych przez Cerber Motorsport.\",\"potentialAction\":[{\"@type\":\"SearchAction\",\"target\":{\"@type\":\"EntryPoint\",\"urlTemplate\":\"https:\/\/wm.pb.edu.pl\/cerbermotorsport\/?s={search_term_string}\"},\"query-input\":{\"@type\":\"PropertyValueSpecification\",\"valueRequired\":true,\"valueName\":\"search_term_string\"}}],\"inLanguage\":\"pl-PL\"}]}<\/script>\n<!-- \/ Yoast SEO plugin. -->","yoast_head_json":{"title":"Bolid CMS-08 - Cerber Motorsport - Wydzia\u0142 Mechaniczny PB","robots":{"index":"index","follow":"follow","max-snippet":"max-snippet:-1","max-image-preview":"max-image-preview:large","max-video-preview":"max-video-preview:-1"},"canonical":"https:\/\/wm.pb.edu.pl\/cerbermotorsport\/bolid-cms-08\/","og_locale":"pl_PL","og_type":"article","og_title":"Bolid CMS-08 - Cerber Motorsport - Wydzia\u0142 Mechaniczny PB","og_description":"Bolid CMS-08 Parametry techniczne bolidu CMS-08: \u2013 masa: 215 kg \u2013 silnik Honda CBR 600wi\u0119cej","og_url":"https:\/\/wm.pb.edu.pl\/cerbermotorsport\/bolid-cms-08\/","og_site_name":"Cerber Motorsport - Wydzia\u0142 Mechaniczny PB","article_modified_time":"2023-08-07T11:39:22+00:00","og_image":[{"url":"https:\/\/wm.pb.edu.pl\/cerbermotorsport\/wp-content\/uploads\/sites\/13\/2022\/07\/premiera-CMS-08-dnia-08.07-15-1024x683.png","type":"","width":"","height":""}],"twitter_card":"summary_large_image","twitter_misc":{"Szacowany czas czytania":"2 minuty"},"schema":{"@context":"https:\/\/schema.org","@graph":[{"@type":"WebPage","@id":"https:\/\/wm.pb.edu.pl\/cerbermotorsport\/bolid-cms-08\/","url":"https:\/\/wm.pb.edu.pl\/cerbermotorsport\/bolid-cms-08\/","name":"Bolid CMS-08 - Cerber Motorsport - Wydzia\u0142 Mechaniczny PB","isPartOf":{"@id":"https:\/\/wm.pb.edu.pl\/cerbermotorsport\/#website"},"primaryImageOfPage":{"@id":"https:\/\/wm.pb.edu.pl\/cerbermotorsport\/bolid-cms-08\/#primaryimage"},"image":{"@id":"https:\/\/wm.pb.edu.pl\/cerbermotorsport\/bolid-cms-08\/#primaryimage"},"thumbnailUrl":"https:\/\/wm.pb.edu.pl\/cerbermotorsport\/wp-content\/uploads\/sites\/13\/2022\/07\/premiera-CMS-08-dnia-08.07-15-1024x683.png","datePublished":"2023-07-24T05:57:36+00:00","dateModified":"2023-08-07T11:39:22+00:00","breadcrumb":{"@id":"https:\/\/wm.pb.edu.pl\/cerbermotorsport\/bolid-cms-08\/#breadcrumb"},"inLanguage":"pl-PL","potentialAction":[{"@type":"ReadAction","target":["https:\/\/wm.pb.edu.pl\/cerbermotorsport\/bolid-cms-08\/"]}]},{"@type":"ImageObject","inLanguage":"pl-PL","@id":"https:\/\/wm.pb.edu.pl\/cerbermotorsport\/bolid-cms-08\/#primaryimage","url":"https:\/\/wm.pb.edu.pl\/cerbermotorsport\/wp-content\/uploads\/sites\/13\/2022\/07\/premiera-CMS-08-dnia-08.07-15.png","contentUrl":"https:\/\/wm.pb.edu.pl\/cerbermotorsport\/wp-content\/uploads\/sites\/13\/2022\/07\/premiera-CMS-08-dnia-08.07-15.png","width":1200,"height":800,"caption":"bolid CMS-08 podczas prezentacji"},{"@type":"BreadcrumbList","@id":"https:\/\/wm.pb.edu.pl\/cerbermotorsport\/bolid-cms-08\/#breadcrumb","itemListElement":[{"@type":"ListItem","position":1,"name":"Strona g\u0142\u00f3wna","item":"https:\/\/wm.pb.edu.pl\/cerbermotorsport\/"},{"@type":"ListItem","position":2,"name":"Bolid CMS-08"}]},{"@type":"WebSite","@id":"https:\/\/wm.pb.edu.pl\/cerbermotorsport\/#website","url":"https:\/\/wm.pb.edu.pl\/cerbermotorsport\/","name":"Cerber Motorsport - Wydzia\u0142 Mechaniczny PB","description":"Polski zesp\u00f3\u0142 Formu\u0142y Student z Wydzia\u0142u Mechanicznego Politechniki Bia\u0142ostockiej startuj\u0105cy w mi\u0119dzynarodowych zawodach. Informacje o projektach realizowanych przez Cerber Motorsport.","potentialAction":[{"@type":"SearchAction","target":{"@type":"EntryPoint","urlTemplate":"https:\/\/wm.pb.edu.pl\/cerbermotorsport\/?s={search_term_string}"},"query-input":{"@type":"PropertyValueSpecification","valueRequired":true,"valueName":"search_term_string"}}],"inLanguage":"pl-PL"}]}},"_links":{"self":[{"href":"https:\/\/wm.pb.edu.pl\/cerbermotorsport\/wp-json\/wp\/v2\/pages\/962","targetHints":{"allow":["GET"]}}],"collection":[{"href":"https:\/\/wm.pb.edu.pl\/cerbermotorsport\/wp-json\/wp\/v2\/pages"}],"about":[{"href":"https:\/\/wm.pb.edu.pl\/cerbermotorsport\/wp-json\/wp\/v2\/types\/page"}],"author":[{"embeddable":true,"href":"https:\/\/wm.pb.edu.pl\/cerbermotorsport\/wp-json\/wp\/v2\/users\/14"}],"replies":[{"embeddable":true,"href":"https:\/\/wm.pb.edu.pl\/cerbermotorsport\/wp-json\/wp\/v2\/comments?post=962"}],"version-history":[{"count":7,"href":"https:\/\/wm.pb.edu.pl\/cerbermotorsport\/wp-json\/wp\/v2\/pages\/962\/revisions"}],"predecessor-version":[{"id":977,"href":"https:\/\/wm.pb.edu.pl\/cerbermotorsport\/wp-json\/wp\/v2\/pages\/962\/revisions\/977"}],"wp:attachment":[{"href":"https:\/\/wm.pb.edu.pl\/cerbermotorsport\/wp-json\/wp\/v2\/media?parent=962"}],"curies":[{"name":"wp","href":"https:\/\/api.w.org\/{rel}","templated":true}]}}