{"id":836,"date":"2025-03-19T22:21:43","date_gmt":"2025-03-19T21:21:43","guid":{"rendered":"https:\/\/wm.pb.edu.pl\/dar\/?page_id=836"},"modified":"2025-08-02T23:57:21","modified_gmt":"2025-08-02T21:57:21","slug":"zakres-i-tematyka","status":"publish","type":"page","link":"https:\/\/wm.pb.edu.pl\/dar\/o-konferencji\/zakres-i-tematyka\/","title":{"rendered":"Zakres i tematyka konferencji"},"content":{"rendered":"<p>Konferencja dydaktyki automatyki i robotyki , organizowana przez Sekcj\u0119 Dydaktyki Komitetu Automatyki i&nbsp;Robotyki PAN, jest wyj\u0105tkowym przedsi\u0119wzi\u0119ciem gromadz\u0105cym najwybitniejszych w tej dziedzinie specjalist\u00f3w z ca\u0142ej Polski. Jednak tym razem celem spotkania nie jest prezentacja najnowszych osi\u0105gni\u0119\u0107 naukowych, a <strong>wymiana do\u015bwiadcze\u0144 i spostrze\u017ce\u0144 dotycz\u0105cych metod nauczania na kierunku automatyka i robotyka oraz na kierunkach pokrewnych w&nbsp;najlepszych polskich uczelniach<\/strong>. <\/p>\n<p>Trzeba bowiem pami\u0119ta\u0107, \u017ce zadaniem kadry akademickiej jest przede wszystkim nauczanie. Kszta\u0142cenie m\u0142odych pokole\u0144 z roku na rok stawia coraz wi\u0119cej wyzwa\u0144. We wsp\u00f3\u0142czesnym \u015bwiecie, przesyconym r\u00f3\u017cnymi informacjami, musimy d\u0105\u017cy\u0107 do tego, aby nasz przekaz by\u0142 nie tylko merytoryczny, ale tak\u017ce sp\u00f3jny i atrakcyjny. Tylko wtedy rozbudzimy ciekawo\u015b\u0107 m\u0142odych umys\u0142\u00f3w i przyci\u0105gniemy uwag\u0119 student\u00f3w.<\/p>\n<p><strong>Tematyka konferencji obejmuje takie zagadnienia jak:<\/strong><\/p>\n<ul>\n<li>nowatorskie koncepcje zaj\u0119\u0107,<\/li>\n<li>metody aktywizacji s\u0142uchaczy,<\/li>\n<li>wykorzystanie element\u00f3w sztucznej inteligencji,<\/li>\n<li>metody nauczania przedmiot\u00f3w podstawowych w kontek\u015bcie przedmiot\u00f3w kierunkowych z&nbsp;automatyki i robotyki,<\/li>\n<li>sprz\u0119t laboratoryjny i hardware najnowszej generacji,<\/li>\n<li>pobudzanie kreatywno\u015bci poprzez projekty interaktywne,<\/li>\n<li>promocja prac badawczych,<\/li>\n<li>przedsi\u0119wzi\u0119cia interdyscyplinarne,<\/li>\n<li>wsp\u00f3\u0142praca mi\u0119dzywydzia\u0142owa i mi\u0119dzyuczelniana, na szczeblu krajowym i mi\u0119dzynarodowym,<\/li>\n<li>interakcje uczelnia-przemys\u0142,<\/li>\n<li>zaanga\u017cowanie student\u00f3w w ko\u0142ach naukowych.<\/li>\n<\/ul>\n<p>Wsp\u00f3lnie stw\u00f3rzmy platform\u0119 do wymiany do\u015bwiadcze\u0144 i wzajemnej inspiracji.<\/p>\n","protected":false},"excerpt":{"rendered":"<p>Konferencja dydaktyki automatyki i robotyki , organizowana przez Sekcj\u0119 Dydaktyki Komitetu Automatyki i&nbsp;Robotyki PAN, jest<a class=\"read-more\" href=\"https:\/\/wm.pb.edu.pl\/dar\/o-konferencji\/zakres-i-tematyka\/\" title=\"Poka\u017c artyku\u0142 Zakres i tematyka konferencji\">wi\u0119cej<\/a><\/p>\n","protected":false},"author":2,"featured_media":0,"parent":827,"menu_order":1,"comment_status":"closed","ping_status":"closed","template":"","meta":{"inline_featured_image":false,"ngg_post_thumbnail":0,"footnotes":""},"class_list":["post-836","page","type-page","status-publish","hentry"],"acf":[],"yoast_head":"<!-- This site is optimized with the Yoast SEO plugin v26.4 - https:\/\/yoast.com\/wordpress\/plugins\/seo\/ -->\n<title>Zakres i tematyka konferencji - Konferencja Dydaktyki Automatyki i Robotyki<\/title>\n<meta name=\"robots\" content=\"index, follow, max-snippet:-1, max-image-preview:large, max-video-preview:-1\" \/>\n<link rel=\"canonical\" href=\"https:\/\/wm.pb.edu.pl\/dar\/o-konferencji\/zakres-i-tematyka\/\" \/>\n<meta property=\"og:locale\" content=\"pl_PL\" \/>\n<meta property=\"og:type\" content=\"article\" \/>\n<meta property=\"og:title\" content=\"Zakres i tematyka konferencji - Konferencja Dydaktyki Automatyki i Robotyki\" \/>\n<meta property=\"og:description\" content=\"Konferencja dydaktyki automatyki i robotyki , organizowana przez Sekcj\u0119 Dydaktyki Komitetu Automatyki i&nbsp;Robotyki PAN, jestwi\u0119cej\" \/>\n<meta property=\"og:url\" content=\"https:\/\/wm.pb.edu.pl\/dar\/o-konferencji\/zakres-i-tematyka\/\" \/>\n<meta property=\"og:site_name\" content=\"Konferencja Dydaktyki Automatyki i Robotyki\" \/>\n<meta property=\"article:modified_time\" content=\"2025-08-02T21:57:21+00:00\" \/>\n<meta name=\"twitter:card\" content=\"summary_large_image\" \/>\n<meta name=\"twitter:label1\" content=\"Szacowany czas czytania\" \/>\n\t<meta name=\"twitter:data1\" content=\"2 minuty\" \/>\n<script type=\"application\/ld+json\" class=\"yoast-schema-graph\">{\"@context\":\"https:\/\/schema.org\",\"@graph\":[{\"@type\":\"WebPage\",\"@id\":\"https:\/\/wm.pb.edu.pl\/dar\/o-konferencji\/zakres-i-tematyka\/\",\"url\":\"https:\/\/wm.pb.edu.pl\/dar\/o-konferencji\/zakres-i-tematyka\/\",\"name\":\"Zakres i tematyka konferencji - Konferencja Dydaktyki Automatyki i Robotyki\",\"isPartOf\":{\"@id\":\"https:\/\/wm.pb.edu.pl\/dar\/#website\"},\"datePublished\":\"2025-03-19T21:21:43+00:00\",\"dateModified\":\"2025-08-02T21:57:21+00:00\",\"breadcrumb\":{\"@id\":\"https:\/\/wm.pb.edu.pl\/dar\/o-konferencji\/zakres-i-tematyka\/#breadcrumb\"},\"inLanguage\":\"pl-PL\",\"potentialAction\":[{\"@type\":\"ReadAction\",\"target\":[\"https:\/\/wm.pb.edu.pl\/dar\/o-konferencji\/zakres-i-tematyka\/\"]}]},{\"@type\":\"BreadcrumbList\",\"@id\":\"https:\/\/wm.pb.edu.pl\/dar\/o-konferencji\/zakres-i-tematyka\/#breadcrumb\",\"itemListElement\":[{\"@type\":\"ListItem\",\"position\":1,\"name\":\"Strona g\u0142\u00f3wna\",\"item\":\"https:\/\/wm.pb.edu.pl\/dar\/\"},{\"@type\":\"ListItem\",\"position\":2,\"name\":\"O konferencji\",\"item\":\"https:\/\/wm.pb.edu.pl\/dar\/o-konferencji\/\"},{\"@type\":\"ListItem\",\"position\":3,\"name\":\"Zakres i tematyka konferencji\"}]},{\"@type\":\"WebSite\",\"@id\":\"https:\/\/wm.pb.edu.pl\/dar\/#website\",\"url\":\"https:\/\/wm.pb.edu.pl\/dar\/\",\"name\":\"Konferencja Dydaktyki Automatyki i Robotyki\",\"description\":\"\",\"potentialAction\":[{\"@type\":\"SearchAction\",\"target\":{\"@type\":\"EntryPoint\",\"urlTemplate\":\"https:\/\/wm.pb.edu.pl\/dar\/?s={search_term_string}\"},\"query-input\":{\"@type\":\"PropertyValueSpecification\",\"valueRequired\":true,\"valueName\":\"search_term_string\"}}],\"inLanguage\":\"pl-PL\"}]}<\/script>\n<!-- \/ Yoast SEO plugin. -->","yoast_head_json":{"title":"Zakres i tematyka konferencji - Konferencja Dydaktyki Automatyki i Robotyki","robots":{"index":"index","follow":"follow","max-snippet":"max-snippet:-1","max-image-preview":"max-image-preview:large","max-video-preview":"max-video-preview:-1"},"canonical":"https:\/\/wm.pb.edu.pl\/dar\/o-konferencji\/zakres-i-tematyka\/","og_locale":"pl_PL","og_type":"article","og_title":"Zakres i tematyka konferencji - Konferencja Dydaktyki Automatyki i Robotyki","og_description":"Konferencja dydaktyki automatyki i robotyki , organizowana przez Sekcj\u0119 Dydaktyki Komitetu Automatyki i&nbsp;Robotyki PAN, jestwi\u0119cej","og_url":"https:\/\/wm.pb.edu.pl\/dar\/o-konferencji\/zakres-i-tematyka\/","og_site_name":"Konferencja Dydaktyki Automatyki i Robotyki","article_modified_time":"2025-08-02T21:57:21+00:00","twitter_card":"summary_large_image","twitter_misc":{"Szacowany czas czytania":"2 minuty"},"schema":{"@context":"https:\/\/schema.org","@graph":[{"@type":"WebPage","@id":"https:\/\/wm.pb.edu.pl\/dar\/o-konferencji\/zakres-i-tematyka\/","url":"https:\/\/wm.pb.edu.pl\/dar\/o-konferencji\/zakres-i-tematyka\/","name":"Zakres i tematyka konferencji - Konferencja Dydaktyki Automatyki i Robotyki","isPartOf":{"@id":"https:\/\/wm.pb.edu.pl\/dar\/#website"},"datePublished":"2025-03-19T21:21:43+00:00","dateModified":"2025-08-02T21:57:21+00:00","breadcrumb":{"@id":"https:\/\/wm.pb.edu.pl\/dar\/o-konferencji\/zakres-i-tematyka\/#breadcrumb"},"inLanguage":"pl-PL","potentialAction":[{"@type":"ReadAction","target":["https:\/\/wm.pb.edu.pl\/dar\/o-konferencji\/zakres-i-tematyka\/"]}]},{"@type":"BreadcrumbList","@id":"https:\/\/wm.pb.edu.pl\/dar\/o-konferencji\/zakres-i-tematyka\/#breadcrumb","itemListElement":[{"@type":"ListItem","position":1,"name":"Strona g\u0142\u00f3wna","item":"https:\/\/wm.pb.edu.pl\/dar\/"},{"@type":"ListItem","position":2,"name":"O konferencji","item":"https:\/\/wm.pb.edu.pl\/dar\/o-konferencji\/"},{"@type":"ListItem","position":3,"name":"Zakres i tematyka konferencji"}]},{"@type":"WebSite","@id":"https:\/\/wm.pb.edu.pl\/dar\/#website","url":"https:\/\/wm.pb.edu.pl\/dar\/","name":"Konferencja Dydaktyki Automatyki i Robotyki","description":"","potentialAction":[{"@type":"SearchAction","target":{"@type":"EntryPoint","urlTemplate":"https:\/\/wm.pb.edu.pl\/dar\/?s={search_term_string}"},"query-input":{"@type":"PropertyValueSpecification","valueRequired":true,"valueName":"search_term_string"}}],"inLanguage":"pl-PL"}]}},"_links":{"self":[{"href":"https:\/\/wm.pb.edu.pl\/dar\/wp-json\/wp\/v2\/pages\/836","targetHints":{"allow":["GET"]}}],"collection":[{"href":"https:\/\/wm.pb.edu.pl\/dar\/wp-json\/wp\/v2\/pages"}],"about":[{"href":"https:\/\/wm.pb.edu.pl\/dar\/wp-json\/wp\/v2\/types\/page"}],"author":[{"embeddable":true,"href":"https:\/\/wm.pb.edu.pl\/dar\/wp-json\/wp\/v2\/users\/2"}],"replies":[{"embeddable":true,"href":"https:\/\/wm.pb.edu.pl\/dar\/wp-json\/wp\/v2\/comments?post=836"}],"version-history":[{"count":8,"href":"https:\/\/wm.pb.edu.pl\/dar\/wp-json\/wp\/v2\/pages\/836\/revisions"}],"predecessor-version":[{"id":984,"href":"https:\/\/wm.pb.edu.pl\/dar\/wp-json\/wp\/v2\/pages\/836\/revisions\/984"}],"up":[{"embeddable":true,"href":"https:\/\/wm.pb.edu.pl\/dar\/wp-json\/wp\/v2\/pages\/827"}],"wp:attachment":[{"href":"https:\/\/wm.pb.edu.pl\/dar\/wp-json\/wp\/v2\/media?parent=836"}],"curies":[{"name":"wp","href":"https:\/\/api.w.org\/{rel}","templated":true}]}}