{"id":843,"date":"2025-03-19T22:22:47","date_gmt":"2025-03-19T21:22:47","guid":{"rendered":"https:\/\/wm.pb.edu.pl\/dar\/?page_id=843"},"modified":"2025-08-31T19:57:05","modified_gmt":"2025-08-31T17:57:05","slug":"materialy-konferencyjne","status":"publish","type":"page","link":"https:\/\/wm.pb.edu.pl\/dar\/o-konferencji\/materialy-konferencyjne\/","title":{"rendered":"Materia\u0142y konferencyjne"},"content":{"rendered":"<p>Wybrane artyku\u0142y z Konferencji DAR, kt\u00f3re uzyskaj\u0105 pozytywne opinie recenzent\u00f3w, zostan\u0105 opublikowane w monografii Wydawnictwa AGH. <\/p>\n<p>Pe\u0142ne teksty artyku\u0142\u00f3w prosz\u0119 wysy\u0142a\u0107 na adres: <i class=\"fal fa-envelope\"><\/i> <a href=\"#\" rel=\"nofollow\"  onclick=\"this.href='mailto:' + 'dar-kair' + '@' + 'agh.edu.pl'\">dar-kair [at] agh.edu.pl<\/a>. <\/p>\n<p>Koszt publikacji artyku\u0142u wynosi 550 z\u0142.<\/p>\n","protected":false},"excerpt":{"rendered":"<p>Wybrane artyku\u0142y z Konferencji DAR, kt\u00f3re uzyskaj\u0105 pozytywne opinie recenzent\u00f3w, zostan\u0105 opublikowane w monografii Wydawnictwa<a class=\"read-more\" href=\"https:\/\/wm.pb.edu.pl\/dar\/o-konferencji\/materialy-konferencyjne\/\" title=\"Poka\u017c artyku\u0142 Materia\u0142y konferencyjne\">wi\u0119cej<\/a><\/p>\n","protected":false},"author":2,"featured_media":0,"parent":827,"menu_order":4,"comment_status":"closed","ping_status":"closed","template":"","meta":{"inline_featured_image":false,"ngg_post_thumbnail":0,"footnotes":""},"class_list":["post-843","page","type-page","status-publish","hentry"],"acf":[],"yoast_head":"<!-- This site is optimized with the Yoast SEO plugin v26.4 - https:\/\/yoast.com\/wordpress\/plugins\/seo\/ -->\n<title>Materia\u0142y konferencyjne - Konferencja Dydaktyki Automatyki i Robotyki<\/title>\n<meta name=\"robots\" content=\"index, follow, max-snippet:-1, max-image-preview:large, max-video-preview:-1\" \/>\n<link rel=\"canonical\" href=\"https:\/\/wm.pb.edu.pl\/dar\/o-konferencji\/materialy-konferencyjne\/\" \/>\n<meta property=\"og:locale\" content=\"pl_PL\" \/>\n<meta property=\"og:type\" content=\"article\" \/>\n<meta property=\"og:title\" content=\"Materia\u0142y konferencyjne - Konferencja Dydaktyki Automatyki i Robotyki\" \/>\n<meta property=\"og:description\" content=\"Wybrane artyku\u0142y z Konferencji DAR, kt\u00f3re uzyskaj\u0105 pozytywne opinie recenzent\u00f3w, zostan\u0105 opublikowane w monografii Wydawnictwawi\u0119cej\" \/>\n<meta property=\"og:url\" content=\"https:\/\/wm.pb.edu.pl\/dar\/o-konferencji\/materialy-konferencyjne\/\" \/>\n<meta property=\"og:site_name\" content=\"Konferencja Dydaktyki Automatyki i Robotyki\" \/>\n<meta property=\"article:modified_time\" content=\"2025-08-31T17:57:05+00:00\" \/>\n<meta name=\"twitter:card\" content=\"summary_large_image\" \/>\n<meta name=\"twitter:label1\" content=\"Szacowany czas czytania\" \/>\n\t<meta name=\"twitter:data1\" content=\"1 minuta\" \/>\n<script type=\"application\/ld+json\" class=\"yoast-schema-graph\">{\"@context\":\"https:\/\/schema.org\",\"@graph\":[{\"@type\":\"WebPage\",\"@id\":\"https:\/\/wm.pb.edu.pl\/dar\/o-konferencji\/materialy-konferencyjne\/\",\"url\":\"https:\/\/wm.pb.edu.pl\/dar\/o-konferencji\/materialy-konferencyjne\/\",\"name\":\"Materia\u0142y konferencyjne - Konferencja Dydaktyki Automatyki i Robotyki\",\"isPartOf\":{\"@id\":\"https:\/\/wm.pb.edu.pl\/dar\/#website\"},\"datePublished\":\"2025-03-19T21:22:47+00:00\",\"dateModified\":\"2025-08-31T17:57:05+00:00\",\"breadcrumb\":{\"@id\":\"https:\/\/wm.pb.edu.pl\/dar\/o-konferencji\/materialy-konferencyjne\/#breadcrumb\"},\"inLanguage\":\"pl-PL\",\"potentialAction\":[{\"@type\":\"ReadAction\",\"target\":[\"https:\/\/wm.pb.edu.pl\/dar\/o-konferencji\/materialy-konferencyjne\/\"]}]},{\"@type\":\"BreadcrumbList\",\"@id\":\"https:\/\/wm.pb.edu.pl\/dar\/o-konferencji\/materialy-konferencyjne\/#breadcrumb\",\"itemListElement\":[{\"@type\":\"ListItem\",\"position\":1,\"name\":\"Strona g\u0142\u00f3wna\",\"item\":\"https:\/\/wm.pb.edu.pl\/dar\/\"},{\"@type\":\"ListItem\",\"position\":2,\"name\":\"O konferencji\",\"item\":\"https:\/\/wm.pb.edu.pl\/dar\/o-konferencji\/\"},{\"@type\":\"ListItem\",\"position\":3,\"name\":\"Materia\u0142y konferencyjne\"}]},{\"@type\":\"WebSite\",\"@id\":\"https:\/\/wm.pb.edu.pl\/dar\/#website\",\"url\":\"https:\/\/wm.pb.edu.pl\/dar\/\",\"name\":\"Konferencja Dydaktyki Automatyki i Robotyki\",\"description\":\"\",\"potentialAction\":[{\"@type\":\"SearchAction\",\"target\":{\"@type\":\"EntryPoint\",\"urlTemplate\":\"https:\/\/wm.pb.edu.pl\/dar\/?s={search_term_string}\"},\"query-input\":{\"@type\":\"PropertyValueSpecification\",\"valueRequired\":true,\"valueName\":\"search_term_string\"}}],\"inLanguage\":\"pl-PL\"}]}<\/script>\n<!-- \/ Yoast SEO plugin. -->","yoast_head_json":{"title":"Materia\u0142y konferencyjne - Konferencja Dydaktyki Automatyki i Robotyki","robots":{"index":"index","follow":"follow","max-snippet":"max-snippet:-1","max-image-preview":"max-image-preview:large","max-video-preview":"max-video-preview:-1"},"canonical":"https:\/\/wm.pb.edu.pl\/dar\/o-konferencji\/materialy-konferencyjne\/","og_locale":"pl_PL","og_type":"article","og_title":"Materia\u0142y konferencyjne - Konferencja Dydaktyki Automatyki i Robotyki","og_description":"Wybrane artyku\u0142y z Konferencji DAR, kt\u00f3re uzyskaj\u0105 pozytywne opinie recenzent\u00f3w, zostan\u0105 opublikowane w monografii Wydawnictwawi\u0119cej","og_url":"https:\/\/wm.pb.edu.pl\/dar\/o-konferencji\/materialy-konferencyjne\/","og_site_name":"Konferencja Dydaktyki Automatyki i Robotyki","article_modified_time":"2025-08-31T17:57:05+00:00","twitter_card":"summary_large_image","twitter_misc":{"Szacowany czas czytania":"1 minuta"},"schema":{"@context":"https:\/\/schema.org","@graph":[{"@type":"WebPage","@id":"https:\/\/wm.pb.edu.pl\/dar\/o-konferencji\/materialy-konferencyjne\/","url":"https:\/\/wm.pb.edu.pl\/dar\/o-konferencji\/materialy-konferencyjne\/","name":"Materia\u0142y konferencyjne - Konferencja Dydaktyki Automatyki i Robotyki","isPartOf":{"@id":"https:\/\/wm.pb.edu.pl\/dar\/#website"},"datePublished":"2025-03-19T21:22:47+00:00","dateModified":"2025-08-31T17:57:05+00:00","breadcrumb":{"@id":"https:\/\/wm.pb.edu.pl\/dar\/o-konferencji\/materialy-konferencyjne\/#breadcrumb"},"inLanguage":"pl-PL","potentialAction":[{"@type":"ReadAction","target":["https:\/\/wm.pb.edu.pl\/dar\/o-konferencji\/materialy-konferencyjne\/"]}]},{"@type":"BreadcrumbList","@id":"https:\/\/wm.pb.edu.pl\/dar\/o-konferencji\/materialy-konferencyjne\/#breadcrumb","itemListElement":[{"@type":"ListItem","position":1,"name":"Strona g\u0142\u00f3wna","item":"https:\/\/wm.pb.edu.pl\/dar\/"},{"@type":"ListItem","position":2,"name":"O konferencji","item":"https:\/\/wm.pb.edu.pl\/dar\/o-konferencji\/"},{"@type":"ListItem","position":3,"name":"Materia\u0142y konferencyjne"}]},{"@type":"WebSite","@id":"https:\/\/wm.pb.edu.pl\/dar\/#website","url":"https:\/\/wm.pb.edu.pl\/dar\/","name":"Konferencja Dydaktyki Automatyki i Robotyki","description":"","potentialAction":[{"@type":"SearchAction","target":{"@type":"EntryPoint","urlTemplate":"https:\/\/wm.pb.edu.pl\/dar\/?s={search_term_string}"},"query-input":{"@type":"PropertyValueSpecification","valueRequired":true,"valueName":"search_term_string"}}],"inLanguage":"pl-PL"}]}},"_links":{"self":[{"href":"https:\/\/wm.pb.edu.pl\/dar\/wp-json\/wp\/v2\/pages\/843","targetHints":{"allow":["GET"]}}],"collection":[{"href":"https:\/\/wm.pb.edu.pl\/dar\/wp-json\/wp\/v2\/pages"}],"about":[{"href":"https:\/\/wm.pb.edu.pl\/dar\/wp-json\/wp\/v2\/types\/page"}],"author":[{"embeddable":true,"href":"https:\/\/wm.pb.edu.pl\/dar\/wp-json\/wp\/v2\/users\/2"}],"replies":[{"embeddable":true,"href":"https:\/\/wm.pb.edu.pl\/dar\/wp-json\/wp\/v2\/comments?post=843"}],"version-history":[{"count":4,"href":"https:\/\/wm.pb.edu.pl\/dar\/wp-json\/wp\/v2\/pages\/843\/revisions"}],"predecessor-version":[{"id":1006,"href":"https:\/\/wm.pb.edu.pl\/dar\/wp-json\/wp\/v2\/pages\/843\/revisions\/1006"}],"up":[{"embeddable":true,"href":"https:\/\/wm.pb.edu.pl\/dar\/wp-json\/wp\/v2\/pages\/827"}],"wp:attachment":[{"href":"https:\/\/wm.pb.edu.pl\/dar\/wp-json\/wp\/v2\/media?parent=843"}],"curies":[{"name":"wp","href":"https:\/\/api.w.org\/{rel}","templated":true}]}}