{"id":855,"date":"2025-03-19T22:27:13","date_gmt":"2025-03-19T21:27:13","guid":{"rendered":"https:\/\/wm.pb.edu.pl\/dar\/?page_id=855"},"modified":"2025-08-31T20:01:08","modified_gmt":"2025-08-31T18:01:08","slug":"dla-autorow","status":"publish","type":"page","link":"https:\/\/wm.pb.edu.pl\/dar\/dla-uczestnikow\/dla-autorow\/","title":{"rendered":"Dla autor\u00f3w"},"content":{"rendered":"<div class=\"h3\">Metadane<\/div>\n<ul>\n<li>imi\u0119 i nazwisko autora + ORCID,<\/li>\n<li>tytu\u0142 publikacji,<\/li>\n<li>afiliacja (pod nazwiskiem autora) w wymaganej formie:<br \/>\nAGH Akademia G\u00f3rniczo-Hutnicza, Wydzia\u0142\u2026., Krak\u00f3w (teksty w j. polskim)<br \/>\nAGH University of Science and Technology, Faculty\u2026, Krakow (teksty w j. angielskim),<\/li>\n<li>streszczenie w j\u0119zyku polskim i s\u0142owa kluczowe,<\/li>\n<li>tytu\u0142, abstract i keywords w j\u0119zyku angielskim.<\/li>\n<\/ul>\n<p>Standardowa d\u0142ugo\u015b\u0107 streszczenia\/abstractu \u2013 nie wi\u0119cej ni\u017c oko\u0142o 0,5 znormalizowanej strony komputeropisu.<br \/>\n&nbsp;<\/p>\n<div class=\"h3\">Jednolity w ca\u0142ej publikacji styl przypis\u00f3w bibliograficznych<\/div>\n<p>Styl harwardzki Autor Rok.<\/p>\n<p>Przyk\u0142adowy zapis przypis\u00f3w bibliograficznych:<\/p>\n<ul>\n<li>jeden autor: (Nowak 2019, Kowalski 2020)<\/li>\n<li>dw\u00f3ch autor\u00f3w: (Nowak i Kowalski 2019, Kowalski i Nowak 2020)<\/li>\n<li>wi\u0119cej ni\u017c dw\u00f3ch autor\u00f3w: (Nowak et al. 2019)<\/li>\n<\/ul>\n<p>Prace autora wydane w tym samym roku odr\u00f3\u017cnia si\u0119 ma\u0142ymi literami po roku wydania,<br \/>\nnp. (Nowak 2019a, 2019b).<br \/>\n&nbsp;<\/p>\n<div class=\"h3\">Jednolity styl bibliografii za\u0142\u0105cznikowej<\/div>\n<p>Prosimy o rzetelne przygotowanie bibliografii i korzystanie przy tym ze sprawdzonych \u017ar\u00f3de\u0142. W bibliografii za\u0142\u0105cznikowej powinny by\u0107 uj\u0119te wszystkie \u017ar\u00f3d\u0142a cytowane w pracy i odwrotnie: wszystkie pozycje z bibliografii nale\u017cy zacytowa\u0107 w tek\u015bcie.<br \/>\n&nbsp;<\/p>\n<div class=\"h3\">Bibliografia do przypis\u00f3w w stylu harwardzkim<\/div>\n<p>(Autor Rok) \u2013 \u017ar\u00f3d\u0142a nale\u017cy szeregowa\u0107 alfabetycznie, a informacja o roku wydania powinna si\u0119 pojawi\u0107 po nazwisku autora:<\/p>\n<ul>\n<li>ksi\u0105\u017cka: Autor A., Rok wydania, <em>Tytu\u0142 ksi\u0105\u017cki<\/em>, Wydawnictwo, Miejsce wydania.<\/li>\n<li>artyku\u0142 w czasopi\u015bmie: Autor A., Rok wydania, <em>Tytu\u0142 artyku\u0142u<\/em>, Pe\u0142na Nazwa Czasopisma,<br \/>\ntom, nr (vol., no. \u2013 zgodnie z orygina\u0142em), s. XX\u2013YY.<\/li>\n<li>ksi\u0105\u017cka pod redakcj\u0105: Redaktor R. (red.), Rok wydania, <em>Tytu\u0142 ksi\u0105\u017cki<\/em>, Wydawnictwo, Miejsce wydania.<\/li>\n<li>rozdzia\u0142 w ksi\u0105\u017cce pod redakcj\u0105: Autor A., Rok wydania, <em>Tytu\u0142 rozdzia\u0142u<\/em>, [w:] R. Redaktor (red.), <em>Tytu\u0142 ksi\u0105\u017cki<\/em>, Wydawnictwo, Miejsce wydania, s. XX\u2013YY.<\/li>\n<li>\u017ar\u00f3d\u0142o internetowe: Autor A. (lub nazwa Portalu), <em>Tytu\u0142 \u017ar\u00f3d\u0142a internetowego<\/em>, pe\u0142ny adres strony internetowej [data dost\u0119pu].<\/li>\n<\/ul>\n<p>\u0179r\u00f3d\u0142a zapisane innym alfabetem ni\u017c \u0142aci\u0144ski (np. cyrylic\u0105) nale\u017cy poda\u0107 zgodnie z orygina\u0142em. Redakcja dokona transliteracji opisu \u017ar\u00f3d\u0142a na alfabet \u0142aci\u0144ski.<br \/>\n&nbsp;<\/p>\n<div class=\"h3\">Przygotowanie komputeropisu<\/div>\n<p>Czcionka 10 pkt, interlinia 1,15 p., nag\u0142\u00f3wki numerowane do stopnia trzeciego, tzn. 1; 1.1; 1.1.1. Nag\u0142\u00f3wki nienumerowane \u2013 12 pkt bold.<\/p>\n<p>Wielko\u015b\u0107 <strong>rysunk\u00f3w<\/strong> w egzemplarzu autorskim powinna odpowiada\u0107 wielko\u015bci, w jakiej maj\u0105 by\u0107 wydrukowane w ksi\u0105\u017cce (standardowy format ksi\u0105\u017cek w Wydawnictwach AGH to 16,5 x 24 cm z polem zadruku 13 \u00d7 19 cm). Prosimy o zadbanie, by opisy na wykresach i schematach by\u0142y w\u0142a\u015bciwej wielko\u015bci zapewniaj\u0105cej czytelno\u015b\u0107. W miar\u0119 mo\u017cliwo\u015bci prosimy zachowa\u0107 jednakowy styl czcionki (kr\u00f3j i wielko\u015b\u0107) opis\u00f3w na rysunkach, np. Arial 10 pkt. Prosimy o rysunki o odpowiedniej do druku jako\u015bci.<\/p>\n<p><strong>Tabele<\/strong> musz\u0105 mie\u0107 posta\u0107 edytowaln\u0105 (nie obrazki).<\/p>\n<p><strong>R\u00f3wnania i wzory<\/strong> nale\u017cy przygotowa\u0107 w edytorze r\u00f3wna\u0144 matematycznych programu MS Word (r\u00f3wnie\u017c musz\u0105 mie\u0107 posta\u0107 edytowaln\u0105). Wzory nale\u017cy umieszcza\u0107 w oddzielnej linii i wyjustowa\u0107. Kolejne wzory powinny by\u0107 numerowane, numery nale\u017cy umie\u015bci\u0107 przy prawym marginesie w nawiasie okr\u0105g\u0142ym. Po ka\u017cdym r\u00f3wnaniu nale\u017cy wyja\u015bni\u0107 zastosowan\u0105 w nim symbolik\u0119.<\/p>\n<p>Wszystkie <strong>rysunki i tabele powinny mie\u0107 w tek\u015bcie powo\u0142anie<\/strong>: (rys. 1) (tab. 1) lub opisowo, np.: \u2026przedstawiono na rysunku 1\/\u2026zestawiono w tabeli 1.<\/p>\n<p>Spos\u00f3b oznaczania <strong>list wyliczeniowych<\/strong> w tek\u015bcie:<\/p>\n<ul>\n<li>powinien by\u0107 ujednolicony,<\/li>\n<li>na przyk\u0142ad kropki,<\/li>\n<li>zgodnie z niniejszym wzorem.<\/li>\n<\/ul>\n<p>&nbsp;<\/p>\n<div class=\"h3\">Prawa autorskie<\/div>\n<p>Umieszczone w publikacji fragmenty tekst\u00f3w, ilustracje i tabele pochodz\u0105ce z innych dzie\u0142 s\u0105 jako cudza tw\u00f3rczo\u015b\u0107 chronione prawem autorskim. Wymagane jest wyra\u017ane wskazanie \u017ar\u00f3d\u0142a nie tylko w wykazie literatury, lecz tak\u017ce w podpisie pod rysunkiem, fotografi\u0105 czy tabel\u0105. Je\u015bli dane wykorzystanie nie spe\u0142nia kryteri\u00f3w dozwolonego u\u017cytku, a w szczeg\u00f3lno\u015bci <a href=\"http:\/\/www.prawoautorskie.pl\/art-29-prawo-cytatu\">prawa cytatu<\/a>, konieczne jest r\u00f3wnie\u017c posiadanie zezwolenia w\u0142a\u015bciciela praw autorskich przedrukowywanego fragmentu na jego wykorzystanie. Te wymogi dotycz\u0105 zar\u00f3wno zaczerpni\u0119\u0107 z dzie\u0142 polskich, jak i zagranicznych. Uzyskanie zezwolenia nale\u017cy do obowi\u0105zk\u00f3w Autora. Brak takiej zgody oraz niepodanie \u017ar\u00f3d\u0142a jest naruszeniem praw autorskich i poci\u0105ga za sob\u0105 wszelkie skutki prawne.<br \/>\n&nbsp;<\/p>\n<p>Artyku\u0142y do publikacji prosz\u0119 przesy\u0142a\u0107 na adres <i class=\"fal fa-envelope\"><\/i> <a href=\"#\" rel=\"nofollow\"  onclick=\"this.href='mailto:' + 'dar-kair' + '@' + 'agh.edu.pl'\">dar-kair [at] agh.edu.pl<\/a>.<\/p>\n","protected":false},"excerpt":{"rendered":"<p>Metadane imi\u0119 i nazwisko autora + ORCID, tytu\u0142 publikacji, afiliacja (pod nazwiskiem autora) w wymaganej<a class=\"read-more\" href=\"https:\/\/wm.pb.edu.pl\/dar\/dla-uczestnikow\/dla-autorow\/\" title=\"Poka\u017c artyku\u0142 Dla autor\u00f3w\">wi\u0119cej<\/a><\/p>\n","protected":false},"author":2,"featured_media":0,"parent":829,"menu_order":5,"comment_status":"closed","ping_status":"closed","template":"","meta":{"inline_featured_image":false,"ngg_post_thumbnail":0,"footnotes":""},"class_list":["post-855","page","type-page","status-publish","hentry"],"acf":[],"yoast_head":"<!-- This site is optimized with the Yoast SEO plugin v26.4 - https:\/\/yoast.com\/wordpress\/plugins\/seo\/ -->\n<title>Dla autor\u00f3w - Konferencja Dydaktyki Automatyki i Robotyki<\/title>\n<meta name=\"robots\" content=\"index, follow, max-snippet:-1, max-image-preview:large, max-video-preview:-1\" \/>\n<link rel=\"canonical\" href=\"https:\/\/wm.pb.edu.pl\/dar\/dla-uczestnikow\/dla-autorow\/\" \/>\n<meta property=\"og:locale\" content=\"pl_PL\" \/>\n<meta property=\"og:type\" content=\"article\" \/>\n<meta property=\"og:title\" content=\"Dla autor\u00f3w - Konferencja Dydaktyki Automatyki i Robotyki\" \/>\n<meta property=\"og:description\" content=\"Metadane imi\u0119 i nazwisko autora + ORCID, tytu\u0142 publikacji, afiliacja (pod nazwiskiem autora) w wymaganejwi\u0119cej\" \/>\n<meta property=\"og:url\" content=\"https:\/\/wm.pb.edu.pl\/dar\/dla-uczestnikow\/dla-autorow\/\" \/>\n<meta property=\"og:site_name\" content=\"Konferencja Dydaktyki Automatyki i Robotyki\" \/>\n<meta property=\"article:modified_time\" content=\"2025-08-31T18:01:08+00:00\" \/>\n<meta name=\"twitter:card\" content=\"summary_large_image\" \/>\n<meta name=\"twitter:label1\" content=\"Szacowany czas czytania\" \/>\n\t<meta name=\"twitter:data1\" content=\"4 minuty\" \/>\n<script type=\"application\/ld+json\" class=\"yoast-schema-graph\">{\"@context\":\"https:\/\/schema.org\",\"@graph\":[{\"@type\":\"WebPage\",\"@id\":\"https:\/\/wm.pb.edu.pl\/dar\/dla-uczestnikow\/dla-autorow\/\",\"url\":\"https:\/\/wm.pb.edu.pl\/dar\/dla-uczestnikow\/dla-autorow\/\",\"name\":\"Dla autor\u00f3w - Konferencja Dydaktyki Automatyki i Robotyki\",\"isPartOf\":{\"@id\":\"https:\/\/wm.pb.edu.pl\/dar\/#website\"},\"datePublished\":\"2025-03-19T21:27:13+00:00\",\"dateModified\":\"2025-08-31T18:01:08+00:00\",\"breadcrumb\":{\"@id\":\"https:\/\/wm.pb.edu.pl\/dar\/dla-uczestnikow\/dla-autorow\/#breadcrumb\"},\"inLanguage\":\"pl-PL\",\"potentialAction\":[{\"@type\":\"ReadAction\",\"target\":[\"https:\/\/wm.pb.edu.pl\/dar\/dla-uczestnikow\/dla-autorow\/\"]}]},{\"@type\":\"BreadcrumbList\",\"@id\":\"https:\/\/wm.pb.edu.pl\/dar\/dla-uczestnikow\/dla-autorow\/#breadcrumb\",\"itemListElement\":[{\"@type\":\"ListItem\",\"position\":1,\"name\":\"Strona g\u0142\u00f3wna\",\"item\":\"https:\/\/wm.pb.edu.pl\/dar\/\"},{\"@type\":\"ListItem\",\"position\":2,\"name\":\"Dla uczestnik\u00f3w\",\"item\":\"https:\/\/wm.pb.edu.pl\/dar\/dla-uczestnikow\/\"},{\"@type\":\"ListItem\",\"position\":3,\"name\":\"Dla autor\u00f3w\"}]},{\"@type\":\"WebSite\",\"@id\":\"https:\/\/wm.pb.edu.pl\/dar\/#website\",\"url\":\"https:\/\/wm.pb.edu.pl\/dar\/\",\"name\":\"Konferencja Dydaktyki Automatyki i Robotyki\",\"description\":\"\",\"potentialAction\":[{\"@type\":\"SearchAction\",\"target\":{\"@type\":\"EntryPoint\",\"urlTemplate\":\"https:\/\/wm.pb.edu.pl\/dar\/?s={search_term_string}\"},\"query-input\":{\"@type\":\"PropertyValueSpecification\",\"valueRequired\":true,\"valueName\":\"search_term_string\"}}],\"inLanguage\":\"pl-PL\"}]}<\/script>\n<!-- \/ Yoast SEO plugin. -->","yoast_head_json":{"title":"Dla autor\u00f3w - Konferencja Dydaktyki Automatyki i Robotyki","robots":{"index":"index","follow":"follow","max-snippet":"max-snippet:-1","max-image-preview":"max-image-preview:large","max-video-preview":"max-video-preview:-1"},"canonical":"https:\/\/wm.pb.edu.pl\/dar\/dla-uczestnikow\/dla-autorow\/","og_locale":"pl_PL","og_type":"article","og_title":"Dla autor\u00f3w - Konferencja Dydaktyki Automatyki i Robotyki","og_description":"Metadane imi\u0119 i nazwisko autora + ORCID, tytu\u0142 publikacji, afiliacja (pod nazwiskiem autora) w wymaganejwi\u0119cej","og_url":"https:\/\/wm.pb.edu.pl\/dar\/dla-uczestnikow\/dla-autorow\/","og_site_name":"Konferencja Dydaktyki Automatyki i Robotyki","article_modified_time":"2025-08-31T18:01:08+00:00","twitter_card":"summary_large_image","twitter_misc":{"Szacowany czas czytania":"4 minuty"},"schema":{"@context":"https:\/\/schema.org","@graph":[{"@type":"WebPage","@id":"https:\/\/wm.pb.edu.pl\/dar\/dla-uczestnikow\/dla-autorow\/","url":"https:\/\/wm.pb.edu.pl\/dar\/dla-uczestnikow\/dla-autorow\/","name":"Dla autor\u00f3w - Konferencja Dydaktyki Automatyki i Robotyki","isPartOf":{"@id":"https:\/\/wm.pb.edu.pl\/dar\/#website"},"datePublished":"2025-03-19T21:27:13+00:00","dateModified":"2025-08-31T18:01:08+00:00","breadcrumb":{"@id":"https:\/\/wm.pb.edu.pl\/dar\/dla-uczestnikow\/dla-autorow\/#breadcrumb"},"inLanguage":"pl-PL","potentialAction":[{"@type":"ReadAction","target":["https:\/\/wm.pb.edu.pl\/dar\/dla-uczestnikow\/dla-autorow\/"]}]},{"@type":"BreadcrumbList","@id":"https:\/\/wm.pb.edu.pl\/dar\/dla-uczestnikow\/dla-autorow\/#breadcrumb","itemListElement":[{"@type":"ListItem","position":1,"name":"Strona g\u0142\u00f3wna","item":"https:\/\/wm.pb.edu.pl\/dar\/"},{"@type":"ListItem","position":2,"name":"Dla uczestnik\u00f3w","item":"https:\/\/wm.pb.edu.pl\/dar\/dla-uczestnikow\/"},{"@type":"ListItem","position":3,"name":"Dla autor\u00f3w"}]},{"@type":"WebSite","@id":"https:\/\/wm.pb.edu.pl\/dar\/#website","url":"https:\/\/wm.pb.edu.pl\/dar\/","name":"Konferencja Dydaktyki Automatyki i Robotyki","description":"","potentialAction":[{"@type":"SearchAction","target":{"@type":"EntryPoint","urlTemplate":"https:\/\/wm.pb.edu.pl\/dar\/?s={search_term_string}"},"query-input":{"@type":"PropertyValueSpecification","valueRequired":true,"valueName":"search_term_string"}}],"inLanguage":"pl-PL"}]}},"_links":{"self":[{"href":"https:\/\/wm.pb.edu.pl\/dar\/wp-json\/wp\/v2\/pages\/855","targetHints":{"allow":["GET"]}}],"collection":[{"href":"https:\/\/wm.pb.edu.pl\/dar\/wp-json\/wp\/v2\/pages"}],"about":[{"href":"https:\/\/wm.pb.edu.pl\/dar\/wp-json\/wp\/v2\/types\/page"}],"author":[{"embeddable":true,"href":"https:\/\/wm.pb.edu.pl\/dar\/wp-json\/wp\/v2\/users\/2"}],"replies":[{"embeddable":true,"href":"https:\/\/wm.pb.edu.pl\/dar\/wp-json\/wp\/v2\/comments?post=855"}],"version-history":[{"count":6,"href":"https:\/\/wm.pb.edu.pl\/dar\/wp-json\/wp\/v2\/pages\/855\/revisions"}],"predecessor-version":[{"id":1008,"href":"https:\/\/wm.pb.edu.pl\/dar\/wp-json\/wp\/v2\/pages\/855\/revisions\/1008"}],"up":[{"embeddable":true,"href":"https:\/\/wm.pb.edu.pl\/dar\/wp-json\/wp\/v2\/pages\/829"}],"wp:attachment":[{"href":"https:\/\/wm.pb.edu.pl\/dar\/wp-json\/wp\/v2\/media?parent=855"}],"curies":[{"name":"wp","href":"https:\/\/api.w.org\/{rel}","templated":true}]}}