{"id":374,"date":"2022-01-17T13:07:55","date_gmt":"2022-01-17T12:07:55","guid":{"rendered":"https:\/\/wm.pb.edu.pl\/iib\/?page_id=374"},"modified":"2025-05-13T14:46:46","modified_gmt":"2025-05-13T12:46:46","slug":"zaklad-biomechatroniki","status":"publish","type":"page","link":"https:\/\/wm.pb.edu.pl\/iib\/zaklad-biomechatroniki\/","title":{"rendered":"Zak\u0142ad Biomechatroniki"},"content":{"rendered":"<div class=\"row\">\n<div class=\"col-sm-12\">\n<p><img loading=\"lazy\" decoding=\"async\" class=\"size-medium wp-image-495 aligncenter\" src=\"https:\/\/wm.pb.edu.pl\/iib\/wp-content\/uploads\/sites\/7\/2024\/07\/SZKOLA_DOKTORSKA_GABRIELA_KOSCIUK_PB_16.06.2021-142.jpg\" alt=\"dr hab. in\u017c. Piotr Mrozek, prof. PB\" width=\"300\" height=\"200\"><\/p>\n<p style=\"text-align: center\"><strong>Kierownik Zak\u0142adu<br \/>\n<\/strong>dr hab. in\u017c. Piotr Mrozek, prof. PB<\/p>\n<p style=\"text-align: center\"><strong><a title=\"Otworzy si\u0119 w nowej karcie\" href=\"https:\/\/bazawiedzy.pb.edu.pl\/info\/author\/BUT8ad6620ba5074660954b7513ec9a1159\/Piotr%2BMrozek?r=affiliation&amp;lang=pl&amp;cid=186517\" target=\"_blank\" rel=\"noopener noreferrer\">Baza wiedzy PB<\/a><\/strong><\/p>\n<p style=\"text-align: center\"><i class=\"fa fa-envelope-o\"><\/i> p.mrozek[at]pb.edu.pl<\/p>\n<p style=\"text-align: center\">571-443-082, pok\u00f3j WM-309 <span style=\"font-size: 1.5rem\">&nbsp;<\/span><\/p>\n<\/div>\n<\/div>\n<div class=\"row\" style=\"text-align: center\">\n<div class=\"col-sm-4\">\n<p>&nbsp;<\/p>\n<\/div>\n<div class=\"col-sm-4\">\n<p><img loading=\"lazy\" decoding=\"async\" class=\"size-medium wp-image-339 alignnone\" src=\"https:\/\/wm.pb.edu.pl\/iib\/wp-content\/uploads\/sites\/7\/2021\/11\/jolanta_pauk-300x200.jpg\" alt=\"prof. dr hab. in\u017c. Jolanta Pauk\" width=\"300\" height=\"200\" srcset=\"https:\/\/wm.pb.edu.pl\/iib\/wp-content\/uploads\/sites\/7\/2021\/11\/jolanta_pauk-300x200.jpg 300w, https:\/\/wm.pb.edu.pl\/iib\/wp-content\/uploads\/sites\/7\/2021\/11\/jolanta_pauk-1024x683.jpg 1024w, https:\/\/wm.pb.edu.pl\/iib\/wp-content\/uploads\/sites\/7\/2021\/11\/jolanta_pauk-768x512.jpg 768w, https:\/\/wm.pb.edu.pl\/iib\/wp-content\/uploads\/sites\/7\/2021\/11\/jolanta_pauk-1536x1024.jpg 1536w, https:\/\/wm.pb.edu.pl\/iib\/wp-content\/uploads\/sites\/7\/2021\/11\/jolanta_pauk-2048x1365.jpg 2048w, https:\/\/wm.pb.edu.pl\/iib\/wp-content\/uploads\/sites\/7\/2021\/11\/jolanta_pauk-480x320.jpg 480w\" sizes=\"auto, (max-width: 300px) 100vw, 300px\" \/><\/p>\n<p>prof. dr hab. in\u017c. Jolanta Pauk<br \/>\n<strong><a title=\"Otworzy si\u0119 w nowej karcie\" href=\"https:\/\/bazawiedzy.pb.edu.pl\/info\/author\/BUT68fca573eb104c0b9719035e6eebd0e1\/Jolanta%2BPauk?r=affiliation&amp;lang=pl&amp;cid=186543\" target=\"_blank\" rel=\"noopener noreferrer\">Baza wiedzy PB<\/a><\/strong><\/p>\n<p><i class=\"fa fa-envelope-o\"><\/i>&nbsp;j.pauk[at]pb.edu.pl<\/p>\n<p>571-443-062, pok\u00f3j WM-321<\/p>\n<\/div>\n<div class=\"col-sm-4\">\n<p><img loading=\"lazy\" decoding=\"async\" class=\"alignnone size-medium wp-image-491\" src=\"https:\/\/wm.pb.edu.pl\/iib\/wp-content\/uploads\/sites\/7\/2022\/02\/piotr-borkowski-300x200.jpg\" alt=\"dr in\u017c. Piotr Borkowski\" width=\"300\" height=\"200\" srcset=\"https:\/\/wm.pb.edu.pl\/iib\/wp-content\/uploads\/sites\/7\/2022\/02\/piotr-borkowski-300x200.jpg 300w, https:\/\/wm.pb.edu.pl\/iib\/wp-content\/uploads\/sites\/7\/2022\/02\/piotr-borkowski-1024x683.jpg 1024w, https:\/\/wm.pb.edu.pl\/iib\/wp-content\/uploads\/sites\/7\/2022\/02\/piotr-borkowski-768x512.jpg 768w, https:\/\/wm.pb.edu.pl\/iib\/wp-content\/uploads\/sites\/7\/2022\/02\/piotr-borkowski-480x320.jpg 480w, https:\/\/wm.pb.edu.pl\/iib\/wp-content\/uploads\/sites\/7\/2022\/02\/piotr-borkowski.jpg 1200w\" sizes=\"auto, (max-width: 300px) 100vw, 300px\" \/><\/p>\n<p>dr in\u017c. Piotr Borkowski<br \/>\n<strong><a title=\"Otworzy si\u0119 w nowej karcie\" href=\"https:\/\/bazawiedzy.pb.edu.pl\/info\/author\/BUT9de04ce689fe45ac9ecd4fbcf72e1c25\/Piotr%2BBorkowski?r=affiliation&amp;lang=pl&amp;cid=186515\" target=\"_blank\" rel=\"noopener noreferrer\">Baza wiedzy PB<\/a><\/strong><\/p>\n<p><i class=\"fa fa-envelope-o\"><\/i>&nbsp;p.borkowski[at]pb.edu.pl<\/p>\n<p>571-443-078, pok\u00f3j WM-333<\/p>\n<\/div>\n<\/div>\n<div class=\"row\" style=\"text-align: center\">\n<div class=\"col-sm-4\">\n<p><img loading=\"lazy\" decoding=\"async\" class=\"alignnone size-medium wp-image-485\" src=\"https:\/\/wm.pb.edu.pl\/iib\/wp-content\/uploads\/sites\/7\/2022\/02\/marta-borowska-300x200.png\" alt=\"dr in\u017c. Marta Borowska\" width=\"300\" height=\"200\" srcset=\"https:\/\/wm.pb.edu.pl\/iib\/wp-content\/uploads\/sites\/7\/2022\/02\/marta-borowska-300x200.png 300w, https:\/\/wm.pb.edu.pl\/iib\/wp-content\/uploads\/sites\/7\/2022\/02\/marta-borowska-1024x683.png 1024w, https:\/\/wm.pb.edu.pl\/iib\/wp-content\/uploads\/sites\/7\/2022\/02\/marta-borowska-768x512.png 768w, https:\/\/wm.pb.edu.pl\/iib\/wp-content\/uploads\/sites\/7\/2022\/02\/marta-borowska-480x320.png 480w, https:\/\/wm.pb.edu.pl\/iib\/wp-content\/uploads\/sites\/7\/2022\/02\/marta-borowska.png 1200w\" sizes=\"auto, (max-width: 300px) 100vw, 300px\" \/><\/p>\n<p>dr hab. in\u017c. Marta Borowska<br \/>\n<strong><a title=\"Otworzy si\u0119 w nowej karcie\" href=\"https:\/\/bazawiedzy.pb.edu.pl\/info\/author\/BUT18f6e320f0a148ac923dedd03cef234d\/Marta%2BBorowska?r=affiliation&amp;lang=pl&amp;cid=186537\" target=\"_blank\" rel=\"noopener noreferrer\">Baza wiedzy PB<\/a><\/strong><\/p>\n<p><i class=\"fa fa-envelope-o\"><\/i>&nbsp;m.borowska[at]pb.edu.pl<\/p>\n<p>571-443-079, pok\u00f3j WM-331<\/p>\n<\/div>\n<div class=\"col-sm-4\">\n<p><img loading=\"lazy\" decoding=\"async\" class=\"alignnone wp-image-462 size-medium\" src=\"https:\/\/wm.pb.edu.pl\/iib\/wp-content\/uploads\/sites\/7\/2022\/05\/dr-inz.-Marcin-Derlatka-1.png\" alt=\"dr in\u017c. Marcin Derlatka\" width=\"300\" height=\"200\"><\/p>\n<p>dr in\u017c. Marcin Derlatka<br \/>\n<strong><a title=\"Otworzy si\u0119 w nowej karcie\" href=\"https:\/\/bazawiedzy.pb.edu.pl\/info\/author\/BUT9828c9a619bd4fa98b664f4d1f016908\/Marcin%2BDerlatka?r=affiliation&amp;lang=pl&amp;cid=186544\" target=\"_blank\" rel=\"noopener noreferrer\">Baza wiedzy PB<\/a><\/strong><\/p>\n<p><i class=\"fa fa-envelope-o\"><\/i>&nbsp;m.derlatka[at]pb.edu.pl<\/p>\n<p>571-443-044, pok\u00f3j WM-331<\/p>\n<\/div>\n<div class=\"col-sm-4\">\n<p><img loading=\"lazy\" decoding=\"async\" class=\"alignnone size-medium wp-image-463\" src=\"https:\/\/wm.pb.edu.pl\/iib\/wp-content\/uploads\/sites\/7\/2022\/02\/profil-graficzny-kobiety-300x200.png\" alt=\"profil graficzny kobiety\" width=\"300\" height=\"200\" srcset=\"https:\/\/wm.pb.edu.pl\/iib\/wp-content\/uploads\/sites\/7\/2022\/02\/profil-graficzny-kobiety-300x200.png 300w, https:\/\/wm.pb.edu.pl\/iib\/wp-content\/uploads\/sites\/7\/2022\/02\/profil-graficzny-kobiety-1024x683.png 1024w, https:\/\/wm.pb.edu.pl\/iib\/wp-content\/uploads\/sites\/7\/2022\/02\/profil-graficzny-kobiety-768x512.png 768w, https:\/\/wm.pb.edu.pl\/iib\/wp-content\/uploads\/sites\/7\/2022\/02\/profil-graficzny-kobiety-480x320.png 480w, https:\/\/wm.pb.edu.pl\/iib\/wp-content\/uploads\/sites\/7\/2022\/02\/profil-graficzny-kobiety.png 1200w\" sizes=\"auto, (max-width: 300px) 100vw, 300px\" \/><\/p>\n<p>dr in\u017c. Anna Kasperczuk<br \/>\n<strong><a title=\"Otworzy si\u0119 w nowej karcie\" href=\"https:\/\/bazawiedzy.pb.edu.pl\/info\/author\/BUTf540d209125a4803a20420dd13f84e0f\/Anna%2BKasperczuk?r=affiliation&amp;lang=pl&amp;cid=186494\" target=\"_blank\" rel=\"noopener noreferrer\">Baza wiedzy PB<\/a><\/strong><\/p>\n<p><i class=\"fa fa-envelope-o\"><\/i>&nbsp;a.kasperczuk[at]pb.edu.pl<\/p>\n<p>503-737-803, pok\u00f3j WM-325<\/p>\n<\/div>\n<\/div>\n<div class=\"row\">\n<div class=\"col-sm-4\" style=\"text-align: center\">\n<p><img loading=\"lazy\" decoding=\"async\" class=\"alignnone size-medium wp-image-493\" src=\"https:\/\/wm.pb.edu.pl\/iib\/wp-content\/uploads\/sites\/7\/2022\/02\/zaneta-anna-mierzejewska-300x200.jpg\" alt=\"dr in\u017c. Anna \u017baneta Mierzejewska\" width=\"300\" height=\"200\" srcset=\"https:\/\/wm.pb.edu.pl\/iib\/wp-content\/uploads\/sites\/7\/2022\/02\/zaneta-anna-mierzejewska-300x200.jpg 300w, https:\/\/wm.pb.edu.pl\/iib\/wp-content\/uploads\/sites\/7\/2022\/02\/zaneta-anna-mierzejewska-1024x683.jpg 1024w, https:\/\/wm.pb.edu.pl\/iib\/wp-content\/uploads\/sites\/7\/2022\/02\/zaneta-anna-mierzejewska-768x512.jpg 768w, https:\/\/wm.pb.edu.pl\/iib\/wp-content\/uploads\/sites\/7\/2022\/02\/zaneta-anna-mierzejewska-480x320.jpg 480w, https:\/\/wm.pb.edu.pl\/iib\/wp-content\/uploads\/sites\/7\/2022\/02\/zaneta-anna-mierzejewska.jpg 1200w\" sizes=\"auto, (max-width: 300px) 100vw, 300px\" \/><\/p>\n<p>dr in\u017c. \u017baneta Anna Mierzejewska<br \/>\n<strong><a title=\"Otworzy si\u0119 w nowej karcie\" href=\"https:\/\/bazawiedzy.pb.edu.pl\/info\/author\/BUTb21c4f0d15994419ac0ed95b17802eeb\/%25C5%25BBaneta%2BAnna%2BMierzejewska?r=affiliation&amp;lang=pl&amp;cid=186514\">Baza wiedzy PB<\/a><\/strong><\/p>\n<p><i class=\"fa fa-envelope-o\"><\/i>&nbsp;a.mierzejewska[at]pb.edu.pl<\/p>\n<p>571-443-111, pok\u00f3j WM-333<\/p>\n<\/div>\n<div class=\"col-sm-4\" style=\"text-align: center\">\n<p><img loading=\"lazy\" decoding=\"async\" class=\"alignnone wp-image-613\" src=\"https:\/\/wm.pb.edu.pl\/iib\/wp-content\/uploads\/sites\/7\/2022\/03\/274618073_283119830601228_374407995446286500_n-240x300.jpg\" alt=\"Ma\u0142gorzata Zdrodowska\" width=\"160\" height=\"200\" srcset=\"https:\/\/wm.pb.edu.pl\/iib\/wp-content\/uploads\/sites\/7\/2022\/03\/274618073_283119830601228_374407995446286500_n-240x300.jpg 240w, https:\/\/wm.pb.edu.pl\/iib\/wp-content\/uploads\/sites\/7\/2022\/03\/274618073_283119830601228_374407995446286500_n.jpg 300w\" sizes=\"auto, (max-width: 160px) 100vw, 160px\" \/><\/p>\n<p>mgr Ma\u0142gorzata Zdrodowska<br \/>\n<strong><a title=\"Otworzy si\u0119 w nowej karcie\" href=\"https:\/\/bazawiedzy.pb.edu.pl\/info\/author\/BUTd3ad424c36f647c5aa479c02a1b47e16\/Ma%25C5%2582gorzata%2BZdrodowska?r=affiliation&amp;lang=pl&amp;cid=35858\" target=\"_blank\" rel=\"noopener noreferrer\">Baza wiedzy PB<\/a><\/strong><\/p>\n<p><i class=\"fa fa-envelope-o\"><\/i>&nbsp;m.zdrodowska[at]pb.edu.pl<\/p>\n<p>797-990-774, pok\u00f3j WM-325<\/p>\n<\/div>\n<div class=\"col-sm-4\">\n<p style=\"text-align: center\"><img loading=\"lazy\" decoding=\"async\" class=\"alignnone wp-image-508\" src=\"https:\/\/wm.pb.edu.pl\/iib\/wp-content\/uploads\/sites\/7\/2022\/02\/PAWEL-LIPOWICZ-300x200.jpg\" alt=\"mgr in\u017c. Pawe\u0142 Lipowicz\" width=\"300\" height=\"200\" srcset=\"https:\/\/wm.pb.edu.pl\/iib\/wp-content\/uploads\/sites\/7\/2022\/02\/PAWEL-LIPOWICZ-300x200.jpg 300w, https:\/\/wm.pb.edu.pl\/iib\/wp-content\/uploads\/sites\/7\/2022\/02\/PAWEL-LIPOWICZ-1024x683.jpg 1024w, https:\/\/wm.pb.edu.pl\/iib\/wp-content\/uploads\/sites\/7\/2022\/02\/PAWEL-LIPOWICZ-768x512.jpg 768w, https:\/\/wm.pb.edu.pl\/iib\/wp-content\/uploads\/sites\/7\/2022\/02\/PAWEL-LIPOWICZ-480x320.jpg 480w, https:\/\/wm.pb.edu.pl\/iib\/wp-content\/uploads\/sites\/7\/2022\/02\/PAWEL-LIPOWICZ.jpg 1200w\" sizes=\"auto, (max-width: 300px) 100vw, 300px\" \/><\/p>\n<p style=\"text-align: center\">mgr in\u017c. Pawe\u0142 Lipowicz<br \/>\n(pracownik techniczny)<\/p>\n<p style=\"text-align: center\"><i class=\"fa fa-envelope-o\"><\/i>&nbsp;p.lipowicz[at]pb.edu.pl<\/p>\n<p style=\"text-align: center\">571-443-118, pok\u00f3j WM-402a<\/p>\n<\/div>\n<\/div>\n","protected":false},"excerpt":{"rendered":"<p>Kierownik Zak\u0142adu dr hab. in\u017c. Piotr Mrozek, prof. PB Baza wiedzy PB p.mrozek[at]pb.edu.pl 571-443-082, pok\u00f3j<a class=\"read-more\" href=\"https:\/\/wm.pb.edu.pl\/iib\/zaklad-biomechatroniki\/\" title=\"Poka\u017c artyku\u0142 Zak\u0142ad Biomechatroniki\">wi\u0119cej<\/a><\/p>\n","protected":false},"author":14,"featured_media":0,"parent":0,"menu_order":0,"comment_status":"closed","ping_status":"closed","template":"","meta":{"inline_featured_image":false,"ngg_post_thumbnail":0,"footnotes":""},"class_list":["post-374","page","type-page","status-publish","hentry"],"acf":[],"yoast_head":"<!-- This site is optimized with the Yoast SEO plugin v26.4 - https:\/\/yoast.com\/wordpress\/plugins\/seo\/ -->\n<title>Zak\u0142ad Biomechatroniki - Instytut In\u017cynierii Biomedycznej<\/title>\n<meta name=\"robots\" content=\"index, follow, max-snippet:-1, max-image-preview:large, max-video-preview:-1\" \/>\n<link rel=\"canonical\" href=\"https:\/\/wm.pb.edu.pl\/iib\/zaklad-biomechatroniki\/\" \/>\n<meta property=\"og:locale\" content=\"pl_PL\" \/>\n<meta property=\"og:type\" content=\"article\" \/>\n<meta property=\"og:title\" content=\"Zak\u0142ad Biomechatroniki - Instytut In\u017cynierii Biomedycznej\" \/>\n<meta property=\"og:description\" content=\"Kierownik Zak\u0142adu dr hab. in\u017c. Piotr Mrozek, prof. PB Baza wiedzy PB p.mrozek[at]pb.edu.pl 571-443-082, pok\u00f3jwi\u0119cej\" \/>\n<meta property=\"og:url\" content=\"https:\/\/wm.pb.edu.pl\/iib\/zaklad-biomechatroniki\/\" \/>\n<meta property=\"og:site_name\" content=\"Instytut In\u017cynierii Biomedycznej\" \/>\n<meta property=\"article:modified_time\" content=\"2025-05-13T12:46:46+00:00\" \/>\n<meta property=\"og:image\" content=\"https:\/\/wm.pb.edu.pl\/iib\/wp-content\/uploads\/sites\/7\/2022\/02\/mrozek.jpg\" \/>\n\t<meta property=\"og:image:width\" content=\"1200\" \/>\n\t<meta property=\"og:image:height\" content=\"800\" \/>\n\t<meta property=\"og:image:type\" content=\"image\/jpeg\" \/>\n<meta name=\"twitter:card\" content=\"summary_large_image\" \/>\n<meta name=\"twitter:label1\" content=\"Szacowany czas czytania\" \/>\n\t<meta name=\"twitter:data1\" content=\"3 minuty\" \/>\n<script type=\"application\/ld+json\" class=\"yoast-schema-graph\">{\"@context\":\"https:\/\/schema.org\",\"@graph\":[{\"@type\":\"WebPage\",\"@id\":\"https:\/\/wm.pb.edu.pl\/iib\/zaklad-biomechatroniki\/\",\"url\":\"https:\/\/wm.pb.edu.pl\/iib\/zaklad-biomechatroniki\/\",\"name\":\"Zak\u0142ad Biomechatroniki - Instytut In\u017cynierii Biomedycznej\",\"isPartOf\":{\"@id\":\"https:\/\/wm.pb.edu.pl\/iib\/#website\"},\"primaryImageOfPage\":{\"@id\":\"https:\/\/wm.pb.edu.pl\/iib\/zaklad-biomechatroniki\/#primaryimage\"},\"image\":{\"@id\":\"https:\/\/wm.pb.edu.pl\/iib\/zaklad-biomechatroniki\/#primaryimage\"},\"thumbnailUrl\":\"https:\/\/wm.pb.edu.pl\/iib\/wp-content\/uploads\/sites\/7\/2024\/07\/SZKOLA_DOKTORSKA_GABRIELA_KOSCIUK_PB_16.06.2021-142.jpg\",\"datePublished\":\"2022-01-17T12:07:55+00:00\",\"dateModified\":\"2025-05-13T12:46:46+00:00\",\"breadcrumb\":{\"@id\":\"https:\/\/wm.pb.edu.pl\/iib\/zaklad-biomechatroniki\/#breadcrumb\"},\"inLanguage\":\"pl-PL\",\"potentialAction\":[{\"@type\":\"ReadAction\",\"target\":[\"https:\/\/wm.pb.edu.pl\/iib\/zaklad-biomechatroniki\/\"]}]},{\"@type\":\"ImageObject\",\"inLanguage\":\"pl-PL\",\"@id\":\"https:\/\/wm.pb.edu.pl\/iib\/zaklad-biomechatroniki\/#primaryimage\",\"url\":\"https:\/\/wm.pb.edu.pl\/iib\/wp-content\/uploads\/sites\/7\/2022\/02\/mrozek.jpg\",\"contentUrl\":\"https:\/\/wm.pb.edu.pl\/iib\/wp-content\/uploads\/sites\/7\/2022\/02\/mrozek.jpg\",\"width\":1200,\"height\":800,\"caption\":\"dr hab. in\u017c. Piotr Mrozek, prof. PB\"},{\"@type\":\"BreadcrumbList\",\"@id\":\"https:\/\/wm.pb.edu.pl\/iib\/zaklad-biomechatroniki\/#breadcrumb\",\"itemListElement\":[{\"@type\":\"ListItem\",\"position\":1,\"name\":\"Strona g\u0142\u00f3wna\",\"item\":\"https:\/\/wm.pb.edu.pl\/iib\/\"},{\"@type\":\"ListItem\",\"position\":2,\"name\":\"Zak\u0142ad Biomechatroniki\"}]},{\"@type\":\"WebSite\",\"@id\":\"https:\/\/wm.pb.edu.pl\/iib\/#website\",\"url\":\"https:\/\/wm.pb.edu.pl\/iib\/\",\"name\":\"Instytut In\u017cynierii Biomedycznej\",\"description\":\"\",\"potentialAction\":[{\"@type\":\"SearchAction\",\"target\":{\"@type\":\"EntryPoint\",\"urlTemplate\":\"https:\/\/wm.pb.edu.pl\/iib\/?s={search_term_string}\"},\"query-input\":{\"@type\":\"PropertyValueSpecification\",\"valueRequired\":true,\"valueName\":\"search_term_string\"}}],\"inLanguage\":\"pl-PL\"}]}<\/script>\n<!-- \/ Yoast SEO plugin. -->","yoast_head_json":{"title":"Zak\u0142ad Biomechatroniki - Instytut In\u017cynierii Biomedycznej","robots":{"index":"index","follow":"follow","max-snippet":"max-snippet:-1","max-image-preview":"max-image-preview:large","max-video-preview":"max-video-preview:-1"},"canonical":"https:\/\/wm.pb.edu.pl\/iib\/zaklad-biomechatroniki\/","og_locale":"pl_PL","og_type":"article","og_title":"Zak\u0142ad Biomechatroniki - Instytut In\u017cynierii Biomedycznej","og_description":"Kierownik Zak\u0142adu dr hab. in\u017c. Piotr Mrozek, prof. PB Baza wiedzy PB p.mrozek[at]pb.edu.pl 571-443-082, pok\u00f3jwi\u0119cej","og_url":"https:\/\/wm.pb.edu.pl\/iib\/zaklad-biomechatroniki\/","og_site_name":"Instytut In\u017cynierii Biomedycznej","article_modified_time":"2025-05-13T12:46:46+00:00","og_image":[{"width":1200,"height":800,"url":"https:\/\/wm.pb.edu.pl\/iib\/wp-content\/uploads\/sites\/7\/2022\/02\/mrozek.jpg","type":"image\/jpeg"}],"twitter_card":"summary_large_image","twitter_misc":{"Szacowany czas czytania":"3 minuty"},"schema":{"@context":"https:\/\/schema.org","@graph":[{"@type":"WebPage","@id":"https:\/\/wm.pb.edu.pl\/iib\/zaklad-biomechatroniki\/","url":"https:\/\/wm.pb.edu.pl\/iib\/zaklad-biomechatroniki\/","name":"Zak\u0142ad Biomechatroniki - Instytut In\u017cynierii Biomedycznej","isPartOf":{"@id":"https:\/\/wm.pb.edu.pl\/iib\/#website"},"primaryImageOfPage":{"@id":"https:\/\/wm.pb.edu.pl\/iib\/zaklad-biomechatroniki\/#primaryimage"},"image":{"@id":"https:\/\/wm.pb.edu.pl\/iib\/zaklad-biomechatroniki\/#primaryimage"},"thumbnailUrl":"https:\/\/wm.pb.edu.pl\/iib\/wp-content\/uploads\/sites\/7\/2024\/07\/SZKOLA_DOKTORSKA_GABRIELA_KOSCIUK_PB_16.06.2021-142.jpg","datePublished":"2022-01-17T12:07:55+00:00","dateModified":"2025-05-13T12:46:46+00:00","breadcrumb":{"@id":"https:\/\/wm.pb.edu.pl\/iib\/zaklad-biomechatroniki\/#breadcrumb"},"inLanguage":"pl-PL","potentialAction":[{"@type":"ReadAction","target":["https:\/\/wm.pb.edu.pl\/iib\/zaklad-biomechatroniki\/"]}]},{"@type":"ImageObject","inLanguage":"pl-PL","@id":"https:\/\/wm.pb.edu.pl\/iib\/zaklad-biomechatroniki\/#primaryimage","url":"https:\/\/wm.pb.edu.pl\/iib\/wp-content\/uploads\/sites\/7\/2022\/02\/mrozek.jpg","contentUrl":"https:\/\/wm.pb.edu.pl\/iib\/wp-content\/uploads\/sites\/7\/2022\/02\/mrozek.jpg","width":1200,"height":800,"caption":"dr hab. in\u017c. Piotr Mrozek, prof. PB"},{"@type":"BreadcrumbList","@id":"https:\/\/wm.pb.edu.pl\/iib\/zaklad-biomechatroniki\/#breadcrumb","itemListElement":[{"@type":"ListItem","position":1,"name":"Strona g\u0142\u00f3wna","item":"https:\/\/wm.pb.edu.pl\/iib\/"},{"@type":"ListItem","position":2,"name":"Zak\u0142ad Biomechatroniki"}]},{"@type":"WebSite","@id":"https:\/\/wm.pb.edu.pl\/iib\/#website","url":"https:\/\/wm.pb.edu.pl\/iib\/","name":"Instytut In\u017cynierii Biomedycznej","description":"","potentialAction":[{"@type":"SearchAction","target":{"@type":"EntryPoint","urlTemplate":"https:\/\/wm.pb.edu.pl\/iib\/?s={search_term_string}"},"query-input":{"@type":"PropertyValueSpecification","valueRequired":true,"valueName":"search_term_string"}}],"inLanguage":"pl-PL"}]}},"_links":{"self":[{"href":"https:\/\/wm.pb.edu.pl\/iib\/wp-json\/wp\/v2\/pages\/374","targetHints":{"allow":["GET"]}}],"collection":[{"href":"https:\/\/wm.pb.edu.pl\/iib\/wp-json\/wp\/v2\/pages"}],"about":[{"href":"https:\/\/wm.pb.edu.pl\/iib\/wp-json\/wp\/v2\/types\/page"}],"author":[{"embeddable":true,"href":"https:\/\/wm.pb.edu.pl\/iib\/wp-json\/wp\/v2\/users\/14"}],"replies":[{"embeddable":true,"href":"https:\/\/wm.pb.edu.pl\/iib\/wp-json\/wp\/v2\/comments?post=374"}],"version-history":[{"count":20,"href":"https:\/\/wm.pb.edu.pl\/iib\/wp-json\/wp\/v2\/pages\/374\/revisions"}],"predecessor-version":[{"id":991,"href":"https:\/\/wm.pb.edu.pl\/iib\/wp-json\/wp\/v2\/pages\/374\/revisions\/991"}],"wp:attachment":[{"href":"https:\/\/wm.pb.edu.pl\/iib\/wp-json\/wp\/v2\/media?parent=374"}],"curies":[{"name":"wp","href":"https:\/\/api.w.org\/{rel}","templated":true}]}}