{"id":44,"date":"2018-06-26T12:16:31","date_gmt":"2018-06-26T10:16:31","guid":{"rendered":"https:\/\/wm.pb.edu.pl\/kbiib\/?page_id=44"},"modified":"2025-12-10T10:56:08","modified_gmt":"2025-12-10T09:56:08","slug":"infrastruktura-badawcza","status":"publish","type":"page","link":"https:\/\/wm.pb.edu.pl\/iib\/infrastruktura-badawcza\/","title":{"rendered":"Infrastruktura badawcza"},"content":{"rendered":"<div class=\"h2\"><strong>LABORATORIA IN\u017bYNIERII BIOMEDYCZNEJ:<\/strong><\/div>\n<ol>\n<li style=\"list-style-type: none\">\n<ol>\n<li>Laboratorium biomateria\u0142\u00f3w<\/li>\n<li>Laboratorium biomechaniki<\/li>\n<li>Laboratorium podstaw techniki<\/li>\n<\/ol>\n<\/li>\n<\/ol>\n<div class=\"h3\"><strong>Pracownie: naukowe, naukowo-dydaktyczne, dydaktyczne<\/strong><\/div>\n<div class=\"row\"><\/div>\n<div class=\"col-md-4\">\n  <div class=\"boxlink animated zoomIn \">\r\n    <a href=\"\/iib\/pracownia-badan-fizykochemicznych\/\" class=\"\">\r\n      <div class=\"boxlink-title\">Pracownia bada\u0144 fizykochemicznych<span><\/span><\/div>\r\n      <div class=\"boxlink-content\">\r\n        <img loading=\"lazy\" decoding=\"async\" class=\"aligncenter wp-image-420\" src=\"https:\/\/wm.pb.edu.pl\/iib\/wp-content\/uploads\/sites\/7\/2022\/02\/Analizator-termograwimetryczny-TGA-Q500-1-e1645996771974-300x200.jpg\" alt=\"Analizator termograwimetryczny TGA Q500\" width=\"600\" height=\"401\" srcset=\"https:\/\/wm.pb.edu.pl\/iib\/wp-content\/uploads\/sites\/7\/2022\/02\/Analizator-termograwimetryczny-TGA-Q500-1-e1645996771974-300x200.jpg 300w, https:\/\/wm.pb.edu.pl\/iib\/wp-content\/uploads\/sites\/7\/2022\/02\/Analizator-termograwimetryczny-TGA-Q500-1-e1645996771974-1024x684.jpg 1024w, https:\/\/wm.pb.edu.pl\/iib\/wp-content\/uploads\/sites\/7\/2022\/02\/Analizator-termograwimetryczny-TGA-Q500-1-e1645996771974-768x513.jpg 768w, https:\/\/wm.pb.edu.pl\/iib\/wp-content\/uploads\/sites\/7\/2022\/02\/Analizator-termograwimetryczny-TGA-Q500-1-e1645996771974-480x320.jpg 480w, https:\/\/wm.pb.edu.pl\/iib\/wp-content\/uploads\/sites\/7\/2022\/02\/Analizator-termograwimetryczny-TGA-Q500-1-e1645996771974.jpg 1200w\" sizes=\"auto, (max-width: 600px) 100vw, 600px\" \/>      <\/div>\r\n    <\/a>\r\n  <\/div>\r\n\n<\/div>\n<div class=\"col-md-4\">\n  <div class=\"boxlink animated zoomIn \">\r\n    <a href=\"\/iib\/pracownia-biomaterialow-ceramicznych\/\" class=\"\">\r\n      <div class=\"boxlink-title\">Pracownia biomateria\u0142\u00f3w ceramicznych<span><\/span><\/div>\r\n      <div class=\"boxlink-content\">\r\n        <img loading=\"lazy\" decoding=\"async\" class=\"aligncenter wp-image-559\" src=\"https:\/\/wm.pb.edu.pl\/iib\/wp-content\/uploads\/sites\/7\/2022\/02\/Maszyna-wytrzymalosciowa-Zwick.Roell-Z010-e1645996611516-300x200.png\" alt=\"Maszyna wytrzyma\u0142o\u015bciowa Zwick.Roell Z010\" width=\"600\" height=\"400\" srcset=\"https:\/\/wm.pb.edu.pl\/iib\/wp-content\/uploads\/sites\/7\/2022\/02\/Maszyna-wytrzymalosciowa-Zwick.Roell-Z010-e1645996611516-300x200.png 300w, https:\/\/wm.pb.edu.pl\/iib\/wp-content\/uploads\/sites\/7\/2022\/02\/Maszyna-wytrzymalosciowa-Zwick.Roell-Z010-e1645996611516-1024x683.png 1024w, https:\/\/wm.pb.edu.pl\/iib\/wp-content\/uploads\/sites\/7\/2022\/02\/Maszyna-wytrzymalosciowa-Zwick.Roell-Z010-e1645996611516-768x512.png 768w, https:\/\/wm.pb.edu.pl\/iib\/wp-content\/uploads\/sites\/7\/2022\/02\/Maszyna-wytrzymalosciowa-Zwick.Roell-Z010-e1645996611516-480x320.png 480w, https:\/\/wm.pb.edu.pl\/iib\/wp-content\/uploads\/sites\/7\/2022\/02\/Maszyna-wytrzymalosciowa-Zwick.Roell-Z010-e1645996611516.png 1071w\" sizes=\"auto, (max-width: 600px) 100vw, 600px\" \/>      <\/div>\r\n    <\/a>\r\n  <\/div>\r\n\n<\/div>\n<div class=\"col-md-4\">\n  <div class=\"boxlink animated zoomIn \">\r\n    <a href=\"\/iib\/pracowania-biomaterialow-spiekanych\/\" class=\"\">\r\n      <div class=\"boxlink-title\">Pracownia biomateria\u0142\u00f3w spiekanych<span><\/span><\/div>\r\n      <div class=\"boxlink-content\">\r\n        <img decoding=\"async\" class=\"aligncenter wp-image-534 size-full\" src=\"https:\/\/wm.pb.edu.pl\/iib\/wp-content\/uploads\/sites\/7\/2022\/09\/Pracownia-biomaterialow-spiekanych.jpg\" alt=\"\">      <\/div>\r\n    <\/a>\r\n  <\/div>\r\n\n<\/div>\n<div class=\"row\"><\/div>\n<div class=\"col-md-4\">\n  <div class=\"boxlink animated zoomIn \">\r\n    <a href=\"\/iib\/pracownia-polimerow-i-kompozytow-2\" class=\"\">\r\n      <div class=\"boxlink-title\">Pracownia Polimer\u00f3w i Kompozyt\u00f3w<span><\/span><\/div>\r\n      <div class=\"boxlink-content\">\r\n        \n<img loading=\"lazy\" decoding=\"async\" class=\"alignleft wp-image-534 size-full\" src=\"https:\/\/wm.pb.edu.pl\/iib\/wp-content\/uploads\/sites\/7\/2025\/03\/Laboratorium-Polimerow-i-Kompozytow-2-scaled.jpg\" alt=\"Laboratorium Polimer\u00f3w i Kompozyt\u00f3w\" width=\"2560\" height=\"1920\">      <\/div>\r\n    <\/a>\r\n  <\/div>\r\n\n<\/div>\n<div class=\"col-md-4\">\n  <div class=\"boxlink animated zoomIn \">\r\n    <a href=\"https:\/\/wm.pb.edu.pl\/iib\/infrastruktura-badawcza\/pracownia-inzynierii-powierzchni\/\" class=\"\">\r\n      <div class=\"boxlink-title\">Pracownia In\u017cynierii<br \/>\nPowierzchni<span><\/span><\/div>\r\n      <div class=\"boxlink-content\">\r\n        <img decoding=\"async\" class=\"aligncenter wp-image-534 size-full\" src=\"https:\/\/wm.pb.edu.pl\/iib\/wp-content\/uploads\/sites\/7\/2022\/09\/Pracownia-inzynierii-powierzchni-scaled.jpg\" alt=\"\">      <\/div>\r\n    <\/a>\r\n  <\/div>\r\n\n<\/div>\n<div class=\"col-md-4\">\n  <div class=\"boxlink animated zoomIn \">\r\n    <a href=\"\/iib\/infrastruktura-badawcza\/pracownia-diagnostyki-narzadu-ruchu\" class=\"\">\r\n      <div class=\"boxlink-title\">Pracownia diagnostyki narz\u0105du ruchu<span><\/span><\/div>\r\n      <div class=\"boxlink-content\">\r\n        <img decoding=\"async\" class=\"aligncenter wp-image-534 size-full\" src=\"https:\/\/wm.pb.edu.pl\/iib\/wp-content\/uploads\/sites\/7\/2022\/09\/Laboratorium-diagnostyki-narzadu-ruchu.jpg\" alt=\"\">      <\/div>\r\n    <\/a>\r\n  <\/div>\r\n\n<\/div>\n<div class=\"row\"><\/div>\n<div class=\"col-md-4\">\n  <div class=\"boxlink animated zoomIn \">\r\n    <a href=\"\/iib\/infrastruktura-badawcza\/\" class=\"\">\r\n      <div class=\"boxlink-title\">Pracownia druku 3D<span><\/span><\/div>\r\n      <div class=\"boxlink-content\">\r\n        <img decoding=\"async\" class=\"aligncenter wp-image-534 size-full\" src=\"https:\/\/wm.pb.edu.pl\/iib\/wp-content\/uploads\/sites\/7\/2022\/09\/pracownia-druku-3d.jpg\" alt=\"\">      <\/div>\r\n    <\/a>\r\n  <\/div>\r\n\n<\/div>\n<div class=\"col-md-4\">\n  <div class=\"boxlink animated zoomIn \">\r\n    <a href=\"\/iib\/pracownia-protetyki-i-ortotyki\" class=\"\">\r\n      <div class=\"boxlink-title\">Pracownia protetyki i ortotyki<span><\/span><\/div>\r\n      <div class=\"boxlink-content\">\r\n        <img loading=\"lazy\" decoding=\"async\" class=\"aligncenter wp-image-549\" src=\"https:\/\/wm.pb.edu.pl\/iib\/wp-content\/uploads\/sites\/7\/2022\/02\/Frezarka-do-wkladek-ortopedycznych-300x199.png\" alt=\"Frezarka do wk\u0142adek ortopedycznych\" width=\"600\" height=\"399\" srcset=\"https:\/\/wm.pb.edu.pl\/iib\/wp-content\/uploads\/sites\/7\/2022\/02\/Frezarka-do-wkladek-ortopedycznych-300x199.png 300w, https:\/\/wm.pb.edu.pl\/iib\/wp-content\/uploads\/sites\/7\/2022\/02\/Frezarka-do-wkladek-ortopedycznych-1024x681.png 1024w, https:\/\/wm.pb.edu.pl\/iib\/wp-content\/uploads\/sites\/7\/2022\/02\/Frezarka-do-wkladek-ortopedycznych-768x511.png 768w, https:\/\/wm.pb.edu.pl\/iib\/wp-content\/uploads\/sites\/7\/2022\/02\/Frezarka-do-wkladek-ortopedycznych-480x320.png 480w, https:\/\/wm.pb.edu.pl\/iib\/wp-content\/uploads\/sites\/7\/2022\/02\/Frezarka-do-wkladek-ortopedycznych.png 1026w\" sizes=\"auto, (max-width: 600px) 100vw, 600px\" \/>      <\/div>\r\n    <\/a>\r\n  <\/div>\r\n\n<\/div>\n<div class=\"col-md-4\">\n  <div class=\"boxlink animated zoomIn \">\r\n    <a href=\"\/iib\/infrastruktura-badawcza\/pracownia-biomechaniki\" class=\"\">\r\n      <div class=\"boxlink-title\">Pracownia biomechaniki<span><\/span><\/div>\r\n      <div class=\"boxlink-content\">\r\n        <img loading=\"lazy\" decoding=\"async\" class=\"aligncenter wp-image-368\" src=\"https:\/\/wm.pb.edu.pl\/iib\/wp-content\/uploads\/sites\/7\/2022\/01\/IMG_9515-300x200.jpg\" alt=\"Zestaw do oceny i treningu dynamicznego mi\u0119\u015bni Biodex\" width=\"600\" height=\"400\" srcset=\"https:\/\/wm.pb.edu.pl\/iib\/wp-content\/uploads\/sites\/7\/2022\/01\/IMG_9515-300x200.jpg 300w, https:\/\/wm.pb.edu.pl\/iib\/wp-content\/uploads\/sites\/7\/2022\/01\/IMG_9515-1024x683.jpg 1024w, https:\/\/wm.pb.edu.pl\/iib\/wp-content\/uploads\/sites\/7\/2022\/01\/IMG_9515-768x512.jpg 768w, https:\/\/wm.pb.edu.pl\/iib\/wp-content\/uploads\/sites\/7\/2022\/01\/IMG_9515-1536x1024.jpg 1536w, https:\/\/wm.pb.edu.pl\/iib\/wp-content\/uploads\/sites\/7\/2022\/01\/IMG_9515-2048x1366.jpg 2048w, https:\/\/wm.pb.edu.pl\/iib\/wp-content\/uploads\/sites\/7\/2022\/01\/IMG_9515-480x320.jpg 480w\" sizes=\"auto, (max-width: 600px) 100vw, 600px\" \/>      <\/div>\r\n    <\/a>\r\n  <\/div>\r\n\n<\/div>\n<div class=\"row\"><\/div>\n<div class=\"col-md-4\">\n<\/div>\n<div class=\"col-md-4\">\n  <div class=\"boxlink animated zoomIn \">\r\n    <a href=\"\/iib\/infrastruktura-badawcza\/pracownia-cyfrowego-przetwarzania-sygnalow\" class=\"\">\r\n      <div class=\"boxlink-title\">Pracownia cyfrowego przetwarzania sygna\u0142\u00f3w biomedycznych<span><\/span><\/div>\r\n      <div class=\"boxlink-content\">\r\n        <img decoding=\"async\" class=\"aligncenter wp-image-534 size-full\" src=\"https:\/\/wm.pb.edu.pl\/iib\/wp-content\/uploads\/sites\/7\/2022\/09\/Pracownia-Cyfrowego-Przetwarzania-Sygnalow-Biomedycznych-1.jpg\" alt=\"\">      <\/div>\r\n    <\/a>\r\n  <\/div>\r\n\n<\/div>\n<div class=\"col-md-4\">\n<\/div>\n","protected":false},"excerpt":{"rendered":"<p>LABORATORIA IN\u017bYNIERII BIOMEDYCZNEJ: Laboratorium biomateria\u0142\u00f3w Laboratorium biomechaniki Laboratorium podstaw techniki Pracownie: naukowe, naukowo-dydaktyczne, dydaktyczne<\/p>\n","protected":false},"author":75,"featured_media":0,"parent":0,"menu_order":5,"comment_status":"closed","ping_status":"closed","template":"","meta":{"inline_featured_image":false,"ngg_post_thumbnail":0,"footnotes":""},"class_list":["post-44","page","type-page","status-publish","hentry"],"acf":[],"yoast_head":"<!-- This site is optimized with the Yoast SEO plugin v26.4 - https:\/\/yoast.com\/wordpress\/plugins\/seo\/ -->\n<title>Infrastruktura badawcza - Instytut In\u017cynierii Biomedycznej<\/title>\n<meta name=\"robots\" content=\"index, follow, max-snippet:-1, max-image-preview:large, max-video-preview:-1\" \/>\n<link rel=\"canonical\" href=\"https:\/\/wm.pb.edu.pl\/iib\/infrastruktura-badawcza\/\" \/>\n<meta property=\"og:locale\" content=\"pl_PL\" \/>\n<meta property=\"og:type\" content=\"article\" \/>\n<meta property=\"og:title\" content=\"Infrastruktura badawcza - Instytut In\u017cynierii Biomedycznej\" \/>\n<meta property=\"og:description\" content=\"LABORATORIA IN\u017bYNIERII BIOMEDYCZNEJ: Laboratorium biomateria\u0142\u00f3w Laboratorium biomechaniki Laboratorium podstaw techniki Pracownie: naukowe, naukowo-dydaktyczne, dydaktyczne\" \/>\n<meta property=\"og:url\" content=\"https:\/\/wm.pb.edu.pl\/iib\/infrastruktura-badawcza\/\" \/>\n<meta property=\"og:site_name\" content=\"Instytut In\u017cynierii Biomedycznej\" \/>\n<meta property=\"article:modified_time\" content=\"2025-12-10T09:56:08+00:00\" \/>\n<meta property=\"og:image\" content=\"https:\/\/wm.pb.edu.pl\/iib\/wp-content\/uploads\/sites\/7\/2022\/02\/Analizator-termograwimetryczny-TGA-Q500-1-e1645996771974.jpg\" \/>\n\t<meta property=\"og:image:width\" content=\"1200\" \/>\n\t<meta property=\"og:image:height\" content=\"801\" \/>\n\t<meta property=\"og:image:type\" content=\"image\/jpeg\" \/>\n<meta name=\"twitter:card\" content=\"summary_large_image\" \/>\n<meta name=\"twitter:label1\" content=\"Szacowany czas czytania\" \/>\n\t<meta name=\"twitter:data1\" content=\"3 minuty\" \/>\n<script type=\"application\/ld+json\" class=\"yoast-schema-graph\">{\"@context\":\"https:\/\/schema.org\",\"@graph\":[{\"@type\":\"WebPage\",\"@id\":\"https:\/\/wm.pb.edu.pl\/iib\/infrastruktura-badawcza\/\",\"url\":\"https:\/\/wm.pb.edu.pl\/iib\/infrastruktura-badawcza\/\",\"name\":\"Infrastruktura badawcza - Instytut In\u017cynierii Biomedycznej\",\"isPartOf\":{\"@id\":\"https:\/\/wm.pb.edu.pl\/iib\/#website\"},\"primaryImageOfPage\":{\"@id\":\"https:\/\/wm.pb.edu.pl\/iib\/infrastruktura-badawcza\/#primaryimage\"},\"image\":{\"@id\":\"https:\/\/wm.pb.edu.pl\/iib\/infrastruktura-badawcza\/#primaryimage\"},\"thumbnailUrl\":\"https:\/\/wm.pb.edu.pl\/iib\/wp-content\/uploads\/sites\/7\/2022\/02\/Analizator-termograwimetryczny-TGA-Q500-1-e1645996771974-300x200.jpg\",\"datePublished\":\"2018-06-26T10:16:31+00:00\",\"dateModified\":\"2025-12-10T09:56:08+00:00\",\"breadcrumb\":{\"@id\":\"https:\/\/wm.pb.edu.pl\/iib\/infrastruktura-badawcza\/#breadcrumb\"},\"inLanguage\":\"pl-PL\",\"potentialAction\":[{\"@type\":\"ReadAction\",\"target\":[\"https:\/\/wm.pb.edu.pl\/iib\/infrastruktura-badawcza\/\"]}]},{\"@type\":\"ImageObject\",\"inLanguage\":\"pl-PL\",\"@id\":\"https:\/\/wm.pb.edu.pl\/iib\/infrastruktura-badawcza\/#primaryimage\",\"url\":\"https:\/\/wm.pb.edu.pl\/iib\/wp-content\/uploads\/sites\/7\/2022\/02\/Analizator-termograwimetryczny-TGA-Q500-1-e1645996771974.jpg\",\"contentUrl\":\"https:\/\/wm.pb.edu.pl\/iib\/wp-content\/uploads\/sites\/7\/2022\/02\/Analizator-termograwimetryczny-TGA-Q500-1-e1645996771974.jpg\",\"width\":1200,\"height\":801,\"caption\":\"Analizator termograwimetryczny TGA Q500\"},{\"@type\":\"BreadcrumbList\",\"@id\":\"https:\/\/wm.pb.edu.pl\/iib\/infrastruktura-badawcza\/#breadcrumb\",\"itemListElement\":[{\"@type\":\"ListItem\",\"position\":1,\"name\":\"Strona g\u0142\u00f3wna\",\"item\":\"https:\/\/wm.pb.edu.pl\/iib\/\"},{\"@type\":\"ListItem\",\"position\":2,\"name\":\"Infrastruktura badawcza\"}]},{\"@type\":\"WebSite\",\"@id\":\"https:\/\/wm.pb.edu.pl\/iib\/#website\",\"url\":\"https:\/\/wm.pb.edu.pl\/iib\/\",\"name\":\"Instytut In\u017cynierii Biomedycznej\",\"description\":\"\",\"potentialAction\":[{\"@type\":\"SearchAction\",\"target\":{\"@type\":\"EntryPoint\",\"urlTemplate\":\"https:\/\/wm.pb.edu.pl\/iib\/?s={search_term_string}\"},\"query-input\":{\"@type\":\"PropertyValueSpecification\",\"valueRequired\":true,\"valueName\":\"search_term_string\"}}],\"inLanguage\":\"pl-PL\"}]}<\/script>\n<!-- \/ Yoast SEO plugin. -->","yoast_head_json":{"title":"Infrastruktura badawcza - Instytut In\u017cynierii Biomedycznej","robots":{"index":"index","follow":"follow","max-snippet":"max-snippet:-1","max-image-preview":"max-image-preview:large","max-video-preview":"max-video-preview:-1"},"canonical":"https:\/\/wm.pb.edu.pl\/iib\/infrastruktura-badawcza\/","og_locale":"pl_PL","og_type":"article","og_title":"Infrastruktura badawcza - Instytut In\u017cynierii Biomedycznej","og_description":"LABORATORIA IN\u017bYNIERII BIOMEDYCZNEJ: Laboratorium biomateria\u0142\u00f3w Laboratorium biomechaniki Laboratorium podstaw techniki Pracownie: naukowe, naukowo-dydaktyczne, dydaktyczne","og_url":"https:\/\/wm.pb.edu.pl\/iib\/infrastruktura-badawcza\/","og_site_name":"Instytut In\u017cynierii Biomedycznej","article_modified_time":"2025-12-10T09:56:08+00:00","og_image":[{"width":1200,"height":801,"url":"https:\/\/wm.pb.edu.pl\/iib\/wp-content\/uploads\/sites\/7\/2022\/02\/Analizator-termograwimetryczny-TGA-Q500-1-e1645996771974.jpg","type":"image\/jpeg"}],"twitter_card":"summary_large_image","twitter_misc":{"Szacowany czas czytania":"3 minuty"},"schema":{"@context":"https:\/\/schema.org","@graph":[{"@type":"WebPage","@id":"https:\/\/wm.pb.edu.pl\/iib\/infrastruktura-badawcza\/","url":"https:\/\/wm.pb.edu.pl\/iib\/infrastruktura-badawcza\/","name":"Infrastruktura badawcza - Instytut In\u017cynierii Biomedycznej","isPartOf":{"@id":"https:\/\/wm.pb.edu.pl\/iib\/#website"},"primaryImageOfPage":{"@id":"https:\/\/wm.pb.edu.pl\/iib\/infrastruktura-badawcza\/#primaryimage"},"image":{"@id":"https:\/\/wm.pb.edu.pl\/iib\/infrastruktura-badawcza\/#primaryimage"},"thumbnailUrl":"https:\/\/wm.pb.edu.pl\/iib\/wp-content\/uploads\/sites\/7\/2022\/02\/Analizator-termograwimetryczny-TGA-Q500-1-e1645996771974-300x200.jpg","datePublished":"2018-06-26T10:16:31+00:00","dateModified":"2025-12-10T09:56:08+00:00","breadcrumb":{"@id":"https:\/\/wm.pb.edu.pl\/iib\/infrastruktura-badawcza\/#breadcrumb"},"inLanguage":"pl-PL","potentialAction":[{"@type":"ReadAction","target":["https:\/\/wm.pb.edu.pl\/iib\/infrastruktura-badawcza\/"]}]},{"@type":"ImageObject","inLanguage":"pl-PL","@id":"https:\/\/wm.pb.edu.pl\/iib\/infrastruktura-badawcza\/#primaryimage","url":"https:\/\/wm.pb.edu.pl\/iib\/wp-content\/uploads\/sites\/7\/2022\/02\/Analizator-termograwimetryczny-TGA-Q500-1-e1645996771974.jpg","contentUrl":"https:\/\/wm.pb.edu.pl\/iib\/wp-content\/uploads\/sites\/7\/2022\/02\/Analizator-termograwimetryczny-TGA-Q500-1-e1645996771974.jpg","width":1200,"height":801,"caption":"Analizator termograwimetryczny TGA Q500"},{"@type":"BreadcrumbList","@id":"https:\/\/wm.pb.edu.pl\/iib\/infrastruktura-badawcza\/#breadcrumb","itemListElement":[{"@type":"ListItem","position":1,"name":"Strona g\u0142\u00f3wna","item":"https:\/\/wm.pb.edu.pl\/iib\/"},{"@type":"ListItem","position":2,"name":"Infrastruktura badawcza"}]},{"@type":"WebSite","@id":"https:\/\/wm.pb.edu.pl\/iib\/#website","url":"https:\/\/wm.pb.edu.pl\/iib\/","name":"Instytut In\u017cynierii Biomedycznej","description":"","potentialAction":[{"@type":"SearchAction","target":{"@type":"EntryPoint","urlTemplate":"https:\/\/wm.pb.edu.pl\/iib\/?s={search_term_string}"},"query-input":{"@type":"PropertyValueSpecification","valueRequired":true,"valueName":"search_term_string"}}],"inLanguage":"pl-PL"}]}},"_links":{"self":[{"href":"https:\/\/wm.pb.edu.pl\/iib\/wp-json\/wp\/v2\/pages\/44","targetHints":{"allow":["GET"]}}],"collection":[{"href":"https:\/\/wm.pb.edu.pl\/iib\/wp-json\/wp\/v2\/pages"}],"about":[{"href":"https:\/\/wm.pb.edu.pl\/iib\/wp-json\/wp\/v2\/types\/page"}],"author":[{"embeddable":true,"href":"https:\/\/wm.pb.edu.pl\/iib\/wp-json\/wp\/v2\/users\/75"}],"replies":[{"embeddable":true,"href":"https:\/\/wm.pb.edu.pl\/iib\/wp-json\/wp\/v2\/comments?post=44"}],"version-history":[{"count":39,"href":"https:\/\/wm.pb.edu.pl\/iib\/wp-json\/wp\/v2\/pages\/44\/revisions"}],"predecessor-version":[{"id":1025,"href":"https:\/\/wm.pb.edu.pl\/iib\/wp-json\/wp\/v2\/pages\/44\/revisions\/1025"}],"wp:attachment":[{"href":"https:\/\/wm.pb.edu.pl\/iib\/wp-json\/wp\/v2\/media?parent=44"}],"curies":[{"name":"wp","href":"https:\/\/api.w.org\/{rel}","templated":true}]}}