{"id":71,"date":"2018-06-26T12:05:56","date_gmt":"2018-06-26T10:05:56","guid":{"rendered":"https:\/\/wm.pb.edu.pl\/kair\/?page_id=71"},"modified":"2020-06-09T11:52:53","modified_gmt":"2020-06-09T09:52:53","slug":"redakcja-serwisu-www","status":"publish","type":"page","link":"https:\/\/wm.pb.edu.pl\/kapp\/redakcja-serwisu-www\/","title":{"rendered":"Redakcja serwisu WWW"},"content":{"rendered":"<p><img loading=\"lazy\" decoding=\"async\" class=\"alignleft wp-image-28\" src=\"https:\/\/wm.pb.edu.pl\/kbiib\/wp-content\/uploads\/sites\/7\/2018\/06\/redakcja-kontakt-640x360.jpg\" alt=\"serwerownia\" height=\"225\" width=\"400\"><\/p>\n<h2 style=\"margin-top: 0rem;padding-top: 0rem\">Serwis internetowy<\/h2>\n<p>Uwagi dotycz\u0105ce <strong>funkcjonowania<\/strong> oraz <strong>zawarto\u015bci (opisy, fotografie itp.)<\/strong> poszczeg\u00f3lnych stron www serwisu internetowego Katedry Robotyki i Mechatroniki prosz\u0119 przysy\u0142a\u0107 na adres:<br \/>\n&nbsp;<br \/>\n<i class=\"fa fa-envelope-o\" aria-hidden=\"true\"><\/i> <a href=\"#\" rel=\"nofollow\"  onclick=\"this.href='mailto:' + 'p.nowik' + '@' + 'pb.edu.pl'\">p.nowik [at] pb.edu.pl<\/a>\n","protected":false},"excerpt":{"rendered":"<p>Serwis internetowy Uwagi dotycz\u0105ce funkcjonowania oraz zawarto\u015bci (opisy, fotografie itp.) poszczeg\u00f3lnych stron www serwisu internetowego<a class=\"read-more\" href=\"https:\/\/wm.pb.edu.pl\/kapp\/redakcja-serwisu-www\/\" title=\"Poka\u017c artyku\u0142 Redakcja serwisu WWW\">wi\u0119cej<\/a><\/p>\n","protected":false},"author":4,"featured_media":0,"parent":0,"menu_order":7,"comment_status":"closed","ping_status":"closed","template":"","meta":{"inline_featured_image":false,"ngg_post_thumbnail":0,"footnotes":""},"class_list":["post-71","page","type-page","status-publish","hentry"],"acf":[],"yoast_head":"<!-- This site is optimized with the Yoast SEO plugin v26.4 - https:\/\/yoast.com\/wordpress\/plugins\/seo\/ -->\n<title>Redakcja serwisu WWW - Katedra Automatyzacji Proces\u00f3w Przemys\u0142owych<\/title>\n<meta name=\"robots\" content=\"index, follow, max-snippet:-1, max-image-preview:large, max-video-preview:-1\" \/>\n<link rel=\"canonical\" href=\"https:\/\/wm.pb.edu.pl\/kapp\/redakcja-serwisu-www\/\" \/>\n<script type=\"application\/ld+json\" class=\"yoast-schema-graph\">{\"@context\":\"https:\/\/schema.org\",\"@graph\":[{\"@type\":\"WebPage\",\"@id\":\"https:\/\/wm.pb.edu.pl\/kapp\/redakcja-serwisu-www\/\",\"url\":\"https:\/\/wm.pb.edu.pl\/kapp\/redakcja-serwisu-www\/\",\"name\":\"Redakcja serwisu WWW - Katedra Automatyzacji Proces\u00f3w Przemys\u0142owych\",\"isPartOf\":{\"@id\":\"https:\/\/wm.pb.edu.pl\/kapp\/#website\"},\"primaryImageOfPage\":{\"@id\":\"https:\/\/wm.pb.edu.pl\/kapp\/redakcja-serwisu-www\/#primaryimage\"},\"image\":{\"@id\":\"https:\/\/wm.pb.edu.pl\/kapp\/redakcja-serwisu-www\/#primaryimage\"},\"thumbnailUrl\":\"https:\/\/wm.pb.edu.pl\/kbiib\/wp-content\/uploads\/sites\/7\/2018\/06\/redakcja-kontakt-640x360.jpg\",\"datePublished\":\"2018-06-26T10:05:56+00:00\",\"dateModified\":\"2020-06-09T09:52:53+00:00\",\"breadcrumb\":{\"@id\":\"https:\/\/wm.pb.edu.pl\/kapp\/redakcja-serwisu-www\/#breadcrumb\"},\"inLanguage\":\"pl-PL\",\"potentialAction\":[{\"@type\":\"ReadAction\",\"target\":[\"https:\/\/wm.pb.edu.pl\/kapp\/redakcja-serwisu-www\/\"]}]},{\"@type\":\"ImageObject\",\"inLanguage\":\"pl-PL\",\"@id\":\"https:\/\/wm.pb.edu.pl\/kapp\/redakcja-serwisu-www\/#primaryimage\",\"url\":\"https:\/\/wm.pb.edu.pl\/kbiib\/wp-content\/uploads\/sites\/7\/2018\/06\/redakcja-kontakt-640x360.jpg\",\"contentUrl\":\"https:\/\/wm.pb.edu.pl\/kbiib\/wp-content\/uploads\/sites\/7\/2018\/06\/redakcja-kontakt-640x360.jpg\"},{\"@type\":\"BreadcrumbList\",\"@id\":\"https:\/\/wm.pb.edu.pl\/kapp\/redakcja-serwisu-www\/#breadcrumb\",\"itemListElement\":[{\"@type\":\"ListItem\",\"position\":1,\"name\":\"Strona g\u0142\u00f3wna\",\"item\":\"https:\/\/wm.pb.edu.pl\/kapp\/\"},{\"@type\":\"ListItem\",\"position\":2,\"name\":\"Redakcja serwisu WWW\"}]},{\"@type\":\"WebSite\",\"@id\":\"https:\/\/wm.pb.edu.pl\/kapp\/#website\",\"url\":\"https:\/\/wm.pb.edu.pl\/kapp\/\",\"name\":\"Katedra Automatyzacji Proces\u00f3w Przemys\u0142owych\",\"description\":\"\",\"potentialAction\":[{\"@type\":\"SearchAction\",\"target\":{\"@type\":\"EntryPoint\",\"urlTemplate\":\"https:\/\/wm.pb.edu.pl\/kapp\/?s={search_term_string}\"},\"query-input\":{\"@type\":\"PropertyValueSpecification\",\"valueRequired\":true,\"valueName\":\"search_term_string\"}}],\"inLanguage\":\"pl-PL\"}]}<\/script>\n<!-- \/ Yoast SEO plugin. -->","yoast_head_json":{"title":"Redakcja serwisu WWW - Katedra Automatyzacji Proces\u00f3w Przemys\u0142owych","robots":{"index":"index","follow":"follow","max-snippet":"max-snippet:-1","max-image-preview":"max-image-preview:large","max-video-preview":"max-video-preview:-1"},"canonical":"https:\/\/wm.pb.edu.pl\/kapp\/redakcja-serwisu-www\/","schema":{"@context":"https:\/\/schema.org","@graph":[{"@type":"WebPage","@id":"https:\/\/wm.pb.edu.pl\/kapp\/redakcja-serwisu-www\/","url":"https:\/\/wm.pb.edu.pl\/kapp\/redakcja-serwisu-www\/","name":"Redakcja serwisu WWW - Katedra Automatyzacji Proces\u00f3w Przemys\u0142owych","isPartOf":{"@id":"https:\/\/wm.pb.edu.pl\/kapp\/#website"},"primaryImageOfPage":{"@id":"https:\/\/wm.pb.edu.pl\/kapp\/redakcja-serwisu-www\/#primaryimage"},"image":{"@id":"https:\/\/wm.pb.edu.pl\/kapp\/redakcja-serwisu-www\/#primaryimage"},"thumbnailUrl":"https:\/\/wm.pb.edu.pl\/kbiib\/wp-content\/uploads\/sites\/7\/2018\/06\/redakcja-kontakt-640x360.jpg","datePublished":"2018-06-26T10:05:56+00:00","dateModified":"2020-06-09T09:52:53+00:00","breadcrumb":{"@id":"https:\/\/wm.pb.edu.pl\/kapp\/redakcja-serwisu-www\/#breadcrumb"},"inLanguage":"pl-PL","potentialAction":[{"@type":"ReadAction","target":["https:\/\/wm.pb.edu.pl\/kapp\/redakcja-serwisu-www\/"]}]},{"@type":"ImageObject","inLanguage":"pl-PL","@id":"https:\/\/wm.pb.edu.pl\/kapp\/redakcja-serwisu-www\/#primaryimage","url":"https:\/\/wm.pb.edu.pl\/kbiib\/wp-content\/uploads\/sites\/7\/2018\/06\/redakcja-kontakt-640x360.jpg","contentUrl":"https:\/\/wm.pb.edu.pl\/kbiib\/wp-content\/uploads\/sites\/7\/2018\/06\/redakcja-kontakt-640x360.jpg"},{"@type":"BreadcrumbList","@id":"https:\/\/wm.pb.edu.pl\/kapp\/redakcja-serwisu-www\/#breadcrumb","itemListElement":[{"@type":"ListItem","position":1,"name":"Strona g\u0142\u00f3wna","item":"https:\/\/wm.pb.edu.pl\/kapp\/"},{"@type":"ListItem","position":2,"name":"Redakcja serwisu WWW"}]},{"@type":"WebSite","@id":"https:\/\/wm.pb.edu.pl\/kapp\/#website","url":"https:\/\/wm.pb.edu.pl\/kapp\/","name":"Katedra Automatyzacji Proces\u00f3w Przemys\u0142owych","description":"","potentialAction":[{"@type":"SearchAction","target":{"@type":"EntryPoint","urlTemplate":"https:\/\/wm.pb.edu.pl\/kapp\/?s={search_term_string}"},"query-input":{"@type":"PropertyValueSpecification","valueRequired":true,"valueName":"search_term_string"}}],"inLanguage":"pl-PL"}]}},"_links":{"self":[{"href":"https:\/\/wm.pb.edu.pl\/kapp\/wp-json\/wp\/v2\/pages\/71","targetHints":{"allow":["GET"]}}],"collection":[{"href":"https:\/\/wm.pb.edu.pl\/kapp\/wp-json\/wp\/v2\/pages"}],"about":[{"href":"https:\/\/wm.pb.edu.pl\/kapp\/wp-json\/wp\/v2\/types\/page"}],"author":[{"embeddable":true,"href":"https:\/\/wm.pb.edu.pl\/kapp\/wp-json\/wp\/v2\/users\/4"}],"replies":[{"embeddable":true,"href":"https:\/\/wm.pb.edu.pl\/kapp\/wp-json\/wp\/v2\/comments?post=71"}],"version-history":[{"count":5,"href":"https:\/\/wm.pb.edu.pl\/kapp\/wp-json\/wp\/v2\/pages\/71\/revisions"}],"predecessor-version":[{"id":498,"href":"https:\/\/wm.pb.edu.pl\/kapp\/wp-json\/wp\/v2\/pages\/71\/revisions\/498"}],"wp:attachment":[{"href":"https:\/\/wm.pb.edu.pl\/kapp\/wp-json\/wp\/v2\/media?parent=71"}],"curies":[{"name":"wp","href":"https:\/\/api.w.org\/{rel}","templated":true}]}}