{"id":31,"date":"2019-10-09T11:26:16","date_gmt":"2019-10-09T09:26:16","guid":{"rendered":"https:\/\/wm.pb.edu.pl\/kbiem\/?page_id=31"},"modified":"2020-06-02T07:53:03","modified_gmt":"2020-06-02T05:53:03","slug":"o-katedrze","status":"publish","type":"page","link":"https:\/\/wm.pb.edu.pl\/kbiem\/o-katedrze\/","title":{"rendered":"O katedrze"},"content":{"rendered":"<p><strong>Katedra Budowy i Eksploatacji Maszyn <\/strong>powsta\u0142a w 2005 roku z po\u0142\u0105czenia dw\u00f3ch katedr: Katedry Podstaw Konstrukcji Maszyn oraz Katedry Pojazd\u00f3w Samochodowych.<\/p>\n<p>Pocz\u0105tki&nbsp;<strong>Katedry Podstaw Konstrukcji Maszyn <\/strong>si\u0119gaj\u0105 1950 roku, w kt\u00f3rym powsta\u0142 Zesp\u00f3\u0142 Cz\u0119\u015bci Maszyn kierowany przez mgr in\u017c. Karola Bia\u0142kowskiego. Ta jednostka organizacyjna realizowa\u0142a g\u0142\u00f3wnie zaj\u0119cia dydaktyczne. Obowi\u0105zki kierownika tego Zespo\u0142u w latach 1958-60 pe\u0142ni\u0142 mgr in\u017c. W\u0142adys\u0142aw Skorko. Kolejnym kierownikiem Zespo\u0142u Cz\u0119\u015bci Maszyn by\u0142 mgr in\u017c. Stanis\u0142aw Jab\u0142onowski (pracowa\u0142 na Wydziale od 1958 do 1964 roku), kt\u00f3ry sprawowa\u0142 tak\u017ce funkcj\u0119 kierownika Laboratorium Teorii Mechanizm\u00f3w. Nale\u017cy nadmieni\u0107, \u017ce w latach 1962-1966 istnia\u0142 tak\u017ce Zesp\u00f3\u0142 Geometrii Wykre\u015blnej i Rysunku Technicznego, kt\u00f3rego kierownikiem by\u0142 mgr in\u017c. Janusz Klentak.<\/p>\n<p>W 1964 roku nast\u0105pi\u0142o przekszta\u0142cenie Zespo\u0142u Cz\u0119\u015bci Maszyn w Zesp\u00f3\u0142 Podstaw Konstrukcji Maszyn. Kierownikiem tego Zespo\u0142u od 1966 do 1973 roku by\u0142 doc. dr in\u017c. W\u0142odzimierz Chomczyk (Rektor Wy\u017cszej Szko\u0142y In\u017cynierskiej w latach 1967-1971). Kolejnymi kierownikami Zespo\u0142u, a nast\u0119pnie Zak\u0142adu (od 1974 roku) i Katedry (od 1987 roku) Podstaw Konstrukcji Maszyn byli: doc. dr in\u017c. Henryk Popko, doc. dr in\u017c. Tadeusz Rogozi\u0144ski (w latach 1976-1979), dr in\u017c. W\u0142adys\u0142aw Rutkowski (od 1980 do 1986 roku), doc. dr hab. in\u017c. Jan Piwnik, dr in\u017c. Eugeniusz Sajewicz (p.o.) (w latach 1987-1994), dr hab. in\u017c. Walenty Osipiuk (od 1995 do 2003 roku), dr hab. in\u017c. Krzysztof Molski (od 2003 do 2005 roku).<\/p>\n<p>Nale\u017cy nadmieni\u0107, \u017ce Zak\u0142ad Podstaw Konstrukcji Maszyn funkcjonowa\u0142 w latach 1976-1979 pod przej\u015bciow\u0105 nazw\u0105: Zak\u0142ad Podstaw Konstrukcji Maszyn i Automatyki. Jego kierownikiem w 1979 roku by\u0142 dr in\u017c. Franciszek Siemieniako.<\/p>\n<p>Historia&nbsp;<strong>Katedry Pojazd\u00f3w Samochodowych<\/strong>&nbsp;rozpoczyna si\u0119 w roku 1967 z chwil\u0105 powo\u0142ania na Wydziale Mechanicznym specjalno\u015bci i Zespo\u0142u (a potem Zak\u0142adu) Maszyn i Urz\u0105dze\u0144 Rolniczych (MUR). Zesp\u00f3\u0142 zlokalizowano w budynku przy ul. Grunwaldzkiej, a nast\u0119pnie ul. Czystej. Inicjatorami powo\u0142ania specjalno\u015bci byli: prof. dr in\u017c. Henryk Popko (przewodnicz\u0105cy zespo\u0142u organizacyjnego), dr in\u017c. Jerzy Samkowicz i mgr in\u017c. Sergiusz \u017bamojda. Do roku 1972 roku Zespo\u0142em kierowali: prof. dr in\u017c. Henryk Popko, mgr in\u017c. Sergiusz \u017bamojda i mgr in\u017c. Miko\u0142aj Worona. Od roku 1972 Zak\u0142ad MUR funkcjonuje w ramach Wydzia\u0142u Maszyn i Urz\u0105dze\u0144 Rolniczych. Kierownikiem i organizatorem dzia\u0142alno\u015bci dydaktyczno-naukowej Zak\u0142adu by\u0142 w tym czasie doc. dr in\u017c. Waldemar G\u00f3ral.<\/p>\n<p>W dalszych latach jednostk\u0105 t\u0105 kolejno kierowali: prof. dr in\u017c. Henryk Bernacki, dr in\u017c. Marek Gawrysiak i doc. dr in\u017c. Czes\u0142aw Celmerowski. W roku 1975 \u2013 w ramach reorganizacji Politechniki \u2013 Zak\u0142ad ponownie znalaz\u0142 si\u0119 w strukturze Wydzia\u0142u Mechanicznego, a w roku 1991 przekszta\u0142cony zosta\u0142 w Katedr\u0119 Maszyn Rolniczych i Pojazd\u00f3w prowadz\u0105c\u0105 specjalno\u015b\u0107: maszyny i pojazdy, a potem \u2013 pojazdy samochodowe. Kierownikiem Katedry by\u0142 dr hab. in\u017c. Czes\u0142aw Celmerowski prof. PB. Nast\u0119pnie katedra nosi\u0142a nazw\u0119 Katedry Pojazd\u00f3w Samochodowych, a jej kierownikiem do roku 2003 by\u0142 prof. dr hab. in\u017c. Miko\u0142aj Miatluk. W latach 2003-2005 katedr\u0105 kierowa\u0142 prof. dr hab. in\u017c. Krzysztof Pawe\u0142 Wituszy\u0144ski.<\/p>\n<p>Z pewno\u015bci\u0105 nale\u017cy nadmieni\u0107, \u017ce w latach 2017-2019 Katedry Budowy i Eksploatacji funkcjonowa\u0142a pod przej\u015bciow\u0105 nazw\u0105 Katedra Budowy Maszyn i Techniki Cieplnej. Pracami katedry kierowa\u0142 prof. dr hab. in\u017c. Dariusz Butrymowicz.<\/p>\n<p><strong>Katedr\u0105 Budowy i Eksploatacji Maszyn <\/strong>kierowa\u0142y nast\u0119puj\u0105ce osoby<strong>:<\/strong><\/p>\n<p>dr hab. in\u017c. Jerzy Nachimowicz (od 2005 do 2014 roku)<\/p>\n<p>dr hab. in\u017c. Roman Kaczy\u0144ski (od 2015 do 2016 roku)<\/p>\n<p>dr hab. in\u017c. Zbigniew Kami\u0144ski (2017 rok)<\/p>\n<p>Od 1.10.2019 Katedr\u0105 kieruje dr hab. in\u017c. Dariusz Szpica<\/p>\n","protected":false},"excerpt":{"rendered":"<p>Katedra Budowy i Eksploatacji Maszyn powsta\u0142a w 2005 roku z po\u0142\u0105czenia dw\u00f3ch katedr: Katedry Podstaw<a class=\"read-more\" href=\"https:\/\/wm.pb.edu.pl\/kbiem\/o-katedrze\/\" title=\"Poka\u017c artyku\u0142 O katedrze\">wi\u0119cej<\/a><\/p>\n","protected":false},"author":2,"featured_media":0,"parent":0,"menu_order":0,"comment_status":"closed","ping_status":"closed","template":"","meta":{"inline_featured_image":false,"ngg_post_thumbnail":0,"footnotes":""},"class_list":["post-31","page","type-page","status-publish","hentry"],"acf":[],"yoast_head":"<!-- This site is optimized with the Yoast SEO plugin v26.4 - https:\/\/yoast.com\/wordpress\/plugins\/seo\/ -->\n<title>O katedrze - Katedra Budowy i Eksploatacji Maszyn<\/title>\n<meta name=\"robots\" content=\"index, follow, max-snippet:-1, max-image-preview:large, max-video-preview:-1\" \/>\n<link rel=\"canonical\" href=\"https:\/\/wm.pb.edu.pl\/kbiem\/o-katedrze\/\" \/>\n<meta property=\"og:locale\" content=\"pl_PL\" \/>\n<meta property=\"og:type\" content=\"article\" \/>\n<meta property=\"og:title\" content=\"O katedrze - Katedra Budowy i Eksploatacji Maszyn\" \/>\n<meta property=\"og:description\" content=\"Katedra Budowy i Eksploatacji Maszyn powsta\u0142a w 2005 roku z po\u0142\u0105czenia dw\u00f3ch katedr: Katedry Podstawwi\u0119cej\" \/>\n<meta property=\"og:url\" content=\"https:\/\/wm.pb.edu.pl\/kbiem\/o-katedrze\/\" \/>\n<meta property=\"og:site_name\" content=\"Katedra Budowy i Eksploatacji Maszyn\" \/>\n<meta property=\"article:modified_time\" content=\"2020-06-02T05:53:03+00:00\" \/>\n<meta name=\"twitter:card\" content=\"summary_large_image\" \/>\n<meta name=\"twitter:label1\" content=\"Szacowany czas czytania\" \/>\n\t<meta name=\"twitter:data1\" content=\"3 minuty\" \/>\n<script type=\"application\/ld+json\" class=\"yoast-schema-graph\">{\"@context\":\"https:\/\/schema.org\",\"@graph\":[{\"@type\":\"WebPage\",\"@id\":\"https:\/\/wm.pb.edu.pl\/kbiem\/o-katedrze\/\",\"url\":\"https:\/\/wm.pb.edu.pl\/kbiem\/o-katedrze\/\",\"name\":\"O katedrze - Katedra Budowy i Eksploatacji Maszyn\",\"isPartOf\":{\"@id\":\"https:\/\/wm.pb.edu.pl\/kbiem\/#website\"},\"datePublished\":\"2019-10-09T09:26:16+00:00\",\"dateModified\":\"2020-06-02T05:53:03+00:00\",\"breadcrumb\":{\"@id\":\"https:\/\/wm.pb.edu.pl\/kbiem\/o-katedrze\/#breadcrumb\"},\"inLanguage\":\"pl-PL\",\"potentialAction\":[{\"@type\":\"ReadAction\",\"target\":[\"https:\/\/wm.pb.edu.pl\/kbiem\/o-katedrze\/\"]}]},{\"@type\":\"BreadcrumbList\",\"@id\":\"https:\/\/wm.pb.edu.pl\/kbiem\/o-katedrze\/#breadcrumb\",\"itemListElement\":[{\"@type\":\"ListItem\",\"position\":1,\"name\":\"Strona g\u0142\u00f3wna\",\"item\":\"https:\/\/wm.pb.edu.pl\/kbiem\/\"},{\"@type\":\"ListItem\",\"position\":2,\"name\":\"O katedrze\"}]},{\"@type\":\"WebSite\",\"@id\":\"https:\/\/wm.pb.edu.pl\/kbiem\/#website\",\"url\":\"https:\/\/wm.pb.edu.pl\/kbiem\/\",\"name\":\"Katedra Budowy i Eksploatacji Maszyn\",\"description\":\"Kolejna witryna sieci &#8222;WM Witryn&#8221;\",\"potentialAction\":[{\"@type\":\"SearchAction\",\"target\":{\"@type\":\"EntryPoint\",\"urlTemplate\":\"https:\/\/wm.pb.edu.pl\/kbiem\/?s={search_term_string}\"},\"query-input\":{\"@type\":\"PropertyValueSpecification\",\"valueRequired\":true,\"valueName\":\"search_term_string\"}}],\"inLanguage\":\"pl-PL\"}]}<\/script>\n<!-- \/ Yoast SEO plugin. -->","yoast_head_json":{"title":"O katedrze - Katedra Budowy i Eksploatacji Maszyn","robots":{"index":"index","follow":"follow","max-snippet":"max-snippet:-1","max-image-preview":"max-image-preview:large","max-video-preview":"max-video-preview:-1"},"canonical":"https:\/\/wm.pb.edu.pl\/kbiem\/o-katedrze\/","og_locale":"pl_PL","og_type":"article","og_title":"O katedrze - Katedra Budowy i Eksploatacji Maszyn","og_description":"Katedra Budowy i Eksploatacji Maszyn powsta\u0142a w 2005 roku z po\u0142\u0105czenia dw\u00f3ch katedr: Katedry Podstawwi\u0119cej","og_url":"https:\/\/wm.pb.edu.pl\/kbiem\/o-katedrze\/","og_site_name":"Katedra Budowy i Eksploatacji Maszyn","article_modified_time":"2020-06-02T05:53:03+00:00","twitter_card":"summary_large_image","twitter_misc":{"Szacowany czas czytania":"3 minuty"},"schema":{"@context":"https:\/\/schema.org","@graph":[{"@type":"WebPage","@id":"https:\/\/wm.pb.edu.pl\/kbiem\/o-katedrze\/","url":"https:\/\/wm.pb.edu.pl\/kbiem\/o-katedrze\/","name":"O katedrze - Katedra Budowy i Eksploatacji Maszyn","isPartOf":{"@id":"https:\/\/wm.pb.edu.pl\/kbiem\/#website"},"datePublished":"2019-10-09T09:26:16+00:00","dateModified":"2020-06-02T05:53:03+00:00","breadcrumb":{"@id":"https:\/\/wm.pb.edu.pl\/kbiem\/o-katedrze\/#breadcrumb"},"inLanguage":"pl-PL","potentialAction":[{"@type":"ReadAction","target":["https:\/\/wm.pb.edu.pl\/kbiem\/o-katedrze\/"]}]},{"@type":"BreadcrumbList","@id":"https:\/\/wm.pb.edu.pl\/kbiem\/o-katedrze\/#breadcrumb","itemListElement":[{"@type":"ListItem","position":1,"name":"Strona g\u0142\u00f3wna","item":"https:\/\/wm.pb.edu.pl\/kbiem\/"},{"@type":"ListItem","position":2,"name":"O katedrze"}]},{"@type":"WebSite","@id":"https:\/\/wm.pb.edu.pl\/kbiem\/#website","url":"https:\/\/wm.pb.edu.pl\/kbiem\/","name":"Katedra Budowy i Eksploatacji Maszyn","description":"Kolejna witryna sieci &#8222;WM Witryn&#8221;","potentialAction":[{"@type":"SearchAction","target":{"@type":"EntryPoint","urlTemplate":"https:\/\/wm.pb.edu.pl\/kbiem\/?s={search_term_string}"},"query-input":{"@type":"PropertyValueSpecification","valueRequired":true,"valueName":"search_term_string"}}],"inLanguage":"pl-PL"}]}},"_links":{"self":[{"href":"https:\/\/wm.pb.edu.pl\/kbiem\/wp-json\/wp\/v2\/pages\/31","targetHints":{"allow":["GET"]}}],"collection":[{"href":"https:\/\/wm.pb.edu.pl\/kbiem\/wp-json\/wp\/v2\/pages"}],"about":[{"href":"https:\/\/wm.pb.edu.pl\/kbiem\/wp-json\/wp\/v2\/types\/page"}],"author":[{"embeddable":true,"href":"https:\/\/wm.pb.edu.pl\/kbiem\/wp-json\/wp\/v2\/users\/2"}],"replies":[{"embeddable":true,"href":"https:\/\/wm.pb.edu.pl\/kbiem\/wp-json\/wp\/v2\/comments?post=31"}],"version-history":[{"count":5,"href":"https:\/\/wm.pb.edu.pl\/kbiem\/wp-json\/wp\/v2\/pages\/31\/revisions"}],"predecessor-version":[{"id":77,"href":"https:\/\/wm.pb.edu.pl\/kbiem\/wp-json\/wp\/v2\/pages\/31\/revisions\/77"}],"wp:attachment":[{"href":"https:\/\/wm.pb.edu.pl\/kbiem\/wp-json\/wp\/v2\/media?parent=31"}],"curies":[{"name":"wp","href":"https:\/\/api.w.org\/{rel}","templated":true}]}}

<p><strong>Katedra Budowy i Eksploatacji Maszyn </strong>powstała w 2005 roku z połączenia dwóch katedr: Katedry Podstaw Konstrukcji Maszyn oraz Katedry Pojazdów Samochodowych.</p>
<p>Początki&nbsp;<strong>Katedry Podstaw Konstrukcji Maszyn </strong>sięgają 1950 roku, w którym powstał Zespół Części Maszyn kierowany przez mgr inż. Karola Białkowskiego. Ta jednostka organizacyjna realizowała głównie zajęcia dydaktyczne. Obowiązki kierownika tego Zespołu w latach 1958-60 pełnił mgr inż. Władysław Skorko. Kolejnym kierownikiem Zespołu Części Maszyn był mgr inż. Stanisław Jabłonowski (pracował na Wydziale od 1958 do 1964 roku), który sprawował także funkcję kierownika Laboratorium Teorii Mechanizmów. Należy nadmienić, że w latach 1962-1966 istniał także Zespół Geometrii Wykreślnej i Rysunku Technicznego, którego kierownikiem był mgr inż. Janusz Klentak.</p>
<p>W 1964 roku nastąpiło przekształcenie Zespołu Części Maszyn w Zespół Podstaw Konstrukcji Maszyn. Kierownikiem tego Zespołu od 1966 do 1973 roku był doc. dr inż. Włodzimierz Chomczyk (Rektor Wyższej Szkoły Inżynierskiej w latach 1967-1971). Kolejnymi kierownikami Zespołu, a następnie Zakładu (od 1974 roku) i Katedry (od 1987 roku) Podstaw Konstrukcji Maszyn byli: doc. dr inż. Henryk Popko, doc. dr inż. Tadeusz Rogoziński (w latach 1976-1979), dr inż. Władysław Rutkowski (od 1980 do 1986 roku), doc. dr hab. inż. Jan Piwnik, dr inż. Eugeniusz Sajewicz (p.o.) (w latach 1987-1994), dr hab. inż. Walenty Osipiuk (od 1995 do 2003 roku), dr hab. inż. Krzysztof Molski (od 2003 do 2005 roku).</p>
<p>Należy nadmienić, że Zakład Podstaw Konstrukcji Maszyn funkcjonował w latach 1976-1979 pod przejściową nazwą: Zakład Podstaw Konstrukcji Maszyn i Automatyki. Jego kierownikiem w 1979 roku był dr inż. Franciszek Siemieniako.</p>
<p>Historia&nbsp;<strong>Katedry Pojazdów Samochodowych</strong>&nbsp;rozpoczyna się w roku 1967 z chwilą powołania na Wydziale Mechanicznym specjalności i Zespołu (a potem Zakładu) Maszyn i Urządzeń Rolniczych (MUR). Zespół zlokalizowano w budynku przy ul. Grunwaldzkiej, a następnie ul. Czystej. Inicjatorami powołania specjalności byli: prof. dr inż. Henryk Popko (przewodniczący zespołu organizacyjnego), dr inż. Jerzy Samkowicz i mgr inż. Sergiusz Żamojda. Do roku 1972 roku Zespołem kierowali: prof. dr inż. Henryk Popko, mgr inż. Sergiusz Żamojda i mgr inż. Mikołaj Worona. Od roku 1972 Zakład MUR funkcjonuje w ramach Wydziału Maszyn i Urządzeń Rolniczych. Kierownikiem i organizatorem działalności dydaktyczno-naukowej Zakładu był w tym czasie doc. dr inż. Waldemar Góral.</p>
<p>W dalszych latach jednostką tą kolejno kierowali: prof. dr inż. Henryk Bernacki, dr inż. Marek Gawrysiak i doc. dr inż. Czesław Celmerowski. W roku 1975 – w ramach reorganizacji Politechniki – Zakład ponownie znalazł się w strukturze Wydziału Mechanicznego, a w roku 1991 przekształcony został w Katedrę Maszyn Rolniczych i Pojazdów prowadzącą specjalność: maszyny i pojazdy, a potem – pojazdy samochodowe. Kierownikiem Katedry był dr hab. inż. Czesław Celmerowski prof. PB. Następnie katedra nosiła nazwę Katedry Pojazdów Samochodowych, a jej kierownikiem do roku 2003 był prof. dr hab. inż. Mikołaj Miatluk. W latach 2003-2005 katedrą kierował prof. dr hab. inż. Krzysztof Paweł Wituszyński.</p>
<p>Z pewnością należy nadmienić, że w latach 2017-2019 Katedry Budowy i Eksploatacji funkcjonowała pod przejściową nazwą Katedra Budowy Maszyn i Techniki Cieplnej. Pracami katedry kierował prof. dr hab. inż. Dariusz Butrymowicz.</p>
<p><strong>Katedrą Budowy i Eksploatacji Maszyn </strong>kierowały następujące osoby<strong>:</strong></p>
<p>dr hab. inż. Jerzy Nachimowicz (od 2005 do 2014 roku)</p>
<p>dr hab. inż. Roman Kaczyński (od 2015 do 2016 roku)</p>
<p>dr hab. inż. Zbigniew Kamiński (2017 rok)</p>
<p>Od 1.10.2019 Katedrą kieruje dr hab. inż. Dariusz Szpica</p>

<p>Katedra Budowy i Eksploatacji Maszyn powstała w 2005 roku z połączenia dwóch katedr: Katedry Podstaw<a class="read-more" href="https://wm.pb.edu.pl/kbiem/o-katedrze/" title="Pokaż artykuł O katedrze">więcej</a></p>

<!-- This site is optimized with the Yoast SEO plugin v26.4 - https://yoast.com/wordpress/plugins/seo/ -->
<title>O katedrze - Katedra Budowy i Eksploatacji Maszyn</title>
<meta name="robots" content="index, follow, max-snippet:-1, max-image-preview:large, max-video-preview:-1" />
<link rel="canonical" href="https://wm.pb.edu.pl/kbiem/o-katedrze/" />
<meta property="og:locale" content="pl_PL" />
<meta property="og:type" content="article" />
<meta property="og:title" content="O katedrze - Katedra Budowy i Eksploatacji Maszyn" />
<meta property="og:description" content="Katedra Budowy i Eksploatacji Maszyn powstała w 2005 roku z połączenia dwóch katedr: Katedry Podstawwięcej" />
<meta property="og:url" content="https://wm.pb.edu.pl/kbiem/o-katedrze/" />
<meta property="og:site_name" content="Katedra Budowy i Eksploatacji Maszyn" />
<meta property="article:modified_time" content="2020-06-02T05:53:03+00:00" />
<meta name="twitter:card" content="summary_large_image" />
<meta name="twitter:label1" content="Szacowany czas czytania" />
	<meta name="twitter:data1" content="3 minuty" />
<script type="application/ld+json" class="yoast-schema-graph">{"@context":"https://schema.org","@graph":[{"@type":"WebPage","@id":"https://wm.pb.edu.pl/kbiem/o-katedrze/","url":"https://wm.pb.edu.pl/kbiem/o-katedrze/","name":"O katedrze - Katedra Budowy i Eksploatacji Maszyn","isPartOf":{"@id":"https://wm.pb.edu.pl/kbiem/#website"},"datePublished":"2019-10-09T09:26:16+00:00","dateModified":"2020-06-02T05:53:03+00:00","breadcrumb":{"@id":"https://wm.pb.edu.pl/kbiem/o-katedrze/#breadcrumb"},"inLanguage":"pl-PL","potentialAction":[{"@type":"ReadAction","target":["https://wm.pb.edu.pl/kbiem/o-katedrze/"]}]},{"@type":"BreadcrumbList","@id":"https://wm.pb.edu.pl/kbiem/o-katedrze/#breadcrumb","itemListElement":[{"@type":"ListItem","position":1,"name":"Strona główna","item":"https://wm.pb.edu.pl/kbiem/"},{"@type":"ListItem","position":2,"name":"O katedrze"}]},{"@type":"WebSite","@id":"https://wm.pb.edu.pl/kbiem/#website","url":"https://wm.pb.edu.pl/kbiem/","name":"Katedra Budowy i Eksploatacji Maszyn","description":"Kolejna witryna sieci &#8222;WM Witryn&#8221;","potentialAction":[{"@type":"SearchAction","target":{"@type":"EntryPoint","urlTemplate":"https://wm.pb.edu.pl/kbiem/?s={search_term_string}"},"query-input":{"@type":"PropertyValueSpecification","valueRequired":true,"valueName":"search_term_string"}}],"inLanguage":"pl-PL"}]}</script>
<!-- / Yoast SEO plugin. -->

Katedra Budowy i Eksploatacji Maszyn powstała w 2005 roku z połączenia dwóch katedr: Katedry Podstawwięcej

Strona główna
