{"id":60,"date":"2018-06-26T12:13:50","date_gmt":"2018-06-26T10:13:50","guid":{"rendered":"https:\/\/wm.pb.edu.pl\/kmiis\/?page_id=60"},"modified":"2024-12-19T14:05:20","modified_gmt":"2024-12-19T13:05:20","slug":"projekty","status":"publish","type":"page","link":"https:\/\/wm.pb.edu.pl\/kmiis\/nauka\/projekty\/","title":{"rendered":"Projekty"},"content":{"rendered":"<h2><strong>REALIZOWANE PROJEKTY<\/strong><\/h2>\n<p><strong>Procesy p\u0119kania element\u00f3w z karbami wykonanych z tworzyw sztucznych, w warunkach prostych i z\u0142o\u017conych stan\u00f3w obci\u0105\u017cenia (2019\/33\/N\/ST8\/02382)<\/strong><\/p>\n<p>Kierownik: mgr in\u017c. El\u017cbieta Bura<\/p>\n<p><a title=\"\" href=\"https:\/\/projekty.ncn.gov.pl\/opisy\/444747-pl.pdf\" target=\"_blank\" rel=\"noopener noreferrer\"><u>Opis projektu<\/u><\/a>&nbsp;<\/p>\n<p>&nbsp;<\/p>\n<p><strong>Modelowanie kumulacji uszkodze\u0144 i p\u0119kania materia\u0142\u00f3w konstrukcyjnych w warunkach z\u0142o\u017conych obci\u0105\u017ce\u0144 zm\u0119czeniowych, tak\u017ce z uwzgl\u0119dnieniem predeformacji pe\u0142zaniowej oraz podwy\u017cszonej temperatury (2018\/29\/B\/ST8\/00697)<\/strong><\/p>\n<p>Kierownik: prof. dr hab. in\u017c. Andrzej Seweryn<\/p>\n<p><a title=\"\" href=\"https:\/\/projekty.ncn.gov.pl\/opisy\/411160-pl.pdf\" target=\"_blank\" rel=\"noopener noreferrer\"><u>Opis projektu<\/u><\/a>&nbsp;<\/p>\n<p>&nbsp;<\/p>\n<p><strong>Badanie tr\u00f3jwymiarowych trajektorii ruchu p\u0119cherzy gazowych w cieczy (2018\/29\/N\/ST8\/01672)<\/strong><\/p>\n<p>Kierownik: dr in\u017c. Jakub Augustyniak<\/p>\n<p><a title=\"\" href=\"https:\/\/projekty.ncn.gov.pl\/opisy\/410815-pl.pdf\" target=\"_blank\" rel=\"noopener noreferrer\"><u>Opis projektu<\/u><\/a><\/p>\n<p><strong>Nieliniowe modele matematyczne i badania do\u015bwiadczalne nagrzewania tarciowego kolejowego uk\u0142adu hamulcowego (2017\/27\/B\/ST8\/01249)<\/strong><\/p>\n<p>Kierownik: prof. dr hab. in\u017c. Micha\u0142 Kuciej<\/p>\n<p><a title=\"\" href=\"https:\/\/projekty.ncn.gov.pl\/opisy\/396479-pl.pdf\" target=\"_blank\" rel=\"noopener noreferrer\"><u>Opis projektu<\/u><\/a>&nbsp;<\/p>\n<p>&nbsp;<\/p>\n<p><strong>Stabilno\u015b\u0107 intensyfikowanego przez mikromembran\u0119 wrzenia w minikanale (2017\/27\/B\/ST8\/02905)<\/strong><\/p>\n<p>Kierownik: prof. dr hab. in\u017c. Romuald Mosdorf<\/p>\n<p><a title=\"\" href=\"https:\/\/projekty.ncn.gov.pl\/opisy\/396170-pl.pdf\" target=\"_blank\" rel=\"noopener noreferrer\"><u>Opis projektu<\/u><\/a>&nbsp;<\/p>\n<p>&nbsp;<\/p>\n<p><strong>Rozwi\u0105zanie problemu wyznaczania temperatury w kontakcie \u015blizgowym (2017\/26\/D\/ST8\/00142)<\/strong><\/p>\n<p>Kierownik: dr hab. in\u017c. Oleksii Nosko<\/p>\n<p><a title=\"\" href=\"https:\/\/projekty.ncn.gov.pl\/opisy\/384762-pl.pdf\" target=\"_blank\" rel=\"noopener noreferrer\"><u>Opis projektu<\/u><\/a><\/p>\n<p>&nbsp;<\/p>\n<p><strong>Numeryczne modelowanie procesu zniszczenia metali porowatych na&nbsp;podstawie obraz\u00f3w mikrotomograficznych&nbsp;(2016\/23\/N\/ST8\/03519)<\/strong><\/p>\n<p>Kierownik: dr in\u017c. Micha\u0142 Doroszko<\/p>\n<p><a title=\"\" href=\"https:\/\/projekty.ncn.gov.pl\/opisy\/358155-pl.pdf\" target=\"_blank\" rel=\"noopener noreferrer\"><u>Opis projektu<\/u><\/a><\/p>\n<p>&nbsp;<\/p>\n<p><strong>Analiza niestabilno\u015bci wrzenia w&nbsp;r\u00f3wnoleg\u0142ych minikana\u0142ach&nbsp;(2015\/17\/N\/ST8\/03079)<\/strong><\/p>\n<p>Kierownik: dr in\u017c. Hubert Grzybowski<\/p>\n<p><a title=\"\" href=\"https:\/\/projekty.ncn.gov.pl\/opisy\/296354-pl.pdf\" target=\"_blank\" rel=\"noopener noreferrer\"><u>Opis projektu<\/u><\/a><\/p>\n<p>&nbsp;<\/p>\n<p><strong>Zagadnienia cieplne tarcia dla uk\u0142ad\u00f3w warstwa-pod\u0142o\u017ce z uwzgl\u0119dnieniem termoczu\u0142o\u015bci materia\u0142\u00f3w (2015\/19\/N\/ST8\/03923)<\/strong><\/p>\n<p>Kierownik: dr in\u017c. Ewa Kulesza<\/p>\n<p><a title=\"\" href=\"https:\/\/projekty.ncn.gov.pl\/opisy\/312822-pl.pdf\" target=\"_blank\" rel=\"noopener noreferrer\"><u>Opis projektu<\/u><\/a><\/p>\n<p>&nbsp;<\/p>\n<p><strong>Modelowanie numeryczne nagrzewania tarciowego w&nbsp;uk\u0142adzie hamulcowym z&nbsp;uwzgl\u0119dnieniem wzajemnej zale\u017cno\u015bci pr\u0119dko\u015bci, temperatury i&nbsp;czu\u0142o\u015bci termicznej materia\u0142\u00f3w&nbsp;(2015\/19\/D\/ST8\/00837)<\/strong><\/p>\n<p>Kierownik: dr hab. in\u017c. Piotr Grze\u015b<\/p>\n<p><a title=\"\" href=\"https:\/\/projekty.ncn.gov.pl\/opisy\/314222-pl.pdf\" target=\"_blank\" rel=\"noopener noreferrer\"><u>Opis projektu<\/u><\/a>&nbsp;<\/p>\n<p>&nbsp;<\/p>\n<p><strong>Badanie dynamiki zalewania dyszy ciecz\u0105 podczas formowania si\u0119 kolumny p\u0119cherzy (2014\/13\/N\/ST8\/03312)<\/strong><\/p>\n<p>Kierownik: dr in\u017c. Pawe\u0142 Dzienis&nbsp;<\/p>\n<p>&nbsp;<\/p>\n<p><strong>Identyfikacja struktur przep\u0142ywu dwufazowego w minikanale z zastosowaniem metod nieliniowej analizy danych (2013\/09\/B\/ST8\/02850)<\/strong><\/p>\n<p>Kierownik: prof. dr hab. in\u017c. Romuald Mosdorf<\/p>\n<p>&nbsp;<\/p>\n<p><strong>Wybrane problemy termomechaniki materia\u0142\u00f3w o w\u0142a\u015bciwo\u015bciach zale\u017cnych od temperatury (2013\/11\/D\/ST8\/03428)<\/strong><\/p>\n<p>Kierownik: dr hab. in\u017c. Dariusz Perkowski<\/p>\n<p>&nbsp;<\/p>\n<p><strong>Analityczne i numeryczne modelowanie procesu nieustalonej generacji ciep\u0142a w elementach tarciowych uk\u0142ad\u00f3w hamulcowych (2011\/01\/B\/ST8\/07446)<\/strong><\/p>\n<p>Kierownik: prof. dr hab. Oleksandr Jewtuszenko<\/p>\n<p>&nbsp;<\/p>\n<p><strong>Mikromechaniczne modelowanie zniszczenia polimerowych kompozyt\u00f3w w\u0142\u00f3knistych&nbsp;(2011\/03\/D\/ST8\/04817)<\/strong><\/p>\n<p>Kierownik: dr hab. in\u017c. Marek Romanowicz<\/p>\n<p>&nbsp;<\/p>\n<p><strong>Analiza napr\u0119\u017ce\u0144 wywo\u0142anych naciskami kontaktowymi w jednorodnym o\u015brodku z pokryciem gradientowym (2011\/03\/N\/ST8\/04212)<\/strong><\/p>\n<p>Kierownik: dr in\u017c. Adam Bajkowski<\/p>\n<p>&nbsp;<\/p>\n","protected":false},"excerpt":{"rendered":"<p>REALIZOWANE PROJEKTY Procesy p\u0119kania element\u00f3w z karbami wykonanych z tworzyw sztucznych, w warunkach prostych i<a class=\"read-more\" href=\"https:\/\/wm.pb.edu.pl\/kmiis\/nauka\/projekty\/\" title=\"Poka\u017c artyku\u0142 Projekty\">wi\u0119cej<\/a><\/p>\n","protected":false},"author":14,"featured_media":0,"parent":23,"menu_order":2,"comment_status":"closed","ping_status":"closed","template":"","meta":{"inline_featured_image":false,"ngg_post_thumbnail":0,"footnotes":""},"class_list":["post-60","page","type-page","status-publish","hentry"],"acf":[],"yoast_head":"<!-- This site is optimized with the Yoast SEO plugin v26.4 - https:\/\/yoast.com\/wordpress\/plugins\/seo\/ -->\n<title>Projekty - Katedra Mechaniki i Informatyki Stosowanej<\/title>\n<meta name=\"robots\" content=\"index, follow, max-snippet:-1, max-image-preview:large, max-video-preview:-1\" \/>\n<link rel=\"canonical\" href=\"https:\/\/wm.pb.edu.pl\/kmiis\/nauka\/projekty\/\" \/>\n<meta property=\"og:locale\" content=\"pl_PL\" \/>\n<meta property=\"og:type\" content=\"article\" \/>\n<meta property=\"og:title\" content=\"Projekty - Katedra Mechaniki i Informatyki Stosowanej\" \/>\n<meta property=\"og:description\" content=\"REALIZOWANE PROJEKTY Procesy p\u0119kania element\u00f3w z karbami wykonanych z tworzyw sztucznych, w warunkach prostych iwi\u0119cej\" \/>\n<meta property=\"og:url\" content=\"https:\/\/wm.pb.edu.pl\/kmiis\/nauka\/projekty\/\" \/>\n<meta property=\"og:site_name\" content=\"Katedra Mechaniki i Informatyki Stosowanej\" \/>\n<meta property=\"article:modified_time\" content=\"2024-12-19T13:05:20+00:00\" \/>\n<meta name=\"twitter:card\" content=\"summary_large_image\" \/>\n<meta name=\"twitter:label1\" content=\"Szacowany czas czytania\" \/>\n\t<meta name=\"twitter:data1\" content=\"2 minuty\" \/>\n<script type=\"application\/ld+json\" class=\"yoast-schema-graph\">{\"@context\":\"https:\/\/schema.org\",\"@graph\":[{\"@type\":\"WebPage\",\"@id\":\"https:\/\/wm.pb.edu.pl\/kmiis\/nauka\/projekty\/\",\"url\":\"https:\/\/wm.pb.edu.pl\/kmiis\/nauka\/projekty\/\",\"name\":\"Projekty - Katedra Mechaniki i Informatyki Stosowanej\",\"isPartOf\":{\"@id\":\"https:\/\/wm.pb.edu.pl\/kmiis\/#website\"},\"datePublished\":\"2018-06-26T10:13:50+00:00\",\"dateModified\":\"2024-12-19T13:05:20+00:00\",\"breadcrumb\":{\"@id\":\"https:\/\/wm.pb.edu.pl\/kmiis\/nauka\/projekty\/#breadcrumb\"},\"inLanguage\":\"pl-PL\",\"potentialAction\":[{\"@type\":\"ReadAction\",\"target\":[\"https:\/\/wm.pb.edu.pl\/kmiis\/nauka\/projekty\/\"]}]},{\"@type\":\"BreadcrumbList\",\"@id\":\"https:\/\/wm.pb.edu.pl\/kmiis\/nauka\/projekty\/#breadcrumb\",\"itemListElement\":[{\"@type\":\"ListItem\",\"position\":1,\"name\":\"Strona g\u0142\u00f3wna\",\"item\":\"https:\/\/wm.pb.edu.pl\/kmiis\/\"},{\"@type\":\"ListItem\",\"position\":2,\"name\":\"Nauka\",\"item\":\"https:\/\/wm.pb.edu.pl\/kmiis\/nauka\/\"},{\"@type\":\"ListItem\",\"position\":3,\"name\":\"Projekty\"}]},{\"@type\":\"WebSite\",\"@id\":\"https:\/\/wm.pb.edu.pl\/kmiis\/#website\",\"url\":\"https:\/\/wm.pb.edu.pl\/kmiis\/\",\"name\":\"Katedra Mechaniki i Informatyki Stosowanej\",\"description\":\"\",\"potentialAction\":[{\"@type\":\"SearchAction\",\"target\":{\"@type\":\"EntryPoint\",\"urlTemplate\":\"https:\/\/wm.pb.edu.pl\/kmiis\/?s={search_term_string}\"},\"query-input\":{\"@type\":\"PropertyValueSpecification\",\"valueRequired\":true,\"valueName\":\"search_term_string\"}}],\"inLanguage\":\"pl-PL\"}]}<\/script>\n<!-- \/ Yoast SEO plugin. -->","yoast_head_json":{"title":"Projekty - Katedra Mechaniki i Informatyki Stosowanej","robots":{"index":"index","follow":"follow","max-snippet":"max-snippet:-1","max-image-preview":"max-image-preview:large","max-video-preview":"max-video-preview:-1"},"canonical":"https:\/\/wm.pb.edu.pl\/kmiis\/nauka\/projekty\/","og_locale":"pl_PL","og_type":"article","og_title":"Projekty - Katedra Mechaniki i Informatyki Stosowanej","og_description":"REALIZOWANE PROJEKTY Procesy p\u0119kania element\u00f3w z karbami wykonanych z tworzyw sztucznych, w warunkach prostych iwi\u0119cej","og_url":"https:\/\/wm.pb.edu.pl\/kmiis\/nauka\/projekty\/","og_site_name":"Katedra Mechaniki i Informatyki Stosowanej","article_modified_time":"2024-12-19T13:05:20+00:00","twitter_card":"summary_large_image","twitter_misc":{"Szacowany czas czytania":"2 minuty"},"schema":{"@context":"https:\/\/schema.org","@graph":[{"@type":"WebPage","@id":"https:\/\/wm.pb.edu.pl\/kmiis\/nauka\/projekty\/","url":"https:\/\/wm.pb.edu.pl\/kmiis\/nauka\/projekty\/","name":"Projekty - Katedra Mechaniki i Informatyki Stosowanej","isPartOf":{"@id":"https:\/\/wm.pb.edu.pl\/kmiis\/#website"},"datePublished":"2018-06-26T10:13:50+00:00","dateModified":"2024-12-19T13:05:20+00:00","breadcrumb":{"@id":"https:\/\/wm.pb.edu.pl\/kmiis\/nauka\/projekty\/#breadcrumb"},"inLanguage":"pl-PL","potentialAction":[{"@type":"ReadAction","target":["https:\/\/wm.pb.edu.pl\/kmiis\/nauka\/projekty\/"]}]},{"@type":"BreadcrumbList","@id":"https:\/\/wm.pb.edu.pl\/kmiis\/nauka\/projekty\/#breadcrumb","itemListElement":[{"@type":"ListItem","position":1,"name":"Strona g\u0142\u00f3wna","item":"https:\/\/wm.pb.edu.pl\/kmiis\/"},{"@type":"ListItem","position":2,"name":"Nauka","item":"https:\/\/wm.pb.edu.pl\/kmiis\/nauka\/"},{"@type":"ListItem","position":3,"name":"Projekty"}]},{"@type":"WebSite","@id":"https:\/\/wm.pb.edu.pl\/kmiis\/#website","url":"https:\/\/wm.pb.edu.pl\/kmiis\/","name":"Katedra Mechaniki i Informatyki Stosowanej","description":"","potentialAction":[{"@type":"SearchAction","target":{"@type":"EntryPoint","urlTemplate":"https:\/\/wm.pb.edu.pl\/kmiis\/?s={search_term_string}"},"query-input":{"@type":"PropertyValueSpecification","valueRequired":true,"valueName":"search_term_string"}}],"inLanguage":"pl-PL"}]}},"_links":{"self":[{"href":"https:\/\/wm.pb.edu.pl\/kmiis\/wp-json\/wp\/v2\/pages\/60","targetHints":{"allow":["GET"]}}],"collection":[{"href":"https:\/\/wm.pb.edu.pl\/kmiis\/wp-json\/wp\/v2\/pages"}],"about":[{"href":"https:\/\/wm.pb.edu.pl\/kmiis\/wp-json\/wp\/v2\/types\/page"}],"author":[{"embeddable":true,"href":"https:\/\/wm.pb.edu.pl\/kmiis\/wp-json\/wp\/v2\/users\/14"}],"replies":[{"embeddable":true,"href":"https:\/\/wm.pb.edu.pl\/kmiis\/wp-json\/wp\/v2\/comments?post=60"}],"version-history":[{"count":10,"href":"https:\/\/wm.pb.edu.pl\/kmiis\/wp-json\/wp\/v2\/pages\/60\/revisions"}],"predecessor-version":[{"id":459,"href":"https:\/\/wm.pb.edu.pl\/kmiis\/wp-json\/wp\/v2\/pages\/60\/revisions\/459"}],"up":[{"embeddable":true,"href":"https:\/\/wm.pb.edu.pl\/kmiis\/wp-json\/wp\/v2\/pages\/23"}],"wp:attachment":[{"href":"https:\/\/wm.pb.edu.pl\/kmiis\/wp-json\/wp\/v2\/media?parent=60"}],"curies":[{"name":"wp","href":"https:\/\/api.w.org\/{rel}","templated":true}]}}