{"id":18,"date":"2018-06-26T11:09:29","date_gmt":"2018-06-26T09:09:29","guid":{"rendered":"https:\/\/wm.pb.edu.pl\/knr\/?page_id=18"},"modified":"2024-11-04T10:59:24","modified_gmt":"2024-11-04T09:59:24","slug":"o-nas","status":"publish","type":"page","link":"https:\/\/wm.pb.edu.pl\/knr\/o-nas\/","title":{"rendered":"O nas"},"content":{"rendered":"<p>Ko\u0142o Naukowe Robotyk\u00f3w funkcjonuje na Wydziale Mechanicznym Politechniki Bia\u0142ostockiej. Organizacja powsta\u0142a 18 maja 2006 roku i obecnie sk\u0142ada si\u0119 z trzech sekcji: Rover Team PB, zajmuj\u0105cej si\u0119 budow\u0105 analogowych \u0142azik\u00f3w marsja\u0144skich, SumoMasters, specjalizuj\u0105cej si\u0119 w konstruowaniu robot\u00f3w sumo oraz Lego, kt\u00f3rej cz\u0142onkowie rozwijaj\u0105 swoje umiej\u0119tno\u015bci, tworz\u0105c zaawansowane modele robot\u00f3w z zestaw\u00f3w Lego.<\/p>\n<p>Celem Ko\u0142a Naukowego Robotyk\u00f3w jest rozw\u00f3j praktycznych umiej\u0119tno\u015bci student\u00f3w w dziedzinie robotyki i mechatroniki. Organizacja umo\u017cliwia uczestnikom projektowanie i budow\u0119 innowacyjnych konstrukcji, co pozwala na zastosowanie teorii w praktyce.<\/p>\n<p>Co roku powstaje wiele konstrukcji, kt\u00f3re zdobywaj\u0105 czo\u0142owe miejsca zar\u00f3wno w Polsce, jak i za granic\u0105. Najbardziej widowiskow\u0105 i presti\u017cow\u0105 cz\u0119\u015bci\u0105 dzia\u0142alno\u015bci ko\u0142a s\u0105 analogi \u0142azik\u00f3w marsja\u0144skich, kt\u00f3re regularnie zajmuj\u0105 wysokie miejsca na zawodach URC (University Rover Challenge) oraz ERC (European Rover Challenge).<\/p>\n","protected":false},"excerpt":{"rendered":"<p>Ko\u0142o Naukowe Robotyk\u00f3w funkcjonuje na Wydziale Mechanicznym Politechniki Bia\u0142ostockiej. Organizacja powsta\u0142a 18 maja 2006 roku<a class=\"read-more\" href=\"https:\/\/wm.pb.edu.pl\/knr\/o-nas\/\" title=\"Poka\u017c artyku\u0142 O nas\">wi\u0119cej<\/a><\/p>\n","protected":false},"author":14,"featured_media":0,"parent":0,"menu_order":1,"comment_status":"closed","ping_status":"closed","template":"","meta":{"inline_featured_image":false,"ngg_post_thumbnail":0,"footnotes":""},"class_list":["post-18","page","type-page","status-publish","hentry"],"acf":[],"yoast_head":"<!-- This site is optimized with the Yoast SEO plugin v26.4 - https:\/\/yoast.com\/wordpress\/plugins\/seo\/ -->\n<title>O nas - Ko\u0142o Naukowe Robotyk\u00f3w<\/title>\n<meta name=\"robots\" content=\"index, follow, max-snippet:-1, max-image-preview:large, max-video-preview:-1\" \/>\n<link rel=\"canonical\" href=\"https:\/\/wm.pb.edu.pl\/knr\/o-nas\/\" \/>\n<meta property=\"og:locale\" content=\"pl_PL\" \/>\n<meta property=\"og:type\" content=\"article\" \/>\n<meta property=\"og:title\" content=\"O nas - Ko\u0142o Naukowe Robotyk\u00f3w\" \/>\n<meta property=\"og:description\" content=\"Ko\u0142o Naukowe Robotyk\u00f3w funkcjonuje na Wydziale Mechanicznym Politechniki Bia\u0142ostockiej. Organizacja powsta\u0142a 18 maja 2006 rokuwi\u0119cej\" \/>\n<meta property=\"og:url\" content=\"https:\/\/wm.pb.edu.pl\/knr\/o-nas\/\" \/>\n<meta property=\"og:site_name\" content=\"Ko\u0142o Naukowe Robotyk\u00f3w\" \/>\n<meta property=\"article:modified_time\" content=\"2024-11-04T09:59:24+00:00\" \/>\n<meta name=\"twitter:card\" content=\"summary_large_image\" \/>\n<meta name=\"twitter:label1\" content=\"Szacowany czas czytania\" \/>\n\t<meta name=\"twitter:data1\" content=\"1 minuta\" \/>\n<script type=\"application\/ld+json\" class=\"yoast-schema-graph\">{\"@context\":\"https:\/\/schema.org\",\"@graph\":[{\"@type\":\"WebPage\",\"@id\":\"https:\/\/wm.pb.edu.pl\/knr\/o-nas\/\",\"url\":\"https:\/\/wm.pb.edu.pl\/knr\/o-nas\/\",\"name\":\"O nas - Ko\u0142o Naukowe Robotyk\u00f3w\",\"isPartOf\":{\"@id\":\"https:\/\/wm.pb.edu.pl\/knr\/#website\"},\"datePublished\":\"2018-06-26T09:09:29+00:00\",\"dateModified\":\"2024-11-04T09:59:24+00:00\",\"breadcrumb\":{\"@id\":\"https:\/\/wm.pb.edu.pl\/knr\/o-nas\/#breadcrumb\"},\"inLanguage\":\"pl-PL\",\"potentialAction\":[{\"@type\":\"ReadAction\",\"target\":[\"https:\/\/wm.pb.edu.pl\/knr\/o-nas\/\"]}]},{\"@type\":\"BreadcrumbList\",\"@id\":\"https:\/\/wm.pb.edu.pl\/knr\/o-nas\/#breadcrumb\",\"itemListElement\":[{\"@type\":\"ListItem\",\"position\":1,\"name\":\"Strona g\u0142\u00f3wna\",\"item\":\"https:\/\/wm.pb.edu.pl\/knr\/\"},{\"@type\":\"ListItem\",\"position\":2,\"name\":\"O nas\"}]},{\"@type\":\"WebSite\",\"@id\":\"https:\/\/wm.pb.edu.pl\/knr\/#website\",\"url\":\"https:\/\/wm.pb.edu.pl\/knr\/\",\"name\":\"Ko\u0142o Naukowe Robotyk\u00f3w\",\"description\":\"\",\"potentialAction\":[{\"@type\":\"SearchAction\",\"target\":{\"@type\":\"EntryPoint\",\"urlTemplate\":\"https:\/\/wm.pb.edu.pl\/knr\/?s={search_term_string}\"},\"query-input\":{\"@type\":\"PropertyValueSpecification\",\"valueRequired\":true,\"valueName\":\"search_term_string\"}}],\"inLanguage\":\"pl-PL\"}]}<\/script>\n<!-- \/ Yoast SEO plugin. -->","yoast_head_json":{"title":"O nas - Ko\u0142o Naukowe Robotyk\u00f3w","robots":{"index":"index","follow":"follow","max-snippet":"max-snippet:-1","max-image-preview":"max-image-preview:large","max-video-preview":"max-video-preview:-1"},"canonical":"https:\/\/wm.pb.edu.pl\/knr\/o-nas\/","og_locale":"pl_PL","og_type":"article","og_title":"O nas - Ko\u0142o Naukowe Robotyk\u00f3w","og_description":"Ko\u0142o Naukowe Robotyk\u00f3w funkcjonuje na Wydziale Mechanicznym Politechniki Bia\u0142ostockiej. Organizacja powsta\u0142a 18 maja 2006 rokuwi\u0119cej","og_url":"https:\/\/wm.pb.edu.pl\/knr\/o-nas\/","og_site_name":"Ko\u0142o Naukowe Robotyk\u00f3w","article_modified_time":"2024-11-04T09:59:24+00:00","twitter_card":"summary_large_image","twitter_misc":{"Szacowany czas czytania":"1 minuta"},"schema":{"@context":"https:\/\/schema.org","@graph":[{"@type":"WebPage","@id":"https:\/\/wm.pb.edu.pl\/knr\/o-nas\/","url":"https:\/\/wm.pb.edu.pl\/knr\/o-nas\/","name":"O nas - Ko\u0142o Naukowe Robotyk\u00f3w","isPartOf":{"@id":"https:\/\/wm.pb.edu.pl\/knr\/#website"},"datePublished":"2018-06-26T09:09:29+00:00","dateModified":"2024-11-04T09:59:24+00:00","breadcrumb":{"@id":"https:\/\/wm.pb.edu.pl\/knr\/o-nas\/#breadcrumb"},"inLanguage":"pl-PL","potentialAction":[{"@type":"ReadAction","target":["https:\/\/wm.pb.edu.pl\/knr\/o-nas\/"]}]},{"@type":"BreadcrumbList","@id":"https:\/\/wm.pb.edu.pl\/knr\/o-nas\/#breadcrumb","itemListElement":[{"@type":"ListItem","position":1,"name":"Strona g\u0142\u00f3wna","item":"https:\/\/wm.pb.edu.pl\/knr\/"},{"@type":"ListItem","position":2,"name":"O nas"}]},{"@type":"WebSite","@id":"https:\/\/wm.pb.edu.pl\/knr\/#website","url":"https:\/\/wm.pb.edu.pl\/knr\/","name":"Ko\u0142o Naukowe Robotyk\u00f3w","description":"","potentialAction":[{"@type":"SearchAction","target":{"@type":"EntryPoint","urlTemplate":"https:\/\/wm.pb.edu.pl\/knr\/?s={search_term_string}"},"query-input":{"@type":"PropertyValueSpecification","valueRequired":true,"valueName":"search_term_string"}}],"inLanguage":"pl-PL"}]}},"_links":{"self":[{"href":"https:\/\/wm.pb.edu.pl\/knr\/wp-json\/wp\/v2\/pages\/18","targetHints":{"allow":["GET"]}}],"collection":[{"href":"https:\/\/wm.pb.edu.pl\/knr\/wp-json\/wp\/v2\/pages"}],"about":[{"href":"https:\/\/wm.pb.edu.pl\/knr\/wp-json\/wp\/v2\/types\/page"}],"author":[{"embeddable":true,"href":"https:\/\/wm.pb.edu.pl\/knr\/wp-json\/wp\/v2\/users\/14"}],"replies":[{"embeddable":true,"href":"https:\/\/wm.pb.edu.pl\/knr\/wp-json\/wp\/v2\/comments?post=18"}],"version-history":[{"count":9,"href":"https:\/\/wm.pb.edu.pl\/knr\/wp-json\/wp\/v2\/pages\/18\/revisions"}],"predecessor-version":[{"id":795,"href":"https:\/\/wm.pb.edu.pl\/knr\/wp-json\/wp\/v2\/pages\/18\/revisions\/795"}],"wp:attachment":[{"href":"https:\/\/wm.pb.edu.pl\/knr\/wp-json\/wp\/v2\/media?parent=18"}],"curies":[{"name":"wp","href":"https:\/\/api.w.org\/{rel}","templated":true}]}}