{"id":29,"date":"2018-06-26T11:21:16","date_gmt":"2018-06-26T09:21:16","guid":{"rendered":"https:\/\/wm.pb.edu.pl\/knr\/?page_id=29"},"modified":"2024-11-05T11:38:42","modified_gmt":"2024-11-05T10:38:42","slug":"sekcje","status":"publish","type":"page","link":"https:\/\/wm.pb.edu.pl\/knr\/sekcje\/","title":{"rendered":"Sekcje"},"content":{"rendered":"<p>SEKCJA ANALOGOWYCH \u0141AZIK\u00d3W&nbsp;MARSJA\u0143SKICH<\/p>\n<p>ROVER TEAM PB<\/p>\n<p>Rover Team PB to sekcja, kt\u00f3ra zajmuje si\u0119 projektowaniem i budow\u0105 analogowych \u0142azik\u00f3w marsja\u0144skich, stawiaj\u0105cych czo\u0142a wyzwaniom symuluj\u0105cym warunki panuj\u0105ce na Marsie. Zesp\u00f3\u0142 anga\u017cuje si\u0119 w ca\u0142y proces tworzenia \u0142azik\u00f3w \u2013 od pomys\u0142u i projektowania, przez budow\u0119, a\u017c po testowanie i optymalizacj\u0119.<\/p>\n<p>Cz\u0142onkowie sekcji zdobywaj\u0105 do\u015bwiadczenie w r\u00f3\u017cnych dziedzinach, takich jak mechanika, elektronika i programowanie, a tak\u017ce ucz\u0105 si\u0119 pracy w zespole i zarz\u0105dzania projektami. Ko\u0142o pomaga studentom rozwija\u0107 swoje umiej\u0119tno\u015bci techniczne oraz pozwala pozna\u0107 nowoczesne technologie wykorzystywane w robotyce.<\/p>\n<p>W ramach Rover Team PB studenci mog\u0105 dzia\u0142a\u0107 na r\u00f3\u017cnych p\u0142aszczyznach, w zale\u017cno\u015bci od swoich zainteresowa\u0144:<\/p>\n<ul>\n<li><strong>elektronika &#8211;&nbsp;<\/strong>&nbsp;zajmuje si\u0119 projektowaniem i implementacj\u0105 uk\u0142ad\u00f3w elektronicznych, kt\u00f3re s\u0105 kluczowe dla funkcjonowania \u0142azik\u00f3w<\/li>\n<li><strong>programowanie &#8211;<\/strong>&nbsp;zajmuje si\u0119 programowaniem&nbsp;\u0142azik\u00f3w, tworz\u0105c algorytmy odpowiedzialne za autonomiczne nawigowanie oraz wykonywanie zada\u0144<\/li>\n<li><strong>mechanika &#8211;&nbsp;<\/strong>koncentruje si\u0119 na projektowaniu struktury \u0142azik\u00f3w, analizuj\u0105c ich stabilno\u015b\u0107, wytrzyma\u0142o\u015b\u0107 i zdolno\u015b\u0107 do poruszania si\u0119 po trudnym terenie<\/li>\n<li><strong>science &#8211;&nbsp;<\/strong>zajmuje si\u0119 analizowaniem wynik\u00f3w i poszukiwaniu innowacyjnych rozwi\u0105za\u0144 naukowych dotycz\u0105cych budowy analogowych \u0142azik\u00f3w marsja\u0144skich<\/li>\n<li><strong>PR (Public Relations)&nbsp;<\/strong><\/li>\n<\/ul>\n<p>SEKCJA<br \/>\nSUMOMASTERS<\/p>\n<p>Sekcja SumoMasters specjalizuje si\u0119 w budowie robot\u00f3w sumo, kt\u00f3re rywalizuj\u0105 w zawodach, gdzie celem jest wypchni\u0119cie przeciwnika z ringu. Cz\u0142onkowie tej sekcji projektuj\u0105, programuj\u0105 i testuj\u0105 swoje roboty, co pozwala im na nauk\u0119 praktycznych umiej\u0119tno\u015bci z zakresu programowania, mechaniki i elektroniki.&nbsp;<\/p>\n<p>SEKCJA<br \/>\nLEGO<\/p>\n<p>Sekcja Lego zajmuje si\u0119 projektowaniem robot\u00f3w z wykorzystaniem zestaw\u00f3w Lego, co stanowi doskona\u0142y wst\u0119p do nauki robotyki. Uczestnicy sekcji rozwijaj\u0105 swoje umiej\u0119tno\u015bci konstrukcyjne i programistyczne, tworz\u0105c modele mobilne i autonomiczne. &nbsp;<\/p>\n","protected":false},"excerpt":{"rendered":"<p>SEKCJA ANALOGOWYCH \u0141AZIK\u00d3W&nbsp;MARSJA\u0143SKICH ROVER TEAM PB Rover Team PB to sekcja, kt\u00f3ra zajmuje si\u0119 projektowaniem<a class=\"read-more\" href=\"https:\/\/wm.pb.edu.pl\/knr\/sekcje\/\" title=\"Poka\u017c artyku\u0142 Sekcje\">wi\u0119cej<\/a><\/p>\n","protected":false},"author":14,"featured_media":0,"parent":0,"menu_order":3,"comment_status":"closed","ping_status":"closed","template":"","meta":{"inline_featured_image":false,"ngg_post_thumbnail":0,"footnotes":""},"class_list":["post-29","page","type-page","status-publish","hentry"],"acf":[],"yoast_head":"<!-- This site is optimized with the Yoast SEO plugin v26.4 - https:\/\/yoast.com\/wordpress\/plugins\/seo\/ -->\n<title>Sekcje - Ko\u0142o Naukowe Robotyk\u00f3w<\/title>\n<meta name=\"robots\" content=\"index, follow, max-snippet:-1, max-image-preview:large, max-video-preview:-1\" \/>\n<link rel=\"canonical\" href=\"https:\/\/wm.pb.edu.pl\/knr\/sekcje\/\" \/>\n<meta property=\"og:locale\" content=\"pl_PL\" \/>\n<meta property=\"og:type\" content=\"article\" \/>\n<meta property=\"og:title\" content=\"Sekcje - Ko\u0142o Naukowe Robotyk\u00f3w\" \/>\n<meta property=\"og:description\" content=\"SEKCJA ANALOGOWYCH \u0141AZIK\u00d3W&nbsp;MARSJA\u0143SKICH ROVER TEAM PB Rover Team PB to sekcja, kt\u00f3ra zajmuje si\u0119 projektowaniemwi\u0119cej\" \/>\n<meta property=\"og:url\" content=\"https:\/\/wm.pb.edu.pl\/knr\/sekcje\/\" \/>\n<meta property=\"og:site_name\" content=\"Ko\u0142o Naukowe Robotyk\u00f3w\" \/>\n<meta property=\"article:modified_time\" content=\"2024-11-05T10:38:42+00:00\" \/>\n<meta name=\"twitter:card\" content=\"summary_large_image\" \/>\n<meta name=\"twitter:label1\" content=\"Szacowany czas czytania\" \/>\n\t<meta name=\"twitter:data1\" content=\"2 minuty\" \/>\n<script type=\"application\/ld+json\" class=\"yoast-schema-graph\">{\"@context\":\"https:\/\/schema.org\",\"@graph\":[{\"@type\":\"WebPage\",\"@id\":\"https:\/\/wm.pb.edu.pl\/knr\/sekcje\/\",\"url\":\"https:\/\/wm.pb.edu.pl\/knr\/sekcje\/\",\"name\":\"Sekcje - Ko\u0142o Naukowe Robotyk\u00f3w\",\"isPartOf\":{\"@id\":\"https:\/\/wm.pb.edu.pl\/knr\/#website\"},\"datePublished\":\"2018-06-26T09:21:16+00:00\",\"dateModified\":\"2024-11-05T10:38:42+00:00\",\"breadcrumb\":{\"@id\":\"https:\/\/wm.pb.edu.pl\/knr\/sekcje\/#breadcrumb\"},\"inLanguage\":\"pl-PL\",\"potentialAction\":[{\"@type\":\"ReadAction\",\"target\":[\"https:\/\/wm.pb.edu.pl\/knr\/sekcje\/\"]}]},{\"@type\":\"BreadcrumbList\",\"@id\":\"https:\/\/wm.pb.edu.pl\/knr\/sekcje\/#breadcrumb\",\"itemListElement\":[{\"@type\":\"ListItem\",\"position\":1,\"name\":\"Strona g\u0142\u00f3wna\",\"item\":\"https:\/\/wm.pb.edu.pl\/knr\/\"},{\"@type\":\"ListItem\",\"position\":2,\"name\":\"Sekcje\"}]},{\"@type\":\"WebSite\",\"@id\":\"https:\/\/wm.pb.edu.pl\/knr\/#website\",\"url\":\"https:\/\/wm.pb.edu.pl\/knr\/\",\"name\":\"Ko\u0142o Naukowe Robotyk\u00f3w\",\"description\":\"\",\"potentialAction\":[{\"@type\":\"SearchAction\",\"target\":{\"@type\":\"EntryPoint\",\"urlTemplate\":\"https:\/\/wm.pb.edu.pl\/knr\/?s={search_term_string}\"},\"query-input\":{\"@type\":\"PropertyValueSpecification\",\"valueRequired\":true,\"valueName\":\"search_term_string\"}}],\"inLanguage\":\"pl-PL\"}]}<\/script>\n<!-- \/ Yoast SEO plugin. -->","yoast_head_json":{"title":"Sekcje - Ko\u0142o Naukowe Robotyk\u00f3w","robots":{"index":"index","follow":"follow","max-snippet":"max-snippet:-1","max-image-preview":"max-image-preview:large","max-video-preview":"max-video-preview:-1"},"canonical":"https:\/\/wm.pb.edu.pl\/knr\/sekcje\/","og_locale":"pl_PL","og_type":"article","og_title":"Sekcje - Ko\u0142o Naukowe Robotyk\u00f3w","og_description":"SEKCJA ANALOGOWYCH \u0141AZIK\u00d3W&nbsp;MARSJA\u0143SKICH ROVER TEAM PB Rover Team PB to sekcja, kt\u00f3ra zajmuje si\u0119 projektowaniemwi\u0119cej","og_url":"https:\/\/wm.pb.edu.pl\/knr\/sekcje\/","og_site_name":"Ko\u0142o Naukowe Robotyk\u00f3w","article_modified_time":"2024-11-05T10:38:42+00:00","twitter_card":"summary_large_image","twitter_misc":{"Szacowany czas czytania":"2 minuty"},"schema":{"@context":"https:\/\/schema.org","@graph":[{"@type":"WebPage","@id":"https:\/\/wm.pb.edu.pl\/knr\/sekcje\/","url":"https:\/\/wm.pb.edu.pl\/knr\/sekcje\/","name":"Sekcje - Ko\u0142o Naukowe Robotyk\u00f3w","isPartOf":{"@id":"https:\/\/wm.pb.edu.pl\/knr\/#website"},"datePublished":"2018-06-26T09:21:16+00:00","dateModified":"2024-11-05T10:38:42+00:00","breadcrumb":{"@id":"https:\/\/wm.pb.edu.pl\/knr\/sekcje\/#breadcrumb"},"inLanguage":"pl-PL","potentialAction":[{"@type":"ReadAction","target":["https:\/\/wm.pb.edu.pl\/knr\/sekcje\/"]}]},{"@type":"BreadcrumbList","@id":"https:\/\/wm.pb.edu.pl\/knr\/sekcje\/#breadcrumb","itemListElement":[{"@type":"ListItem","position":1,"name":"Strona g\u0142\u00f3wna","item":"https:\/\/wm.pb.edu.pl\/knr\/"},{"@type":"ListItem","position":2,"name":"Sekcje"}]},{"@type":"WebSite","@id":"https:\/\/wm.pb.edu.pl\/knr\/#website","url":"https:\/\/wm.pb.edu.pl\/knr\/","name":"Ko\u0142o Naukowe Robotyk\u00f3w","description":"","potentialAction":[{"@type":"SearchAction","target":{"@type":"EntryPoint","urlTemplate":"https:\/\/wm.pb.edu.pl\/knr\/?s={search_term_string}"},"query-input":{"@type":"PropertyValueSpecification","valueRequired":true,"valueName":"search_term_string"}}],"inLanguage":"pl-PL"}]}},"_links":{"self":[{"href":"https:\/\/wm.pb.edu.pl\/knr\/wp-json\/wp\/v2\/pages\/29","targetHints":{"allow":["GET"]}}],"collection":[{"href":"https:\/\/wm.pb.edu.pl\/knr\/wp-json\/wp\/v2\/pages"}],"about":[{"href":"https:\/\/wm.pb.edu.pl\/knr\/wp-json\/wp\/v2\/types\/page"}],"author":[{"embeddable":true,"href":"https:\/\/wm.pb.edu.pl\/knr\/wp-json\/wp\/v2\/users\/14"}],"replies":[{"embeddable":true,"href":"https:\/\/wm.pb.edu.pl\/knr\/wp-json\/wp\/v2\/comments?post=29"}],"version-history":[{"count":66,"href":"https:\/\/wm.pb.edu.pl\/knr\/wp-json\/wp\/v2\/pages\/29\/revisions"}],"predecessor-version":[{"id":798,"href":"https:\/\/wm.pb.edu.pl\/knr\/wp-json\/wp\/v2\/pages\/29\/revisions\/798"}],"wp:attachment":[{"href":"https:\/\/wm.pb.edu.pl\/knr\/wp-json\/wp\/v2\/media?parent=29"}],"curies":[{"name":"wp","href":"https:\/\/api.w.org\/{rel}","templated":true}]}}