{"id":11,"date":"2018-06-25T22:01:38","date_gmt":"2018-06-25T20:01:38","guid":{"rendered":"https:\/\/wm.pb.edu.pl\/kbmitc\/?page_id=11"},"modified":"2023-04-28T13:56:18","modified_gmt":"2023-04-28T11:56:18","slug":"strona-glowna","status":"publish","type":"page","link":"https:\/\/wm.pb.edu.pl\/ktc\/","title":{"rendered":"Katedra Techniki Cieplnej"},"content":{"rendered":"<p><a name=\"tu-skacz\"><\/a><br \/>\n<a class=\"button text-center animated zoomIn lead\" style=\"width: 100%\" href=\"https:\/\/wm.pb.edu.pl\/ktc\/forum-pomp-ciepla\/\"><strong>Forum Pomp Ciep\u0142a &#8211; 8 maja 2023 w Bydgoskim Centrum Targowo-Wystawienniczym<\/strong><\/a><\/p>\n<p><a class=\"button text-center animated zoomIn lead\" style=\"width: 100%\" href=\"https:\/\/wm.pb.edu.pl\/swcim2022\/\"><strong>Konferencja Symp. Wymiany Ciep\u0142a i Masy &#8211; August\u00f3w, 14-16 wrze\u015bnia 2022<\/strong><\/a><\/p>\n<div class=\"row\">\n<div class=\"col-md-4\">\n  <div class=\"boxlink animated zoomIn \">\r\n    <a href=\"\/ktc\/o-katedrze\/\" class=\"\">\r\n      <div class=\"boxlink-title\">O katedrze<span><\/span><\/div>\r\n      <div class=\"boxlink-content\">\r\n        <img decoding=\"async\" class=\"aligncenter wp-image-534 size-full\" src=\"https:\/\/wm.pb.edu.pl\/ktc\/wp-content\/uploads\/sites\/5\/2019\/10\/MW_BMiTC.png\" alt=\"\">      <\/div>\r\n    <\/a>\r\n  <\/div>\r\n\n<\/div>\n<div class=\"col-md-4\">\n  <div class=\"boxlink animated zoomIn \">\r\n    <a href=\"\/ktc\/nauka\/\" class=\"\">\r\n      <div class=\"boxlink-title\">Nauka<span><\/span><\/div>\r\n      <div class=\"boxlink-content\">\r\n        <img decoding=\"async\" class=\"aligncenter wp-image-534 size-full\" src=\"https:\/\/wm.pb.edu.pl\/kmiis\/wp-content\/uploads\/sites\/3\/2018\/08\/WM_nauka.png\" alt=\"\">      <\/div>\r\n    <\/a>\r\n  <\/div>\r\n\n<\/div>\n<div class=\"col-md-4\">\n  <div class=\"boxlink animated zoomIn \">\r\n    <a href=\"\/ktc\/kola-naukowe\" class=\"\">\r\n      <div class=\"boxlink-title\">Ko\u0142a naukowe<span><\/span><\/div>\r\n      <div class=\"boxlink-content\">\r\n        <img decoding=\"async\" class=\"aligncenter wp-image-534 size-full\" src=\"https:\/\/wm.pb.edu.pl\/kmiis\/wp-content\/uploads\/sites\/3\/2018\/08\/WM_studenci.png\" alt=\"\">      <\/div>\r\n    <\/a>\r\n  <\/div>\r\n\n<\/div>\n<\/div>\n<div class=\"row\">\n<div class=\"col-md-4\">\n  <div class=\"boxlink animated zoomIn \">\r\n    <a href=\"\/ktc\/pracownicy\/\" class=\"\">\r\n      <div class=\"boxlink-title\">Pracownicy<span><\/span><\/div>\r\n      <div class=\"boxlink-content\">\r\n        <img decoding=\"async\" class=\"aligncenter wp-image-534 size-full\" src=\"https:\/\/wm.pb.edu.pl\/kmiis\/wp-content\/uploads\/sites\/3\/2018\/08\/WM_pracownicy.png\" alt=\"\">      <\/div>\r\n    <\/a>\r\n  <\/div>\r\n\n<\/div>\n<div class=\"col-md-4\">\n  <div class=\"boxlink animated zoomIn \">\r\n    <a href=\"\/ktc\/laboratoria\/\" class=\"\">\r\n      <div class=\"boxlink-title\">Laboratoria<span><\/span><\/div>\r\n      <div class=\"boxlink-content\">\r\n        <img decoding=\"async\" class=\"aligncenter wp-image-534 size-full\" src=\"https:\/\/wm.pb.edu.pl\/kmiis\/wp-content\/uploads\/sites\/3\/2018\/08\/MW_lab.png\" alt=\"\">      <\/div>\r\n    <\/a>\r\n  <\/div>\r\n\n<\/div>\n<div class=\"col-md-4\">\n  <div class=\"boxlink animated zoomIn \">\r\n    <a href=\"\/ktc\/kontakt\" class=\"\">\r\n      <div class=\"boxlink-title\">Kontakt<span><\/span><\/div>\r\n      <div class=\"boxlink-content\">\r\n        <img decoding=\"async\" class=\"aligncenter wp-image-534 size-full\" src=\"https:\/\/wm.pb.edu.pl\/kmiis\/wp-content\/uploads\/sites\/3\/2018\/08\/MW_kontakt.png\" alt=\"\">      <\/div>\r\n    <\/a>\r\n  <\/div>\r\n\n<\/div>\n<\/div>\n","protected":false},"excerpt":{"rendered":"<p>Forum Pomp Ciep\u0142a &#8211; 8 maja 2023 w Bydgoskim Centrum Targowo-Wystawienniczym Konferencja Symp. Wymiany Ciep\u0142a<a class=\"read-more\" href=\"https:\/\/wm.pb.edu.pl\/ktc\/\" title=\"Poka\u017c artyku\u0142 Katedra Techniki Cieplnej\">wi\u0119cej<\/a><\/p>\n","protected":false},"author":2,"featured_media":302,"parent":0,"menu_order":0,"comment_status":"closed","ping_status":"closed","template":"templates\/reprezentacyjna-4_8.php","meta":{"inline_featured_image":false,"ngg_post_thumbnail":0,"footnotes":""},"class_list":["post-11","page","type-page","status-publish","has-post-thumbnail","hentry"],"acf":[],"yoast_head":"<!-- This site is optimized with the Yoast SEO plugin v26.4 - https:\/\/yoast.com\/wordpress\/plugins\/seo\/ -->\n<title>Katedra Techniki Cieplnej<\/title>\n<meta name=\"description\" content=\"Katedra Techniki Cieplnej Wydzia\u0142 Mechaniczny Politechniki Bia\u0142ostockiej\" \/>\n<meta name=\"robots\" content=\"index, follow, max-snippet:-1, max-image-preview:large, max-video-preview:-1\" \/>\n<link rel=\"canonical\" href=\"https:\/\/wm.pb.edu.pl\/ktc\/\" \/>\n<meta property=\"og:locale\" content=\"pl_PL\" \/>\n<meta property=\"og:type\" content=\"article\" \/>\n<meta property=\"og:title\" content=\"Katedra Techniki Cieplnej\" \/>\n<meta property=\"og:description\" content=\"Katedra Techniki Cieplnej Wydzia\u0142 Mechaniczny Politechniki Bia\u0142ostockiej\" \/>\n<meta property=\"og:url\" content=\"https:\/\/wm.pb.edu.pl\/ktc\/\" \/>\n<meta property=\"og:site_name\" content=\"Katedra Techniki Cieplnej\" \/>\n<meta property=\"article:modified_time\" content=\"2023-04-28T11:56:18+00:00\" \/>\n<meta property=\"og:image\" content=\"https:\/\/wm.pb.edu.pl\/ktc\/wp-content\/uploads\/sites\/5\/2022\/10\/laboratorium-przeplywow-wielofazowych-stanowisko-do-badan-wymiennikow-ciepla-scaled.jpg\" \/>\n\t<meta property=\"og:image:width\" content=\"2560\" \/>\n\t<meta property=\"og:image:height\" content=\"1707\" \/>\n\t<meta property=\"og:image:type\" content=\"image\/jpeg\" \/>\n<meta name=\"twitter:card\" content=\"summary_large_image\" \/>\n<meta name=\"twitter:label1\" content=\"Szacowany czas czytania\" \/>\n\t<meta name=\"twitter:data1\" content=\"2 minuty\" \/>\n<script type=\"application\/ld+json\" class=\"yoast-schema-graph\">{\"@context\":\"https:\/\/schema.org\",\"@graph\":[{\"@type\":\"WebPage\",\"@id\":\"https:\/\/wm.pb.edu.pl\/ktc\/\",\"url\":\"https:\/\/wm.pb.edu.pl\/ktc\/\",\"name\":\"Katedra Techniki Cieplnej\",\"isPartOf\":{\"@id\":\"https:\/\/wm.pb.edu.pl\/ktc\/#website\"},\"primaryImageOfPage\":{\"@id\":\"https:\/\/wm.pb.edu.pl\/ktc\/#primaryimage\"},\"image\":{\"@id\":\"https:\/\/wm.pb.edu.pl\/ktc\/#primaryimage\"},\"thumbnailUrl\":\"https:\/\/wm.pb.edu.pl\/ktc\/wp-content\/uploads\/sites\/5\/2022\/10\/laboratorium-przeplywow-wielofazowych-stanowisko-do-badan-wymiennikow-ciepla-scaled.jpg\",\"datePublished\":\"2018-06-25T20:01:38+00:00\",\"dateModified\":\"2023-04-28T11:56:18+00:00\",\"description\":\"Katedra Techniki Cieplnej Wydzia\u0142 Mechaniczny Politechniki Bia\u0142ostockiej\",\"breadcrumb\":{\"@id\":\"https:\/\/wm.pb.edu.pl\/ktc\/#breadcrumb\"},\"inLanguage\":\"pl-PL\",\"potentialAction\":[{\"@type\":\"ReadAction\",\"target\":[\"https:\/\/wm.pb.edu.pl\/ktc\/\"]}]},{\"@type\":\"ImageObject\",\"inLanguage\":\"pl-PL\",\"@id\":\"https:\/\/wm.pb.edu.pl\/ktc\/#primaryimage\",\"url\":\"https:\/\/wm.pb.edu.pl\/ktc\/wp-content\/uploads\/sites\/5\/2022\/10\/laboratorium-przeplywow-wielofazowych-stanowisko-do-badan-wymiennikow-ciepla-scaled.jpg\",\"contentUrl\":\"https:\/\/wm.pb.edu.pl\/ktc\/wp-content\/uploads\/sites\/5\/2022\/10\/laboratorium-przeplywow-wielofazowych-stanowisko-do-badan-wymiennikow-ciepla-scaled.jpg\",\"width\":2560,\"height\":1707,\"caption\":\"laboratorium przep\u0142yw\u00f3w wielofazowych stanowisko do bada\u0144 wymiennik\u00f3w ciep\u0142a\"},{\"@type\":\"BreadcrumbList\",\"@id\":\"https:\/\/wm.pb.edu.pl\/ktc\/#breadcrumb\",\"itemListElement\":[{\"@type\":\"ListItem\",\"position\":1,\"name\":\"Strona g\u0142\u00f3wna\",\"item\":\"https:\/\/wm.pb.edu.pl\/ktc\/\"},{\"@type\":\"ListItem\",\"position\":2,\"name\":\"Katedra Techniki Cieplnej\"}]},{\"@type\":\"WebSite\",\"@id\":\"https:\/\/wm.pb.edu.pl\/ktc\/#website\",\"url\":\"https:\/\/wm.pb.edu.pl\/ktc\/\",\"name\":\"Katedra Techniki Cieplnej\",\"description\":\"\",\"potentialAction\":[{\"@type\":\"SearchAction\",\"target\":{\"@type\":\"EntryPoint\",\"urlTemplate\":\"https:\/\/wm.pb.edu.pl\/ktc\/?s={search_term_string}\"},\"query-input\":{\"@type\":\"PropertyValueSpecification\",\"valueRequired\":true,\"valueName\":\"search_term_string\"}}],\"inLanguage\":\"pl-PL\"}]}<\/script>\n<!-- \/ Yoast SEO plugin. -->","yoast_head_json":{"title":"Katedra Techniki Cieplnej","description":"Katedra Techniki Cieplnej Wydzia\u0142 Mechaniczny Politechniki Bia\u0142ostockiej","robots":{"index":"index","follow":"follow","max-snippet":"max-snippet:-1","max-image-preview":"max-image-preview:large","max-video-preview":"max-video-preview:-1"},"canonical":"https:\/\/wm.pb.edu.pl\/ktc\/","og_locale":"pl_PL","og_type":"article","og_title":"Katedra Techniki Cieplnej","og_description":"Katedra Techniki Cieplnej Wydzia\u0142 Mechaniczny Politechniki Bia\u0142ostockiej","og_url":"https:\/\/wm.pb.edu.pl\/ktc\/","og_site_name":"Katedra Techniki Cieplnej","article_modified_time":"2023-04-28T11:56:18+00:00","og_image":[{"width":2560,"height":1707,"url":"https:\/\/wm.pb.edu.pl\/ktc\/wp-content\/uploads\/sites\/5\/2022\/10\/laboratorium-przeplywow-wielofazowych-stanowisko-do-badan-wymiennikow-ciepla-scaled.jpg","type":"image\/jpeg"}],"twitter_card":"summary_large_image","twitter_misc":{"Szacowany czas czytania":"2 minuty"},"schema":{"@context":"https:\/\/schema.org","@graph":[{"@type":"WebPage","@id":"https:\/\/wm.pb.edu.pl\/ktc\/","url":"https:\/\/wm.pb.edu.pl\/ktc\/","name":"Katedra Techniki Cieplnej","isPartOf":{"@id":"https:\/\/wm.pb.edu.pl\/ktc\/#website"},"primaryImageOfPage":{"@id":"https:\/\/wm.pb.edu.pl\/ktc\/#primaryimage"},"image":{"@id":"https:\/\/wm.pb.edu.pl\/ktc\/#primaryimage"},"thumbnailUrl":"https:\/\/wm.pb.edu.pl\/ktc\/wp-content\/uploads\/sites\/5\/2022\/10\/laboratorium-przeplywow-wielofazowych-stanowisko-do-badan-wymiennikow-ciepla-scaled.jpg","datePublished":"2018-06-25T20:01:38+00:00","dateModified":"2023-04-28T11:56:18+00:00","description":"Katedra Techniki Cieplnej Wydzia\u0142 Mechaniczny Politechniki Bia\u0142ostockiej","breadcrumb":{"@id":"https:\/\/wm.pb.edu.pl\/ktc\/#breadcrumb"},"inLanguage":"pl-PL","potentialAction":[{"@type":"ReadAction","target":["https:\/\/wm.pb.edu.pl\/ktc\/"]}]},{"@type":"ImageObject","inLanguage":"pl-PL","@id":"https:\/\/wm.pb.edu.pl\/ktc\/#primaryimage","url":"https:\/\/wm.pb.edu.pl\/ktc\/wp-content\/uploads\/sites\/5\/2022\/10\/laboratorium-przeplywow-wielofazowych-stanowisko-do-badan-wymiennikow-ciepla-scaled.jpg","contentUrl":"https:\/\/wm.pb.edu.pl\/ktc\/wp-content\/uploads\/sites\/5\/2022\/10\/laboratorium-przeplywow-wielofazowych-stanowisko-do-badan-wymiennikow-ciepla-scaled.jpg","width":2560,"height":1707,"caption":"laboratorium przep\u0142yw\u00f3w wielofazowych stanowisko do bada\u0144 wymiennik\u00f3w ciep\u0142a"},{"@type":"BreadcrumbList","@id":"https:\/\/wm.pb.edu.pl\/ktc\/#breadcrumb","itemListElement":[{"@type":"ListItem","position":1,"name":"Strona g\u0142\u00f3wna","item":"https:\/\/wm.pb.edu.pl\/ktc\/"},{"@type":"ListItem","position":2,"name":"Katedra Techniki Cieplnej"}]},{"@type":"WebSite","@id":"https:\/\/wm.pb.edu.pl\/ktc\/#website","url":"https:\/\/wm.pb.edu.pl\/ktc\/","name":"Katedra Techniki Cieplnej","description":"","potentialAction":[{"@type":"SearchAction","target":{"@type":"EntryPoint","urlTemplate":"https:\/\/wm.pb.edu.pl\/ktc\/?s={search_term_string}"},"query-input":{"@type":"PropertyValueSpecification","valueRequired":true,"valueName":"search_term_string"}}],"inLanguage":"pl-PL"}]}},"_links":{"self":[{"href":"https:\/\/wm.pb.edu.pl\/ktc\/wp-json\/wp\/v2\/pages\/11","targetHints":{"allow":["GET"]}}],"collection":[{"href":"https:\/\/wm.pb.edu.pl\/ktc\/wp-json\/wp\/v2\/pages"}],"about":[{"href":"https:\/\/wm.pb.edu.pl\/ktc\/wp-json\/wp\/v2\/types\/page"}],"author":[{"embeddable":true,"href":"https:\/\/wm.pb.edu.pl\/ktc\/wp-json\/wp\/v2\/users\/2"}],"replies":[{"embeddable":true,"href":"https:\/\/wm.pb.edu.pl\/ktc\/wp-json\/wp\/v2\/comments?post=11"}],"version-history":[{"count":27,"href":"https:\/\/wm.pb.edu.pl\/ktc\/wp-json\/wp\/v2\/pages\/11\/revisions"}],"predecessor-version":[{"id":312,"href":"https:\/\/wm.pb.edu.pl\/ktc\/wp-json\/wp\/v2\/pages\/11\/revisions\/312"}],"wp:featuredmedia":[{"embeddable":true,"href":"https:\/\/wm.pb.edu.pl\/ktc\/wp-json\/wp\/v2\/media\/302"}],"wp:attachment":[{"href":"https:\/\/wm.pb.edu.pl\/ktc\/wp-json\/wp\/v2\/media?parent=11"}],"curies":[{"name":"wp","href":"https:\/\/api.w.org\/{rel}","templated":true}]}}