{"id":227,"date":"2020-12-17T10:43:02","date_gmt":"2020-12-17T09:43:02","guid":{"rendered":"https:\/\/wm.pb.edu.pl\/ktc\/?page_id=227"},"modified":"2022-04-20T09:57:24","modified_gmt":"2022-04-20T07:57:24","slug":"publikacje","status":"publish","type":"page","link":"https:\/\/wm.pb.edu.pl\/ktc\/publikacje\/","title":{"rendered":"Publikacje"},"content":{"rendered":"<p><strong><a href=\"https:\/\/wm.pb.edu.pl\/ktc\/wp-content\/uploads\/sites\/5\/2022\/04\/Okladka-publikacji-technika-chlodnicza.jpg\"><img loading=\"lazy\" decoding=\"async\" class=\"alignleft wp-image-290 size-medium\" src=\"https:\/\/wm.pb.edu.pl\/ktc\/wp-content\/uploads\/sites\/5\/2022\/04\/Okladka-publikacji-technika-chlodnicza-209x300.jpg\" alt=\"Ok\u0142adka publikacji technika ch\u0142odnicza\" width=\"209\" height=\"300\" srcset=\"https:\/\/wm.pb.edu.pl\/ktc\/wp-content\/uploads\/sites\/5\/2022\/04\/Okladka-publikacji-technika-chlodnicza-209x300.jpg 209w, https:\/\/wm.pb.edu.pl\/ktc\/wp-content\/uploads\/sites\/5\/2022\/04\/Okladka-publikacji-technika-chlodnicza.jpg 425w\" sizes=\"auto, (max-width: 209px) 100vw, 209px\" \/><\/a><\/strong><\/p>\n<p><strong>Wybrane publikacje:<\/strong><\/p>\n<ul>\n<li>Butrymowicz D., Baj P., \u015amierciew K. Gagan J., Technika ch\u0142odnicza. Poradnik, Wydawnictwo Naukowe PWN, Warszawa, 2020;<\/li>\n<li>Butrymowicz D., \u015amierciew K., Gagan J., Gutkowski K., Ch\u0142odnictwo i klimatyzacja, wyd. 4, Wydawnictwa Naukowo-Techniczne, Warszawa, 2020.<\/li>\n<li>Butrymowicz D., Gagan J., \u015amierciew K., \u0141ukaszuk M., Pawluczuk A., Zieli\u0144ski T., K\u0119dzierski M. (2020): Experimental validation of new approach for waste heat recovery from combustion engine for cooling and heating demands for maritime applications, Journal of Cleaner Production, 125206.<\/li>\n<li>Angielczyk W., Bartosiewicz Y., Butrymowicz D. (2020) Development of Delayed Equilibrium Model for CO 2 convergent-divergent nozzle transonic flashing flow, International Journal of Multiphase Flow 130, 103351.<\/li>\n<li>Zou H., Li X., Tang M., Wu J., Tian C., Butrymowicz D., Ma Y., Wang J., (2020) Temperature stage matching and experimental investigation of high temperature cascade heat pump with vapor injection, Energy 212, 118734.<\/li>\n<li>Chen Y., Zou H., Dong J., Xu H., Tian C., Butrymowicz D., (2020) Experimental investigation on refrigeration performance of a CO2 system with intermediate cooling for automobiles, Applied Thermal Engineering, 174, 115267.<\/li>\n<li>\u015amierciew K., Gagan J., Butrymowicz D. (2019) Application of numerical modelling for design and improvement of performance of gas ejektor, Applied Thermal Engineering 149, pp. 85\u201393.<\/li>\n<li>Angielczyk W., Seynhaeve J.M., Gagan J., Bartosiewicz Y., Butrymowicz D. (2019) Prediction of critical mass rate of flashing carbon dioxide flow in convergent-divergent nozzle, Chemical Engineering and Processing &#8211; Process Intensification, 143, 107599.<\/li>\n<li>\u015amierciew K., Pawluczuk A., Gagan J., Butrymowicz D. (2019) Thermodynamic analysis of two-phase injector for various working fluids, Applied Thermal Engineering, Vol. 157, 113713.<\/li>\n<li>Gagan J., \u015amierciew K., Butrymowicz D. (2018) Performance of ejection refrigeration system operating with R-1234ze(E) driven by ultra-low grade heat source, International Journal of Refrigeration 88, pp. 458\u2013471.<\/li>\n<\/ul>\n<p><a href=\"https:\/\/wm.pb.edu.pl\/ktc\/wp-content\/uploads\/sites\/5\/2022\/04\/Okladka-publikacji-chlodnictwo-i-klimatyzacje.jpg\"><img loading=\"lazy\" decoding=\"async\" class=\"alignleft wp-image-289 size-medium\" src=\"https:\/\/wm.pb.edu.pl\/ktc\/wp-content\/uploads\/sites\/5\/2022\/04\/Okladka-publikacji-chlodnictwo-i-klimatyzacje-211x300.jpg\" alt=\"Ok\u0142adka publikacji ch\u0142odnictwo i klimatyzacje\" width=\"211\" height=\"300\" srcset=\"https:\/\/wm.pb.edu.pl\/ktc\/wp-content\/uploads\/sites\/5\/2022\/04\/Okladka-publikacji-chlodnictwo-i-klimatyzacje-211x300.jpg 211w, https:\/\/wm.pb.edu.pl\/ktc\/wp-content\/uploads\/sites\/5\/2022\/04\/Okladka-publikacji-chlodnictwo-i-klimatyzacje.jpg 428w\" sizes=\"auto, (max-width: 211px) 100vw, 211px\" \/><\/a><\/p>\n<ul>\n<li>\u015amierciew K.,. Ko\u0142odziejczyk M., Gagan J., Butrymowicz D. (2018) Numerical simulations of fin and tube air cooler and heat and mass transfer in cold storage, Progress in Computational Fluid Dynamics, Vol. 18, No. 5, pp. 325-332.<\/li>\n<li>Gagan J., \u015amierciew K., \u0141ukaszuk M., Butrymowicz D. (2018) Investigations of thermal performance of ejection refrigeration system driven by low grade heat, Applied Thermal Engineering, 130, pp. 1121\u20131138.<\/li>\n<li>\u015amierciew K., Ko\u0142odziejczyk M., Gagan J., Butrymowicz D. (2017) Numerical Modelling of Fin Heat Exchanger in Application to Cold Storage, Heat Transfer Engineering, 39, No. 10, pp. 874-884.<\/li>\n<li>\u015amierciew K., Butrymowicz D., Przybyli\u0144ski T., Pawluczuk A. (2017) Investigations of heat and momentum transfer in two-phase injector operating with isobutane, Applied Thermal Engineering, 127, pp. 1495\u20131505.<\/li>\n<li>\u015amierciew K., Gagan J., Butrymowicz D., \u0141ukaszuk M., Kubiczek H. (2017) Experimental investigation of the first prototype ejector refrigeration system with HFO-1234ze(E), Applied Thermal Engineering, 110, pp. 115-125.<\/li>\n<li>Butrymowicz D., Karwacki J., Kwidzi\u0144ski R., \u015amierciew K., Gagan J., Przybyli\u0144ski T., Skiepko T., \u0141apin M. (2016) Methodology of heat transfer and flow resistance measurement for matrices of rotating regenerative heat exchangers, Chemical and Process Engineering, 37 (3), pp. 341-358.<\/li>\n<li>Kolodziejczyk M., \u015amierciew K., Gagan J., Butrymowicz D. (2016) Numerical modelling of heat and mass transfer in vegetables cold storage, Procedia Engineering, 157, pp. 279-284.<\/li>\n<li>Butrymowicz D., \u015amierciew K., Gagan J., Karwacki J., Ejection refrigeration cycles, chapter 5 in: Gaspar, P. D., &amp; Dinho da Silva, P. (2015). Handbook of Research on Advances and Applications in Refrigeration Systems and Technologies (2 Volumes), 155-206. Hershey, PA: IGI Global. ISBN: 978-1-4666-8398-3;<\/li>\n<li>Gagan J. Smierciew K., Butrymowicz D. (2014) Comparative study of turbulence models in application to gas ejectors, International Journal of Thermal Sciences, 78, pp. 9-15.<\/li>\n<li>Butrymowicz D., \u015amierciew K., Karwacki J., Gagan J. (2014) Experimental investigations of low-temperature driven ejection refrigeration cycle operating with isobutene, International Journal of Refrigeration, 39, pp. 196-209.<\/li>\n<li>\u015amierciew K., Gagan J., Butrymowicz D., Karwacki J. (2014) Experimental investigations of solar driven ejector air-conditioning system, Energy and Buildings, 80, pp. 260-267.<\/li>\n<li>Butrymowicz D., \u015amierciew K., Karwacki J., Gagan J. (2014) Experimental investigations of low-temperature driven ejection refrigeration cycle operating with isobutane, International Journal of Refrigeration, 39, pp. 196-209.<\/li>\n<\/ul>\n","protected":false},"excerpt":{"rendered":"<p>Wybrane publikacje: Butrymowicz D., Baj P., \u015amierciew K. Gagan J., Technika ch\u0142odnicza. Poradnik, Wydawnictwo Naukowe<a class=\"read-more\" href=\"https:\/\/wm.pb.edu.pl\/ktc\/publikacje\/\" title=\"Poka\u017c artyku\u0142 Publikacje\">wi\u0119cej<\/a><\/p>\n","protected":false},"author":14,"featured_media":0,"parent":0,"menu_order":0,"comment_status":"closed","ping_status":"closed","template":"","meta":{"inline_featured_image":false,"ngg_post_thumbnail":0,"footnotes":""},"class_list":["post-227","page","type-page","status-publish","hentry"],"acf":[],"yoast_head":"<!-- This site is optimized with the Yoast SEO plugin v26.4 - https:\/\/yoast.com\/wordpress\/plugins\/seo\/ -->\n<title>Publikacje - Katedra Techniki Cieplnej<\/title>\n<meta name=\"robots\" content=\"index, follow, max-snippet:-1, max-image-preview:large, max-video-preview:-1\" \/>\n<link rel=\"canonical\" href=\"https:\/\/wm.pb.edu.pl\/ktc\/publikacje\/\" \/>\n<meta property=\"og:locale\" content=\"pl_PL\" \/>\n<meta property=\"og:type\" content=\"article\" \/>\n<meta property=\"og:title\" content=\"Publikacje - Katedra Techniki Cieplnej\" \/>\n<meta property=\"og:description\" content=\"Wybrane publikacje: Butrymowicz D., Baj P., \u015amierciew K. Gagan J., Technika ch\u0142odnicza. Poradnik, Wydawnictwo Naukowewi\u0119cej\" \/>\n<meta property=\"og:url\" content=\"https:\/\/wm.pb.edu.pl\/ktc\/publikacje\/\" \/>\n<meta property=\"og:site_name\" content=\"Katedra Techniki Cieplnej\" \/>\n<meta property=\"article:modified_time\" content=\"2022-04-20T07:57:24+00:00\" \/>\n<meta property=\"og:image\" content=\"https:\/\/wm.pb.edu.pl\/ktc\/wp-content\/uploads\/sites\/5\/2022\/04\/Okladka-publikacji-technika-chlodnicza-209x300.jpg\" \/>\n<meta name=\"twitter:card\" content=\"summary_large_image\" \/>\n<meta name=\"twitter:label1\" content=\"Szacowany czas czytania\" \/>\n\t<meta name=\"twitter:data1\" content=\"3 minuty\" \/>\n<script type=\"application\/ld+json\" class=\"yoast-schema-graph\">{\"@context\":\"https:\/\/schema.org\",\"@graph\":[{\"@type\":\"WebPage\",\"@id\":\"https:\/\/wm.pb.edu.pl\/ktc\/publikacje\/\",\"url\":\"https:\/\/wm.pb.edu.pl\/ktc\/publikacje\/\",\"name\":\"Publikacje - Katedra Techniki Cieplnej\",\"isPartOf\":{\"@id\":\"https:\/\/wm.pb.edu.pl\/ktc\/#website\"},\"primaryImageOfPage\":{\"@id\":\"https:\/\/wm.pb.edu.pl\/ktc\/publikacje\/#primaryimage\"},\"image\":{\"@id\":\"https:\/\/wm.pb.edu.pl\/ktc\/publikacje\/#primaryimage\"},\"thumbnailUrl\":\"https:\/\/wm.pb.edu.pl\/ktc\/wp-content\/uploads\/sites\/5\/2022\/04\/Okladka-publikacji-technika-chlodnicza-209x300.jpg\",\"datePublished\":\"2020-12-17T09:43:02+00:00\",\"dateModified\":\"2022-04-20T07:57:24+00:00\",\"breadcrumb\":{\"@id\":\"https:\/\/wm.pb.edu.pl\/ktc\/publikacje\/#breadcrumb\"},\"inLanguage\":\"pl-PL\",\"potentialAction\":[{\"@type\":\"ReadAction\",\"target\":[\"https:\/\/wm.pb.edu.pl\/ktc\/publikacje\/\"]}]},{\"@type\":\"ImageObject\",\"inLanguage\":\"pl-PL\",\"@id\":\"https:\/\/wm.pb.edu.pl\/ktc\/publikacje\/#primaryimage\",\"url\":\"https:\/\/wm.pb.edu.pl\/ktc\/wp-content\/uploads\/sites\/5\/2022\/04\/Okladka-publikacji-technika-chlodnicza.jpg\",\"contentUrl\":\"https:\/\/wm.pb.edu.pl\/ktc\/wp-content\/uploads\/sites\/5\/2022\/04\/Okladka-publikacji-technika-chlodnicza.jpg\",\"width\":425,\"height\":609,\"caption\":\"Ok\u0142adka publikacji technika ch\u0142odnicza\"},{\"@type\":\"BreadcrumbList\",\"@id\":\"https:\/\/wm.pb.edu.pl\/ktc\/publikacje\/#breadcrumb\",\"itemListElement\":[{\"@type\":\"ListItem\",\"position\":1,\"name\":\"Strona g\u0142\u00f3wna\",\"item\":\"https:\/\/wm.pb.edu.pl\/ktc\/\"},{\"@type\":\"ListItem\",\"position\":2,\"name\":\"Publikacje\"}]},{\"@type\":\"WebSite\",\"@id\":\"https:\/\/wm.pb.edu.pl\/ktc\/#website\",\"url\":\"https:\/\/wm.pb.edu.pl\/ktc\/\",\"name\":\"Katedra Techniki Cieplnej\",\"description\":\"\",\"potentialAction\":[{\"@type\":\"SearchAction\",\"target\":{\"@type\":\"EntryPoint\",\"urlTemplate\":\"https:\/\/wm.pb.edu.pl\/ktc\/?s={search_term_string}\"},\"query-input\":{\"@type\":\"PropertyValueSpecification\",\"valueRequired\":true,\"valueName\":\"search_term_string\"}}],\"inLanguage\":\"pl-PL\"}]}<\/script>\n<!-- \/ Yoast SEO plugin. -->","yoast_head_json":{"title":"Publikacje - Katedra Techniki Cieplnej","robots":{"index":"index","follow":"follow","max-snippet":"max-snippet:-1","max-image-preview":"max-image-preview:large","max-video-preview":"max-video-preview:-1"},"canonical":"https:\/\/wm.pb.edu.pl\/ktc\/publikacje\/","og_locale":"pl_PL","og_type":"article","og_title":"Publikacje - Katedra Techniki Cieplnej","og_description":"Wybrane publikacje: Butrymowicz D., Baj P., \u015amierciew K. Gagan J., Technika ch\u0142odnicza. Poradnik, Wydawnictwo Naukowewi\u0119cej","og_url":"https:\/\/wm.pb.edu.pl\/ktc\/publikacje\/","og_site_name":"Katedra Techniki Cieplnej","article_modified_time":"2022-04-20T07:57:24+00:00","og_image":[{"url":"https:\/\/wm.pb.edu.pl\/ktc\/wp-content\/uploads\/sites\/5\/2022\/04\/Okladka-publikacji-technika-chlodnicza-209x300.jpg","type":"","width":"","height":""}],"twitter_card":"summary_large_image","twitter_misc":{"Szacowany czas czytania":"3 minuty"},"schema":{"@context":"https:\/\/schema.org","@graph":[{"@type":"WebPage","@id":"https:\/\/wm.pb.edu.pl\/ktc\/publikacje\/","url":"https:\/\/wm.pb.edu.pl\/ktc\/publikacje\/","name":"Publikacje - Katedra Techniki Cieplnej","isPartOf":{"@id":"https:\/\/wm.pb.edu.pl\/ktc\/#website"},"primaryImageOfPage":{"@id":"https:\/\/wm.pb.edu.pl\/ktc\/publikacje\/#primaryimage"},"image":{"@id":"https:\/\/wm.pb.edu.pl\/ktc\/publikacje\/#primaryimage"},"thumbnailUrl":"https:\/\/wm.pb.edu.pl\/ktc\/wp-content\/uploads\/sites\/5\/2022\/04\/Okladka-publikacji-technika-chlodnicza-209x300.jpg","datePublished":"2020-12-17T09:43:02+00:00","dateModified":"2022-04-20T07:57:24+00:00","breadcrumb":{"@id":"https:\/\/wm.pb.edu.pl\/ktc\/publikacje\/#breadcrumb"},"inLanguage":"pl-PL","potentialAction":[{"@type":"ReadAction","target":["https:\/\/wm.pb.edu.pl\/ktc\/publikacje\/"]}]},{"@type":"ImageObject","inLanguage":"pl-PL","@id":"https:\/\/wm.pb.edu.pl\/ktc\/publikacje\/#primaryimage","url":"https:\/\/wm.pb.edu.pl\/ktc\/wp-content\/uploads\/sites\/5\/2022\/04\/Okladka-publikacji-technika-chlodnicza.jpg","contentUrl":"https:\/\/wm.pb.edu.pl\/ktc\/wp-content\/uploads\/sites\/5\/2022\/04\/Okladka-publikacji-technika-chlodnicza.jpg","width":425,"height":609,"caption":"Ok\u0142adka publikacji technika ch\u0142odnicza"},{"@type":"BreadcrumbList","@id":"https:\/\/wm.pb.edu.pl\/ktc\/publikacje\/#breadcrumb","itemListElement":[{"@type":"ListItem","position":1,"name":"Strona g\u0142\u00f3wna","item":"https:\/\/wm.pb.edu.pl\/ktc\/"},{"@type":"ListItem","position":2,"name":"Publikacje"}]},{"@type":"WebSite","@id":"https:\/\/wm.pb.edu.pl\/ktc\/#website","url":"https:\/\/wm.pb.edu.pl\/ktc\/","name":"Katedra Techniki Cieplnej","description":"","potentialAction":[{"@type":"SearchAction","target":{"@type":"EntryPoint","urlTemplate":"https:\/\/wm.pb.edu.pl\/ktc\/?s={search_term_string}"},"query-input":{"@type":"PropertyValueSpecification","valueRequired":true,"valueName":"search_term_string"}}],"inLanguage":"pl-PL"}]}},"_links":{"self":[{"href":"https:\/\/wm.pb.edu.pl\/ktc\/wp-json\/wp\/v2\/pages\/227","targetHints":{"allow":["GET"]}}],"collection":[{"href":"https:\/\/wm.pb.edu.pl\/ktc\/wp-json\/wp\/v2\/pages"}],"about":[{"href":"https:\/\/wm.pb.edu.pl\/ktc\/wp-json\/wp\/v2\/types\/page"}],"author":[{"embeddable":true,"href":"https:\/\/wm.pb.edu.pl\/ktc\/wp-json\/wp\/v2\/users\/14"}],"replies":[{"embeddable":true,"href":"https:\/\/wm.pb.edu.pl\/ktc\/wp-json\/wp\/v2\/comments?post=227"}],"version-history":[{"count":8,"href":"https:\/\/wm.pb.edu.pl\/ktc\/wp-json\/wp\/v2\/pages\/227\/revisions"}],"predecessor-version":[{"id":296,"href":"https:\/\/wm.pb.edu.pl\/ktc\/wp-json\/wp\/v2\/pages\/227\/revisions\/296"}],"wp:attachment":[{"href":"https:\/\/wm.pb.edu.pl\/ktc\/wp-json\/wp\/v2\/media?parent=227"}],"curies":[{"name":"wp","href":"https:\/\/api.w.org\/{rel}","templated":true}]}}