{"id":31,"date":"2018-06-26T11:18:15","date_gmt":"2018-06-26T09:18:15","guid":{"rendered":"https:\/\/wm.pb.edu.pl\/kair\/?page_id=31"},"modified":"2024-02-08T14:51:25","modified_gmt":"2024-02-08T13:51:25","slug":"laboratoria","status":"publish","type":"page","link":"https:\/\/wm.pb.edu.pl\/kud\/laboratoria\/","title":{"rendered":"Laboratoria"},"content":{"rendered":"<h2><strong>&nbsp;LABORATORIA KATEDRY UK\u0141AD\u00d3W DYNAMICZNYCH<\/strong><\/h2>\n<table class=\"table table-bordered\" style=\"width: 100.364%;height: 1767px\">\n<thead>\n<tr style=\"height: 39px\">\n<th style=\"width: 17.0413%;height: 39px\">Nazwa laboratorium<\/th>\n<th style=\"width: 5.72879%;height: 39px\">N-D<\/th>\n<th style=\"width: 8.77447%;height: 39px\">Sala<\/th>\n<th style=\"width: 23.0602%;height: 39px\">Nazwa pracowni<\/th>\n<th style=\"width: 28.5714%;height: 39px\">Wyposa\u017cenie (podstawowe)<\/th>\n<th style=\"width: 8.3756%;height: 39px\">Osoba odpowiedzialna<\/th>\n<\/tr>\n<\/thead>\n<tbody>\n<tr style=\"height: 36px\">\n<td style=\"width: 17.0413%;height: 1728px\" rowspan=\"5\" width=\"114\"><strong>Laboratorium robotyki<\/strong><\/p>\n<p><strong>&nbsp;<\/strong><\/p>\n<p><strong>Laboratory of Robotics<\/strong><\/td>\n<td style=\"width: 5.72879%;height: 10px\" width=\"40\">d<\/td>\n<td style=\"width: 8.77447%;height: 10px\" width=\"67\">403<\/td>\n<td style=\"width: 23.0602%;height: 10px\" width=\"272\"><strong>Pracownia programowalnych system\u00f3w sterowania<\/strong><\/p>\n<p>Programmable Control Systems Laboratory<\/td>\n<td style=\"width: 28.5714%;height: 10px\" width=\"284\">&#8211; sterownik PLC GEFanuck z symulatorem,&nbsp;&nbsp;&nbsp;&nbsp;&nbsp;&nbsp;&nbsp;&nbsp;&nbsp;<\/p>\n<p>&nbsp;&#8211; sterownik PLC Siemens S7 200 z symulatorem &#8211; (w\u0142asno\u015b\u0107 Fundacji PB),&nbsp;&nbsp;&nbsp;&nbsp;&nbsp;&nbsp;&nbsp;&nbsp;&nbsp;&nbsp;&nbsp;&nbsp;&nbsp;&nbsp;&nbsp;&nbsp;&nbsp;&nbsp;&nbsp;&nbsp;&nbsp;&nbsp;&nbsp;&nbsp;&nbsp;&nbsp;&nbsp;&nbsp;&nbsp;&nbsp;&nbsp;&nbsp;&nbsp;&nbsp;&nbsp;&nbsp;&nbsp;&nbsp;&nbsp;<\/p>\n<p>&#8211; sterownik PLC PACSystems RX3i &#8211; 2 sztuki,<\/p>\n<p>&#8211; sterownik PLC Versamax<\/td>\n<td style=\"width: 8.3756%;height: 10px\" width=\"134\">K. Dzier\u017cek<\/p>\n<p>T. Sienkiewicz<\/td>\n<\/tr>\n<tr style=\"height: 36px\">\n<td style=\"width: 5.72879%;height: 139px\" width=\"40\">d<\/td>\n<td style=\"width: 8.77447%;height: 139px\" width=\"67\">452<\/td>\n<td style=\"width: 23.0602%;height: 139px\" width=\"272\"><strong>Pracownia system\u00f3w inteligentnych<\/strong><\/p>\n<p>Intelligent Systems Laboratory<\/td>\n<td style=\"width: 28.5714%;height: 139px\" width=\"284\">&#8211; Tokarka CNC EMCO Turn60,<\/p>\n<p>&#8211; Frezarka CNC EMCO Mill 55,<\/p>\n<p>&#8211; Mini Frezarki CNC z robotem szt.2,<\/p>\n<p>&#8211; Mini Tokarka CNC<\/td>\n<td style=\"width: 8.3756%;height: 139px\" width=\"134\">R. Gr\u0105dzki<\/p>\n<p>T. Sienkiewicz<\/td>\n<\/tr>\n<tr style=\"height: 36px\">\n<td style=\"width: 5.72879%;height: 129px\" width=\"40\">d<\/td>\n<td style=\"width: 8.77447%;height: 129px\" width=\"67\">441<\/td>\n<td style=\"width: 23.0602%;height: 129px\" width=\"272\"><strong>Pracownia robotyki mobilnej<\/strong><\/p>\n<p>Mobile Robotics Laboratory<\/td>\n<td style=\"width: 28.5714%;height: 129px\" width=\"284\">-Zestawy Lego Mindstorms Education EV3,<\/p>\n<p>&nbsp;-Roboty Mobilne Photon,<\/p>\n<p>-Zestawy Robot\u00f3w Mobilnych ROBOTIS<\/td>\n<td style=\"width: 8.3756%;height: 129px\" width=\"134\">J. To\u0142stoj-Sienkiewicz<\/p>\n<p>T. Sienkiewicz<\/td>\n<\/tr>\n<tr style=\"height: 36px\">\n<td style=\"width: 5.72879%;height: 160px\" width=\"40\">n-d<\/td>\n<td style=\"width: 8.77447%;height: 160px\" width=\"67\">529<\/td>\n<td style=\"width: 23.0602%;height: 160px\" width=\"272\"><strong>Pracownia nap\u0119d\u00f3w p\u0142ynowych <\/strong><\/p>\n<p>Fluid Drive Laboratory<\/td>\n<td style=\"width: 28.5714%;height: 160px\" width=\"284\">-2 x tablica monta\u017cowa firmy SMC<\/p>\n<p>-prototyp stanowiska do badania wyciek\u00f3w,<\/p>\n<p>&#8211; stanowisko diagnostyczne AMC VIBRO,<\/p>\n<p>-stanowisko diagnostyczne Bently Nevada<\/td>\n<td style=\"width: 8.3756%;height: 160px\" width=\"134\">R. Gr\u0105dzki<\/p>\n<p>T. Sienkiewicz<\/td>\n<\/tr>\n<tr style=\"height: 36px\">\n<td style=\"width: 5.72879%;height: 119px\" width=\"40\">n<\/td>\n<td style=\"width: 8.77447%;height: 119px\" width=\"67\">522<\/td>\n<td style=\"width: 23.0602%;height: 119px\" width=\"272\"><strong>Pracownia wysokoobrotowych maszyn wirnikowych<\/strong><\/p>\n<p>High Speet Rotor Machinery Laboratory<\/td>\n<td style=\"width: 28.5714%;height: 119px\" width=\"284\">stanowisko do diagnostyki -maszyn wirnikowych, aparatura pomiarowa National Instruments, stacja robocza PC<\/td>\n<td style=\"width: 8.3756%;height: 119px\" width=\"134\">R. Gr\u0105dzki<\/p>\n<p>T. Sienkiewicz<\/td>\n<\/tr>\n<tr>\n<td style=\"width: 17.0413%\"><strong>&nbsp;<\/strong><\/td>\n<td style=\"width: 5.72879%\" width=\"40\">n<\/td>\n<td style=\"width: 8.77447%\" width=\"67\">431<\/td>\n<td style=\"width: 23.0602%\" width=\"272\"><strong>Pracownia przep\u0142yw\u00f3w wielofazowych<\/strong>&nbsp;<\/p>\n<p>Multiphase Flows Laboratory<\/td>\n<td style=\"width: 28.5714%\" width=\"284\">Stanowiska do bada\u0144 kinetyki przep\u0142yw\u00f3w wielofazowych<\/td>\n<td style=\"width: 8.3756%\" width=\"134\">P. Dzienis<\/td>\n<\/tr>\n<\/tbody>\n<\/table>\n","protected":false},"excerpt":{"rendered":"<p>&nbsp;LABORATORIA KATEDRY UK\u0141AD\u00d3W DYNAMICZNYCH Nazwa laboratorium N-D Sala Nazwa pracowni Wyposa\u017cenie (podstawowe) Osoba odpowiedzialna Laboratorium<a class=\"read-more\" href=\"https:\/\/wm.pb.edu.pl\/kud\/laboratoria\/\" title=\"Poka\u017c artyku\u0142 Laboratoria\">wi\u0119cej<\/a><\/p>\n","protected":false},"author":4,"featured_media":0,"parent":0,"menu_order":5,"comment_status":"closed","ping_status":"closed","template":"","meta":{"inline_featured_image":false,"ngg_post_thumbnail":0,"footnotes":""},"class_list":["post-31","page","type-page","status-publish","hentry"],"acf":[],"yoast_head":"<!-- This site is optimized with the Yoast SEO plugin v26.4 - https:\/\/yoast.com\/wordpress\/plugins\/seo\/ -->\n<title>Laboratoria - Katedra Uk\u0142ad\u00f3w Dynamicznych<\/title>\n<meta name=\"robots\" content=\"index, follow, max-snippet:-1, max-image-preview:large, max-video-preview:-1\" \/>\n<link rel=\"canonical\" href=\"https:\/\/wm.pb.edu.pl\/kud\/laboratoria\/\" \/>\n<meta name=\"twitter:label1\" content=\"Szacowany czas czytania\" \/>\n\t<meta name=\"twitter:data1\" content=\"2 minuty\" \/>\n<script type=\"application\/ld+json\" class=\"yoast-schema-graph\">{\"@context\":\"https:\/\/schema.org\",\"@graph\":[{\"@type\":\"WebPage\",\"@id\":\"https:\/\/wm.pb.edu.pl\/kud\/laboratoria\/\",\"url\":\"https:\/\/wm.pb.edu.pl\/kud\/laboratoria\/\",\"name\":\"Laboratoria - Katedra Uk\u0142ad\u00f3w Dynamicznych\",\"isPartOf\":{\"@id\":\"https:\/\/wm.pb.edu.pl\/kud\/#website\"},\"datePublished\":\"2018-06-26T09:18:15+00:00\",\"dateModified\":\"2024-02-08T13:51:25+00:00\",\"breadcrumb\":{\"@id\":\"https:\/\/wm.pb.edu.pl\/kud\/laboratoria\/#breadcrumb\"},\"inLanguage\":\"pl-PL\",\"potentialAction\":[{\"@type\":\"ReadAction\",\"target\":[\"https:\/\/wm.pb.edu.pl\/kud\/laboratoria\/\"]}]},{\"@type\":\"BreadcrumbList\",\"@id\":\"https:\/\/wm.pb.edu.pl\/kud\/laboratoria\/#breadcrumb\",\"itemListElement\":[{\"@type\":\"ListItem\",\"position\":1,\"name\":\"Strona g\u0142\u00f3wna\",\"item\":\"https:\/\/wm.pb.edu.pl\/kud\/\"},{\"@type\":\"ListItem\",\"position\":2,\"name\":\"Laboratoria\"}]},{\"@type\":\"WebSite\",\"@id\":\"https:\/\/wm.pb.edu.pl\/kud\/#website\",\"url\":\"https:\/\/wm.pb.edu.pl\/kud\/\",\"name\":\"Katedra Uk\u0142ad\u00f3w Dynamicznych\",\"description\":\"\",\"potentialAction\":[{\"@type\":\"SearchAction\",\"target\":{\"@type\":\"EntryPoint\",\"urlTemplate\":\"https:\/\/wm.pb.edu.pl\/kud\/?s={search_term_string}\"},\"query-input\":{\"@type\":\"PropertyValueSpecification\",\"valueRequired\":true,\"valueName\":\"search_term_string\"}}],\"inLanguage\":\"pl-PL\"}]}<\/script>\n<!-- \/ Yoast SEO plugin. -->","yoast_head_json":{"title":"Laboratoria - Katedra Uk\u0142ad\u00f3w Dynamicznych","robots":{"index":"index","follow":"follow","max-snippet":"max-snippet:-1","max-image-preview":"max-image-preview:large","max-video-preview":"max-video-preview:-1"},"canonical":"https:\/\/wm.pb.edu.pl\/kud\/laboratoria\/","twitter_misc":{"Szacowany czas czytania":"2 minuty"},"schema":{"@context":"https:\/\/schema.org","@graph":[{"@type":"WebPage","@id":"https:\/\/wm.pb.edu.pl\/kud\/laboratoria\/","url":"https:\/\/wm.pb.edu.pl\/kud\/laboratoria\/","name":"Laboratoria - Katedra Uk\u0142ad\u00f3w Dynamicznych","isPartOf":{"@id":"https:\/\/wm.pb.edu.pl\/kud\/#website"},"datePublished":"2018-06-26T09:18:15+00:00","dateModified":"2024-02-08T13:51:25+00:00","breadcrumb":{"@id":"https:\/\/wm.pb.edu.pl\/kud\/laboratoria\/#breadcrumb"},"inLanguage":"pl-PL","potentialAction":[{"@type":"ReadAction","target":["https:\/\/wm.pb.edu.pl\/kud\/laboratoria\/"]}]},{"@type":"BreadcrumbList","@id":"https:\/\/wm.pb.edu.pl\/kud\/laboratoria\/#breadcrumb","itemListElement":[{"@type":"ListItem","position":1,"name":"Strona g\u0142\u00f3wna","item":"https:\/\/wm.pb.edu.pl\/kud\/"},{"@type":"ListItem","position":2,"name":"Laboratoria"}]},{"@type":"WebSite","@id":"https:\/\/wm.pb.edu.pl\/kud\/#website","url":"https:\/\/wm.pb.edu.pl\/kud\/","name":"Katedra Uk\u0142ad\u00f3w Dynamicznych","description":"","potentialAction":[{"@type":"SearchAction","target":{"@type":"EntryPoint","urlTemplate":"https:\/\/wm.pb.edu.pl\/kud\/?s={search_term_string}"},"query-input":{"@type":"PropertyValueSpecification","valueRequired":true,"valueName":"search_term_string"}}],"inLanguage":"pl-PL"}]}},"_links":{"self":[{"href":"https:\/\/wm.pb.edu.pl\/kud\/wp-json\/wp\/v2\/pages\/31","targetHints":{"allow":["GET"]}}],"collection":[{"href":"https:\/\/wm.pb.edu.pl\/kud\/wp-json\/wp\/v2\/pages"}],"about":[{"href":"https:\/\/wm.pb.edu.pl\/kud\/wp-json\/wp\/v2\/types\/page"}],"author":[{"embeddable":true,"href":"https:\/\/wm.pb.edu.pl\/kud\/wp-json\/wp\/v2\/users\/4"}],"replies":[{"embeddable":true,"href":"https:\/\/wm.pb.edu.pl\/kud\/wp-json\/wp\/v2\/comments?post=31"}],"version-history":[{"count":16,"href":"https:\/\/wm.pb.edu.pl\/kud\/wp-json\/wp\/v2\/pages\/31\/revisions"}],"predecessor-version":[{"id":686,"href":"https:\/\/wm.pb.edu.pl\/kud\/wp-json\/wp\/v2\/pages\/31\/revisions\/686"}],"wp:attachment":[{"href":"https:\/\/wm.pb.edu.pl\/kud\/wp-json\/wp\/v2\/media?parent=31"}],"curies":[{"name":"wp","href":"https:\/\/api.w.org\/{rel}","templated":true}]}}