{"id":50,"date":"2018-06-26T11:29:49","date_gmt":"2018-06-26T09:29:49","guid":{"rendered":"https:\/\/wm.pb.edu.pl\/kair\/?page_id=50"},"modified":"2025-02-25T13:16:21","modified_gmt":"2025-02-25T12:16:21","slug":"kola-naukowe","status":"publish","type":"page","link":"https:\/\/wm.pb.edu.pl\/kud\/kola-naukowe\/","title":{"rendered":"Ko\u0142a naukowe"},"content":{"rendered":"<p><i class=\"fa fa-hand-o-right\" aria-hidden=\"true\"><\/i> <a href=\"http:\/\/knr.pb.edu.pl\/\"><strong>Studenckie Ko\u0142o Naukowe Robotyk\u00f3w<\/strong><\/a><br \/>\n<i class=\"fa fa-user\" aria-hidden=\"true\"><\/i> Opiekun naukowy: in\u017c. Justyna To\u0142stoj-Sienkiewicz, dr hab. in\u017c. Kazimierz Dzier\u017cek , prof. PB, in\u017c. Rafa\u0142 Gr\u0105dzki<br \/>\n<i class=\"fa fa-cog\" aria-hidden=\"true\"><\/i> Projekty studenckie:<br \/>\n<strong>Analogi \u0142azika marsja\u0144skiego <\/strong><br \/>\n<a href=\"https:\/\/wm.pb.edu.pl\/studenci\/kola-naukowe\/projekty-studenckie\/sumomasters\/\"><strong>SumoMasters<\/strong><\/a><\/p>\n<p><i class=\"fa fa-hand-o-right\" aria-hidden=\"true\"><\/i> <a href=\"http:\/\/lkn.wm.pb.edu.pl\/\/\" target=\"_blank\" rel=\"noopener noreferrer\"><strong>Lotnicze Ko\u0142o Naukowe<\/strong><\/a><br \/>\n<i class=\"fa fa-user\" aria-hidden=\"true\"><\/i> Opiekun naukowy: dr in\u017c. Adam Adamowicz<br \/>\n<i class=\"fa fa-cog\" aria-hidden=\"true\"><\/i> Projekty studenckie:<br \/>\n<a href=\"https:\/\/wm.pb.edu.pl\/studenci\/kola-naukowe\/projekty-studenckie\/pws\/\"><strong>PWS &#8211; Podlaska Wytw\u00f3rnia Samolot\u00f3w<\/strong><\/a><br \/>\n<a href=\"https:\/\/wm.pb.edu.pl\/studenci\/kola-naukowe\/projekty-studenckie\/samoloty-udzwigowe\/\/\"><strong>Samoloty ud\u017awigowe<\/strong><\/a><\/p>\n","protected":false},"excerpt":{"rendered":"<p>Studenckie Ko\u0142o Naukowe Robotyk\u00f3w Opiekun naukowy: in\u017c. Justyna To\u0142stoj-Sienkiewicz, dr hab. in\u017c. Kazimierz Dzier\u017cek ,<a class=\"read-more\" href=\"https:\/\/wm.pb.edu.pl\/kud\/kola-naukowe\/\" title=\"Poka\u017c artyku\u0142 Ko\u0142a naukowe\">wi\u0119cej<\/a><\/p>\n","protected":false},"author":4,"featured_media":0,"parent":0,"menu_order":2,"comment_status":"closed","ping_status":"closed","template":"","meta":{"inline_featured_image":false,"ngg_post_thumbnail":0,"footnotes":""},"class_list":["post-50","page","type-page","status-publish","hentry"],"acf":[],"yoast_head":"<!-- This site is optimized with the Yoast SEO plugin v26.4 - https:\/\/yoast.com\/wordpress\/plugins\/seo\/ -->\n<title>Ko\u0142a naukowe - Katedra Uk\u0142ad\u00f3w Dynamicznych<\/title>\n<meta name=\"robots\" content=\"index, follow, max-snippet:-1, max-image-preview:large, max-video-preview:-1\" \/>\n<link rel=\"canonical\" href=\"https:\/\/wm.pb.edu.pl\/kud\/kola-naukowe\/\" \/>\n<meta name=\"twitter:label1\" content=\"Szacowany czas czytania\" \/>\n\t<meta name=\"twitter:data1\" content=\"1 minuta\" \/>\n<script type=\"application\/ld+json\" class=\"yoast-schema-graph\">{\"@context\":\"https:\/\/schema.org\",\"@graph\":[{\"@type\":\"WebPage\",\"@id\":\"https:\/\/wm.pb.edu.pl\/kud\/kola-naukowe\/\",\"url\":\"https:\/\/wm.pb.edu.pl\/kud\/kola-naukowe\/\",\"name\":\"Ko\u0142a naukowe - Katedra Uk\u0142ad\u00f3w Dynamicznych\",\"isPartOf\":{\"@id\":\"https:\/\/wm.pb.edu.pl\/kud\/#website\"},\"datePublished\":\"2018-06-26T09:29:49+00:00\",\"dateModified\":\"2025-02-25T12:16:21+00:00\",\"breadcrumb\":{\"@id\":\"https:\/\/wm.pb.edu.pl\/kud\/kola-naukowe\/#breadcrumb\"},\"inLanguage\":\"pl-PL\",\"potentialAction\":[{\"@type\":\"ReadAction\",\"target\":[\"https:\/\/wm.pb.edu.pl\/kud\/kola-naukowe\/\"]}]},{\"@type\":\"BreadcrumbList\",\"@id\":\"https:\/\/wm.pb.edu.pl\/kud\/kola-naukowe\/#breadcrumb\",\"itemListElement\":[{\"@type\":\"ListItem\",\"position\":1,\"name\":\"Strona g\u0142\u00f3wna\",\"item\":\"https:\/\/wm.pb.edu.pl\/kud\/\"},{\"@type\":\"ListItem\",\"position\":2,\"name\":\"Ko\u0142a naukowe\"}]},{\"@type\":\"WebSite\",\"@id\":\"https:\/\/wm.pb.edu.pl\/kud\/#website\",\"url\":\"https:\/\/wm.pb.edu.pl\/kud\/\",\"name\":\"Katedra Uk\u0142ad\u00f3w Dynamicznych\",\"description\":\"\",\"potentialAction\":[{\"@type\":\"SearchAction\",\"target\":{\"@type\":\"EntryPoint\",\"urlTemplate\":\"https:\/\/wm.pb.edu.pl\/kud\/?s={search_term_string}\"},\"query-input\":{\"@type\":\"PropertyValueSpecification\",\"valueRequired\":true,\"valueName\":\"search_term_string\"}}],\"inLanguage\":\"pl-PL\"}]}<\/script>\n<!-- \/ Yoast SEO plugin. -->","yoast_head_json":{"title":"Ko\u0142a naukowe - Katedra Uk\u0142ad\u00f3w Dynamicznych","robots":{"index":"index","follow":"follow","max-snippet":"max-snippet:-1","max-image-preview":"max-image-preview:large","max-video-preview":"max-video-preview:-1"},"canonical":"https:\/\/wm.pb.edu.pl\/kud\/kola-naukowe\/","twitter_misc":{"Szacowany czas czytania":"1 minuta"},"schema":{"@context":"https:\/\/schema.org","@graph":[{"@type":"WebPage","@id":"https:\/\/wm.pb.edu.pl\/kud\/kola-naukowe\/","url":"https:\/\/wm.pb.edu.pl\/kud\/kola-naukowe\/","name":"Ko\u0142a naukowe - Katedra Uk\u0142ad\u00f3w Dynamicznych","isPartOf":{"@id":"https:\/\/wm.pb.edu.pl\/kud\/#website"},"datePublished":"2018-06-26T09:29:49+00:00","dateModified":"2025-02-25T12:16:21+00:00","breadcrumb":{"@id":"https:\/\/wm.pb.edu.pl\/kud\/kola-naukowe\/#breadcrumb"},"inLanguage":"pl-PL","potentialAction":[{"@type":"ReadAction","target":["https:\/\/wm.pb.edu.pl\/kud\/kola-naukowe\/"]}]},{"@type":"BreadcrumbList","@id":"https:\/\/wm.pb.edu.pl\/kud\/kola-naukowe\/#breadcrumb","itemListElement":[{"@type":"ListItem","position":1,"name":"Strona g\u0142\u00f3wna","item":"https:\/\/wm.pb.edu.pl\/kud\/"},{"@type":"ListItem","position":2,"name":"Ko\u0142a naukowe"}]},{"@type":"WebSite","@id":"https:\/\/wm.pb.edu.pl\/kud\/#website","url":"https:\/\/wm.pb.edu.pl\/kud\/","name":"Katedra Uk\u0142ad\u00f3w Dynamicznych","description":"","potentialAction":[{"@type":"SearchAction","target":{"@type":"EntryPoint","urlTemplate":"https:\/\/wm.pb.edu.pl\/kud\/?s={search_term_string}"},"query-input":{"@type":"PropertyValueSpecification","valueRequired":true,"valueName":"search_term_string"}}],"inLanguage":"pl-PL"}]}},"_links":{"self":[{"href":"https:\/\/wm.pb.edu.pl\/kud\/wp-json\/wp\/v2\/pages\/50","targetHints":{"allow":["GET"]}}],"collection":[{"href":"https:\/\/wm.pb.edu.pl\/kud\/wp-json\/wp\/v2\/pages"}],"about":[{"href":"https:\/\/wm.pb.edu.pl\/kud\/wp-json\/wp\/v2\/types\/page"}],"author":[{"embeddable":true,"href":"https:\/\/wm.pb.edu.pl\/kud\/wp-json\/wp\/v2\/users\/4"}],"replies":[{"embeddable":true,"href":"https:\/\/wm.pb.edu.pl\/kud\/wp-json\/wp\/v2\/comments?post=50"}],"version-history":[{"count":65,"href":"https:\/\/wm.pb.edu.pl\/kud\/wp-json\/wp\/v2\/pages\/50\/revisions"}],"predecessor-version":[{"id":690,"href":"https:\/\/wm.pb.edu.pl\/kud\/wp-json\/wp\/v2\/pages\/50\/revisions\/690"}],"wp:attachment":[{"href":"https:\/\/wm.pb.edu.pl\/kud\/wp-json\/wp\/v2\/media?parent=50"}],"curies":[{"name":"wp","href":"https:\/\/api.w.org\/{rel}","templated":true}]}}