{"id":15,"date":"2020-10-06T09:36:17","date_gmt":"2020-10-06T07:36:17","guid":{"rendered":"https:\/\/wm.pb.edu.pl\/mechatronix\/?page_id=15"},"modified":"2023-04-13T10:14:05","modified_gmt":"2023-04-13T08:14:05","slug":"strona-glowna","status":"publish","type":"page","link":"https:\/\/wm.pb.edu.pl\/mechatronix\/","title":{"rendered":"SKN Mechatronix &#8211; Wydzia\u0142 Mechaniczny PB"},"content":{"rendered":"<p><a name=\"tu-skacz\"><\/a><br \/>\n<div class=\"row\">\n<div class=\"col-md-4\">\n  <div class=\"boxlink animated zoomIn \">\r\n    <a href=\"\/mechatronix\/o-kole\/\" class=\"\">\r\n      <div class=\"boxlink-title\">O Kole<span><\/span><\/div>\r\n      <div class=\"boxlink-content\">\r\n        <img decoding=\"async\" class=\"aligncenter wp-image-534 size-full\" src=\"https:\/\/wm.pb.edu.pl\/cerber\/wp-content\/uploads\/sites\/13\/2020\/11\/informacje.jpg\" alt=\"\">      <\/div>\r\n    <\/a>\r\n  <\/div>\r\n\n<\/div>\n<div class=\"col-md-4\">\n  <div class=\"boxlink animated zoomIn \">\r\n    <a href=\"\/mechatronix\/nasze-projekty\/\" class=\"\">\r\n      <div class=\"boxlink-title\">Nasze projekty<span><\/span><\/div>\r\n      <div class=\"boxlink-content\">\r\n        <img decoding=\"async\" class=\"aligncenter wp-image-534 size-full\" src=\"https:\/\/wm.pb.edu.pl\/kmiis\/wp-content\/uploads\/sites\/3\/2018\/08\/MW_lab.png\" alt=\"\">      <\/div>\r\n    <\/a>\r\n  <\/div>\r\n\n<\/div>\n<div class=\"col-md-4\">\n  <div class=\"boxlink animated zoomIn \">\r\n    <a href=\"\/mechatronix\/zespol\/\" class=\"\">\r\n      <div class=\"boxlink-title\">Zesp\u00f3\u0142<span><\/span><\/div>\r\n      <div class=\"boxlink-content\">\r\n        <img decoding=\"async\" class=\"aligncenter wp-image-534 size-full\" src=\"https:\/\/wm.pb.edu.pl\/cerber\/wp-content\/uploads\/sites\/13\/2020\/11\/Zesp\u00f3\u0142.jpg\" alt=\"\">      <\/div>\r\n    <\/a>\r\n  <\/div>\r\n\n<\/div>\n<\/div>\n<div class=\"row\">\n<div class=\"col-md-4\">\n  <div class=\"boxlink animated zoomIn \">\r\n    <a href=\"\/mechatronix\/kontakt\/\" class=\"\">\r\n      <div class=\"boxlink-title\">Kontakt<span><\/span><\/div>\r\n      <div class=\"boxlink-content\">\r\n        <img decoding=\"async\" class=\"aligncenter wp-image-534 size-full\" src=\"https:\/\/wm.pb.edu.pl\/kbiem\/wp-content\/uploads\/sites\/9\/2019\/10\/MW_kontakt.png\" alt=\"\">      <\/div>\r\n    <\/a>\r\n  <\/div>\r\n\n<\/div>\n<div class=\"col-md-4\">\n  <div class=\"boxlink animated zoomIn \">\r\n    <a href=\"\/mechatronix\/sukcesy\/\" class=\"\">\r\n      <div class=\"boxlink-title\">Sukcesy<span><\/span><\/div>\r\n      <div class=\"boxlink-content\">\r\n        <img decoding=\"async\" class=\"aligncenter wp-image-534 size-full\" src=\"https:\/\/wm.pb.edu.pl\/cerber\/wp-content\/uploads\/sites\/13\/2020\/11\/puchar.jpg\" alt=\"\">      <\/div>\r\n    <\/a>\r\n  <\/div>\r\n\n<\/div>\n<div class=\"col-md-4\">\n  <div class=\"boxlink animated zoomIn \">\r\n    <a href=\"\/mechatronix\/partnerzy\/\" class=\"\">\r\n      <div class=\"boxlink-title\">Partnerzy<span><\/span><\/div>\r\n      <div class=\"boxlink-content\">\r\n        <img decoding=\"async\" class=\"aligncenter wp-image-534 size-full\" src=\"https:\/\/wm.pb.edu.pl\/mechatronix\/wp-content\/uploads\/sites\/16\/2021\/03\/sponsorzy.jpg\" alt=\"\">      <\/div>\r\n    <\/a>\r\n  <\/div>\r\n\n<\/div>\n<\/div>\n<h2><a style=\"text-decoration: none\" title=\"Aktualno\u015bci\" href=\"\/mechatronix\/aktualnosci\">Aktualno\u015bci <i class=\"fa fa-caret-right\" aria-hidden=\"true\"><\/i><\/a><\/h2>\n  <div class=\"box news-box\">\r\n    <div class=\"row\">\r\n      <!--Array\n(\n    [post_type] => post\n    [paged] => 1\n    [orderby] => Array\n        (\n            [meta_value_num] => DESC\n            [date] => DESC\n        )\n\n    [meta_query] => Array\n        (\n            [relation] => OR\n            [0] => Array\n                (\n                    [key] => on_top\n                    [compare] => NOT EXISTS\n                )\n\n            [1] => Array\n                (\n                    [key] => on_top\n                )\n\n        )\n\n    [category__in] => 1\n    [posts_per_page] => 4\n)\n-->\r\n                        <div class=\"col-sm-3\">\r\n            <article class=\"format-standard\">\n    <span class=\"date text-right\"><i class=\"fa fa-calendar\"><\/i> 05-10-2020<\/span>\n    <a href=\"https:\/\/wm.pb.edu.pl\/mechatronix\/2020\/10\/05\/witaj-swiecie\/\">\n      <div class=\"article-image\">\n              <\/div>\n      <h3>Witaj, \u015bwiecie!<\/h3>\n      Witaj na witrynie WM Witryn. To tw\u00f3j pierwszy wpis. Edytuj go    <\/a>\n<\/article>          <\/div>\r\n                  <\/div>\r\n          <\/div>\r\n\n","protected":false},"excerpt":{"rendered":"<p>Aktualno\u015bci<\/p>\n","protected":false},"author":14,"featured_media":32,"parent":0,"menu_order":0,"comment_status":"closed","ping_status":"closed","template":"templates\/reprezentacyjna-4_8.php","meta":{"inline_featured_image":false,"ngg_post_thumbnail":0,"footnotes":""},"class_list":["post-15","page","type-page","status-publish","has-post-thumbnail","hentry"],"acf":[],"yoast_head":"<!-- This site is optimized with the Yoast SEO plugin v26.4 - https:\/\/yoast.com\/wordpress\/plugins\/seo\/ -->\n<title>Studenckie Ko\u0142o Naukowe Mechatronix - Wydzia\u0142 Mechaniczny PB<\/title>\n<meta name=\"description\" content=\"Studenckie Ko\u0142o Naukowe Mechatronix Wydzia\u0142 Mechaniczny Politechniki Bia\u0142ostockiej\" \/>\n<meta name=\"robots\" content=\"index, follow, max-snippet:-1, max-image-preview:large, max-video-preview:-1\" \/>\n<link rel=\"canonical\" href=\"https:\/\/wm.pb.edu.pl\/mechatronix\/\" \/>\n<meta property=\"og:locale\" content=\"pl_PL\" \/>\n<meta property=\"og:type\" content=\"article\" \/>\n<meta property=\"og:title\" content=\"Studenckie Ko\u0142o Naukowe Mechatronix - Wydzia\u0142 Mechaniczny PB\" \/>\n<meta property=\"og:description\" content=\"Studenckie Ko\u0142o Naukowe Mechatronix Wydzia\u0142 Mechaniczny Politechniki Bia\u0142ostockiej\" \/>\n<meta property=\"og:url\" content=\"https:\/\/wm.pb.edu.pl\/mechatronix\/\" \/>\n<meta property=\"og:site_name\" content=\"Studenckie Ko\u0142o Naukowe Mechatronix - Wydzia\u0142 Mechaniczny PB\" \/>\n<meta property=\"article:modified_time\" content=\"2023-04-13T08:14:05+00:00\" \/>\n<meta property=\"og:image\" content=\"https:\/\/wm.pb.edu.pl\/mechatronix\/wp-content\/uploads\/sites\/16\/2020\/10\/vvv-700x516-1.jpg\" \/>\n\t<meta property=\"og:image:width\" content=\"700\" \/>\n\t<meta property=\"og:image:height\" content=\"516\" \/>\n\t<meta property=\"og:image:type\" content=\"image\/jpeg\" \/>\n<meta name=\"twitter:card\" content=\"summary_large_image\" \/>\n<meta name=\"twitter:label1\" content=\"Szacowany czas czytania\" \/>\n\t<meta name=\"twitter:data1\" content=\"2 minuty\" \/>\n<script type=\"application\/ld+json\" class=\"yoast-schema-graph\">{\"@context\":\"https:\/\/schema.org\",\"@graph\":[{\"@type\":\"WebPage\",\"@id\":\"https:\/\/wm.pb.edu.pl\/mechatronix\/\",\"url\":\"https:\/\/wm.pb.edu.pl\/mechatronix\/\",\"name\":\"Studenckie Ko\u0142o Naukowe Mechatronix - Wydzia\u0142 Mechaniczny PB\",\"isPartOf\":{\"@id\":\"https:\/\/wm.pb.edu.pl\/mechatronix\/#website\"},\"primaryImageOfPage\":{\"@id\":\"https:\/\/wm.pb.edu.pl\/mechatronix\/#primaryimage\"},\"image\":{\"@id\":\"https:\/\/wm.pb.edu.pl\/mechatronix\/#primaryimage\"},\"thumbnailUrl\":\"https:\/\/wm.pb.edu.pl\/mechatronix\/wp-content\/uploads\/sites\/16\/2020\/10\/vvv-700x516-1.jpg\",\"datePublished\":\"2020-10-06T07:36:17+00:00\",\"dateModified\":\"2023-04-13T08:14:05+00:00\",\"description\":\"Studenckie Ko\u0142o Naukowe Mechatronix Wydzia\u0142 Mechaniczny Politechniki Bia\u0142ostockiej\",\"breadcrumb\":{\"@id\":\"https:\/\/wm.pb.edu.pl\/mechatronix\/#breadcrumb\"},\"inLanguage\":\"pl-PL\",\"potentialAction\":[{\"@type\":\"ReadAction\",\"target\":[\"https:\/\/wm.pb.edu.pl\/mechatronix\/\"]}]},{\"@type\":\"ImageObject\",\"inLanguage\":\"pl-PL\",\"@id\":\"https:\/\/wm.pb.edu.pl\/mechatronix\/#primaryimage\",\"url\":\"https:\/\/wm.pb.edu.pl\/mechatronix\/wp-content\/uploads\/sites\/16\/2020\/10\/vvv-700x516-1.jpg\",\"contentUrl\":\"https:\/\/wm.pb.edu.pl\/mechatronix\/wp-content\/uploads\/sites\/16\/2020\/10\/vvv-700x516-1.jpg\",\"width\":700,\"height\":516,\"caption\":\"Pneumobil\"},{\"@type\":\"BreadcrumbList\",\"@id\":\"https:\/\/wm.pb.edu.pl\/mechatronix\/#breadcrumb\",\"itemListElement\":[{\"@type\":\"ListItem\",\"position\":1,\"name\":\"Strona g\u0142\u00f3wna\",\"item\":\"https:\/\/wm.pb.edu.pl\/mechatronix\/\"},{\"@type\":\"ListItem\",\"position\":2,\"name\":\"SKN Mechatronix &#8211; Wydzia\u0142 Mechaniczny PB\"}]},{\"@type\":\"WebSite\",\"@id\":\"https:\/\/wm.pb.edu.pl\/mechatronix\/#website\",\"url\":\"https:\/\/wm.pb.edu.pl\/mechatronix\/\",\"name\":\"Studenckie Ko\u0142o Naukowe Mechatronix - Wydzia\u0142 Mechaniczny PB\",\"description\":\"Studenckie Ko\u0142o Naukowe Mechatronix - Wydzia\u0142 Mechaniczny PB\",\"potentialAction\":[{\"@type\":\"SearchAction\",\"target\":{\"@type\":\"EntryPoint\",\"urlTemplate\":\"https:\/\/wm.pb.edu.pl\/mechatronix\/?s={search_term_string}\"},\"query-input\":{\"@type\":\"PropertyValueSpecification\",\"valueRequired\":true,\"valueName\":\"search_term_string\"}}],\"inLanguage\":\"pl-PL\"}]}<\/script>\n<!-- \/ Yoast SEO plugin. -->","yoast_head_json":{"title":"Studenckie Ko\u0142o Naukowe Mechatronix - Wydzia\u0142 Mechaniczny PB","description":"Studenckie Ko\u0142o Naukowe Mechatronix Wydzia\u0142 Mechaniczny Politechniki Bia\u0142ostockiej","robots":{"index":"index","follow":"follow","max-snippet":"max-snippet:-1","max-image-preview":"max-image-preview:large","max-video-preview":"max-video-preview:-1"},"canonical":"https:\/\/wm.pb.edu.pl\/mechatronix\/","og_locale":"pl_PL","og_type":"article","og_title":"Studenckie Ko\u0142o Naukowe Mechatronix - Wydzia\u0142 Mechaniczny PB","og_description":"Studenckie Ko\u0142o Naukowe Mechatronix Wydzia\u0142 Mechaniczny Politechniki Bia\u0142ostockiej","og_url":"https:\/\/wm.pb.edu.pl\/mechatronix\/","og_site_name":"Studenckie Ko\u0142o Naukowe Mechatronix - Wydzia\u0142 Mechaniczny PB","article_modified_time":"2023-04-13T08:14:05+00:00","og_image":[{"width":700,"height":516,"url":"https:\/\/wm.pb.edu.pl\/mechatronix\/wp-content\/uploads\/sites\/16\/2020\/10\/vvv-700x516-1.jpg","type":"image\/jpeg"}],"twitter_card":"summary_large_image","twitter_misc":{"Szacowany czas czytania":"2 minuty"},"schema":{"@context":"https:\/\/schema.org","@graph":[{"@type":"WebPage","@id":"https:\/\/wm.pb.edu.pl\/mechatronix\/","url":"https:\/\/wm.pb.edu.pl\/mechatronix\/","name":"Studenckie Ko\u0142o Naukowe Mechatronix - Wydzia\u0142 Mechaniczny PB","isPartOf":{"@id":"https:\/\/wm.pb.edu.pl\/mechatronix\/#website"},"primaryImageOfPage":{"@id":"https:\/\/wm.pb.edu.pl\/mechatronix\/#primaryimage"},"image":{"@id":"https:\/\/wm.pb.edu.pl\/mechatronix\/#primaryimage"},"thumbnailUrl":"https:\/\/wm.pb.edu.pl\/mechatronix\/wp-content\/uploads\/sites\/16\/2020\/10\/vvv-700x516-1.jpg","datePublished":"2020-10-06T07:36:17+00:00","dateModified":"2023-04-13T08:14:05+00:00","description":"Studenckie Ko\u0142o Naukowe Mechatronix Wydzia\u0142 Mechaniczny Politechniki Bia\u0142ostockiej","breadcrumb":{"@id":"https:\/\/wm.pb.edu.pl\/mechatronix\/#breadcrumb"},"inLanguage":"pl-PL","potentialAction":[{"@type":"ReadAction","target":["https:\/\/wm.pb.edu.pl\/mechatronix\/"]}]},{"@type":"ImageObject","inLanguage":"pl-PL","@id":"https:\/\/wm.pb.edu.pl\/mechatronix\/#primaryimage","url":"https:\/\/wm.pb.edu.pl\/mechatronix\/wp-content\/uploads\/sites\/16\/2020\/10\/vvv-700x516-1.jpg","contentUrl":"https:\/\/wm.pb.edu.pl\/mechatronix\/wp-content\/uploads\/sites\/16\/2020\/10\/vvv-700x516-1.jpg","width":700,"height":516,"caption":"Pneumobil"},{"@type":"BreadcrumbList","@id":"https:\/\/wm.pb.edu.pl\/mechatronix\/#breadcrumb","itemListElement":[{"@type":"ListItem","position":1,"name":"Strona g\u0142\u00f3wna","item":"https:\/\/wm.pb.edu.pl\/mechatronix\/"},{"@type":"ListItem","position":2,"name":"SKN Mechatronix &#8211; Wydzia\u0142 Mechaniczny PB"}]},{"@type":"WebSite","@id":"https:\/\/wm.pb.edu.pl\/mechatronix\/#website","url":"https:\/\/wm.pb.edu.pl\/mechatronix\/","name":"Studenckie Ko\u0142o Naukowe Mechatronix - Wydzia\u0142 Mechaniczny PB","description":"Studenckie Ko\u0142o Naukowe Mechatronix - Wydzia\u0142 Mechaniczny PB","potentialAction":[{"@type":"SearchAction","target":{"@type":"EntryPoint","urlTemplate":"https:\/\/wm.pb.edu.pl\/mechatronix\/?s={search_term_string}"},"query-input":{"@type":"PropertyValueSpecification","valueRequired":true,"valueName":"search_term_string"}}],"inLanguage":"pl-PL"}]}},"_links":{"self":[{"href":"https:\/\/wm.pb.edu.pl\/mechatronix\/wp-json\/wp\/v2\/pages\/15","targetHints":{"allow":["GET"]}}],"collection":[{"href":"https:\/\/wm.pb.edu.pl\/mechatronix\/wp-json\/wp\/v2\/pages"}],"about":[{"href":"https:\/\/wm.pb.edu.pl\/mechatronix\/wp-json\/wp\/v2\/types\/page"}],"author":[{"embeddable":true,"href":"https:\/\/wm.pb.edu.pl\/mechatronix\/wp-json\/wp\/v2\/users\/14"}],"replies":[{"embeddable":true,"href":"https:\/\/wm.pb.edu.pl\/mechatronix\/wp-json\/wp\/v2\/comments?post=15"}],"version-history":[{"count":12,"href":"https:\/\/wm.pb.edu.pl\/mechatronix\/wp-json\/wp\/v2\/pages\/15\/revisions"}],"predecessor-version":[{"id":87,"href":"https:\/\/wm.pb.edu.pl\/mechatronix\/wp-json\/wp\/v2\/pages\/15\/revisions\/87"}],"wp:featuredmedia":[{"embeddable":true,"href":"https:\/\/wm.pb.edu.pl\/mechatronix\/wp-json\/wp\/v2\/media\/32"}],"wp:attachment":[{"href":"https:\/\/wm.pb.edu.pl\/mechatronix\/wp-json\/wp\/v2\/media?parent=15"}],"curies":[{"name":"wp","href":"https:\/\/api.w.org\/{rel}","templated":true}]}}