{"id":42,"date":"2018-06-26T11:32:40","date_gmt":"2018-06-26T09:32:40","guid":{"rendered":"https:\/\/wm.pb.edu.pl\/rid2\/?page_id=42"},"modified":"2024-03-08T15:22:12","modified_gmt":"2024-03-08T14:22:12","slug":"kontakt","status":"publish","type":"page","link":"https:\/\/wm.pb.edu.pl\/rid2\/kontakt\/","title":{"rendered":"Kontakt"},"content":{"rendered":"<p><img loading=\"lazy\" decoding=\"async\" src=\"https:\/\/wm.pb.edu.pl\/rid2\/wp-content\/uploads\/sites\/26\/2024\/03\/belka-RID.jpg\" alt=\"logo projektu, Politechniki Bia\u0142ostockiej i Ministerstwa Nauki i Szkolnictwa Wy\u017cszego\" width=\"1024\" height=\"141\" class=\"aligncenter size-full wp-image-671\" srcset=\"https:\/\/wm.pb.edu.pl\/rid2\/wp-content\/uploads\/sites\/26\/2024\/03\/belka-RID.jpg 1024w, https:\/\/wm.pb.edu.pl\/rid2\/wp-content\/uploads\/sites\/26\/2024\/03\/belka-RID-300x41.jpg 300w, https:\/\/wm.pb.edu.pl\/rid2\/wp-content\/uploads\/sites\/26\/2024\/03\/belka-RID-768x106.jpg 768w\" sizes=\"auto, (max-width: 1024px) 100vw, 1024px\" \/><\/p>\n<div class=\"h1\">Kontakt<\/div>\n<div class=\"h3\">Sekretariat<\/div>\n<p>ul. Wiejska 45C, <strong>pok\u00f3j 106<\/strong><br \/>\nEwelina U\u017cy\u0144ska<br \/>\n <i class=\"fal fa-phone\"><\/i> 85 746 92 11<br \/>\n <i class=\"fal fa-envelope\"><\/i> <a href=\"#\" rel=\"nofollow\"  onclick=\"this.href='mailto:' + 'e.uzynska' + '@' + 'pb.edu.pl'\">e.uzynska [at] pb.edu.pl<\/a>\n&nbsp;<\/p>\n<div class=\"h3\">Kierownik projektu<\/div>\n<p>prof. dr hab. in\u017c. Micha\u0142 Kuciej<br \/>\n <i class=\"fal fa-envelope\"><\/i> <a href=\"#\" rel=\"nofollow\"  onclick=\"this.href='mailto:' + 'm.kuciej' + '@' + 'pb.edu.pl'\">m.kuciej [at] pb.edu.pl<\/a>\n&nbsp;<\/p>\n","protected":false},"excerpt":{"rendered":"<p>Kontakt Sekretariat ul. Wiejska 45C, pok\u00f3j 106 Ewelina U\u017cy\u0144ska 85 746 92 11 &nbsp; Kierownik<a class=\"read-more\" href=\"https:\/\/wm.pb.edu.pl\/rid2\/kontakt\/\" title=\"Poka\u017c artyku\u0142 Kontakt\">wi\u0119cej<\/a><\/p>\n","protected":false},"author":3,"featured_media":0,"parent":0,"menu_order":4,"comment_status":"closed","ping_status":"closed","template":"templates\/dzial.php","meta":{"inline_featured_image":false,"ngg_post_thumbnail":0,"footnotes":""},"class_list":["post-42","page","type-page","status-publish","hentry"],"acf":[],"yoast_head":"<!-- This site is optimized with the Yoast SEO plugin v26.4 - https:\/\/yoast.com\/wordpress\/plugins\/seo\/ -->\n<title>Kontakt - Regionalna Inicjatywa Doskona\u0142o\u015bci<\/title>\n<meta name=\"robots\" content=\"index, follow, max-snippet:-1, max-image-preview:large, max-video-preview:-1\" \/>\n<link rel=\"canonical\" href=\"https:\/\/wm.pb.edu.pl\/rid2\/kontakt\/\" \/>\n<meta property=\"og:locale\" content=\"pl_PL\" \/>\n<meta property=\"og:type\" content=\"article\" \/>\n<meta property=\"og:title\" content=\"Kontakt - Regionalna Inicjatywa Doskona\u0142o\u015bci\" \/>\n<meta property=\"og:description\" content=\"Kontakt Sekretariat ul. Wiejska 45C, pok\u00f3j 106 Ewelina U\u017cy\u0144ska 85 746 92 11 &nbsp; Kierownikwi\u0119cej\" \/>\n<meta property=\"og:url\" content=\"https:\/\/wm.pb.edu.pl\/rid2\/kontakt\/\" \/>\n<meta property=\"og:site_name\" content=\"Regionalna Inicjatywa Doskona\u0142o\u015bci\" \/>\n<meta property=\"article:modified_time\" content=\"2024-03-08T14:22:12+00:00\" \/>\n<meta property=\"og:image\" content=\"https:\/\/wm.pb.edu.pl\/rid2\/wp-content\/uploads\/sites\/26\/2024\/03\/belka-RID.jpg\" \/>\n<meta name=\"twitter:card\" content=\"summary_large_image\" \/>\n<meta name=\"twitter:label1\" content=\"Szacowany czas czytania\" \/>\n\t<meta name=\"twitter:data1\" content=\"1 minuta\" \/>\n<script type=\"application\/ld+json\" class=\"yoast-schema-graph\">{\"@context\":\"https:\/\/schema.org\",\"@graph\":[{\"@type\":\"WebPage\",\"@id\":\"https:\/\/wm.pb.edu.pl\/rid2\/kontakt\/\",\"url\":\"https:\/\/wm.pb.edu.pl\/rid2\/kontakt\/\",\"name\":\"Kontakt - Regionalna Inicjatywa Doskona\u0142o\u015bci\",\"isPartOf\":{\"@id\":\"https:\/\/wm.pb.edu.pl\/rid2\/#website\"},\"primaryImageOfPage\":{\"@id\":\"https:\/\/wm.pb.edu.pl\/rid2\/kontakt\/#primaryimage\"},\"image\":{\"@id\":\"https:\/\/wm.pb.edu.pl\/rid2\/kontakt\/#primaryimage\"},\"thumbnailUrl\":\"https:\/\/wm.pb.edu.pl\/rid2\/wp-content\/uploads\/sites\/26\/2024\/03\/belka-RID.jpg\",\"datePublished\":\"2018-06-26T09:32:40+00:00\",\"dateModified\":\"2024-03-08T14:22:12+00:00\",\"breadcrumb\":{\"@id\":\"https:\/\/wm.pb.edu.pl\/rid2\/kontakt\/#breadcrumb\"},\"inLanguage\":\"pl-PL\",\"potentialAction\":[{\"@type\":\"ReadAction\",\"target\":[\"https:\/\/wm.pb.edu.pl\/rid2\/kontakt\/\"]}]},{\"@type\":\"ImageObject\",\"inLanguage\":\"pl-PL\",\"@id\":\"https:\/\/wm.pb.edu.pl\/rid2\/kontakt\/#primaryimage\",\"url\":\"https:\/\/wm.pb.edu.pl\/rid2\/wp-content\/uploads\/sites\/26\/2024\/03\/belka-RID.jpg\",\"contentUrl\":\"https:\/\/wm.pb.edu.pl\/rid2\/wp-content\/uploads\/sites\/26\/2024\/03\/belka-RID.jpg\",\"width\":1024,\"height\":141,\"caption\":\"logo projektu, Politechniki Bia\u0142ostockiej i Ministerstwa Nauki i Szkolnictwa Wy\u017cszego\"},{\"@type\":\"BreadcrumbList\",\"@id\":\"https:\/\/wm.pb.edu.pl\/rid2\/kontakt\/#breadcrumb\",\"itemListElement\":[{\"@type\":\"ListItem\",\"position\":1,\"name\":\"Strona g\u0142\u00f3wna\",\"item\":\"https:\/\/wm.pb.edu.pl\/rid2\/\"},{\"@type\":\"ListItem\",\"position\":2,\"name\":\"Kontakt\"}]},{\"@type\":\"WebSite\",\"@id\":\"https:\/\/wm.pb.edu.pl\/rid2\/#website\",\"url\":\"https:\/\/wm.pb.edu.pl\/rid2\/\",\"name\":\"Regionalna Inicjatywa Doskona\u0142o\u015bci\",\"description\":\"\",\"potentialAction\":[{\"@type\":\"SearchAction\",\"target\":{\"@type\":\"EntryPoint\",\"urlTemplate\":\"https:\/\/wm.pb.edu.pl\/rid2\/?s={search_term_string}\"},\"query-input\":{\"@type\":\"PropertyValueSpecification\",\"valueRequired\":true,\"valueName\":\"search_term_string\"}}],\"inLanguage\":\"pl-PL\"}]}<\/script>\n<!-- \/ Yoast SEO plugin. -->","yoast_head_json":{"title":"Kontakt - Regionalna Inicjatywa Doskona\u0142o\u015bci","robots":{"index":"index","follow":"follow","max-snippet":"max-snippet:-1","max-image-preview":"max-image-preview:large","max-video-preview":"max-video-preview:-1"},"canonical":"https:\/\/wm.pb.edu.pl\/rid2\/kontakt\/","og_locale":"pl_PL","og_type":"article","og_title":"Kontakt - Regionalna Inicjatywa Doskona\u0142o\u015bci","og_description":"Kontakt Sekretariat ul. Wiejska 45C, pok\u00f3j 106 Ewelina U\u017cy\u0144ska 85 746 92 11 &nbsp; Kierownikwi\u0119cej","og_url":"https:\/\/wm.pb.edu.pl\/rid2\/kontakt\/","og_site_name":"Regionalna Inicjatywa Doskona\u0142o\u015bci","article_modified_time":"2024-03-08T14:22:12+00:00","og_image":[{"url":"https:\/\/wm.pb.edu.pl\/rid2\/wp-content\/uploads\/sites\/26\/2024\/03\/belka-RID.jpg","type":"","width":"","height":""}],"twitter_card":"summary_large_image","twitter_misc":{"Szacowany czas czytania":"1 minuta"},"schema":{"@context":"https:\/\/schema.org","@graph":[{"@type":"WebPage","@id":"https:\/\/wm.pb.edu.pl\/rid2\/kontakt\/","url":"https:\/\/wm.pb.edu.pl\/rid2\/kontakt\/","name":"Kontakt - Regionalna Inicjatywa Doskona\u0142o\u015bci","isPartOf":{"@id":"https:\/\/wm.pb.edu.pl\/rid2\/#website"},"primaryImageOfPage":{"@id":"https:\/\/wm.pb.edu.pl\/rid2\/kontakt\/#primaryimage"},"image":{"@id":"https:\/\/wm.pb.edu.pl\/rid2\/kontakt\/#primaryimage"},"thumbnailUrl":"https:\/\/wm.pb.edu.pl\/rid2\/wp-content\/uploads\/sites\/26\/2024\/03\/belka-RID.jpg","datePublished":"2018-06-26T09:32:40+00:00","dateModified":"2024-03-08T14:22:12+00:00","breadcrumb":{"@id":"https:\/\/wm.pb.edu.pl\/rid2\/kontakt\/#breadcrumb"},"inLanguage":"pl-PL","potentialAction":[{"@type":"ReadAction","target":["https:\/\/wm.pb.edu.pl\/rid2\/kontakt\/"]}]},{"@type":"ImageObject","inLanguage":"pl-PL","@id":"https:\/\/wm.pb.edu.pl\/rid2\/kontakt\/#primaryimage","url":"https:\/\/wm.pb.edu.pl\/rid2\/wp-content\/uploads\/sites\/26\/2024\/03\/belka-RID.jpg","contentUrl":"https:\/\/wm.pb.edu.pl\/rid2\/wp-content\/uploads\/sites\/26\/2024\/03\/belka-RID.jpg","width":1024,"height":141,"caption":"logo projektu, Politechniki Bia\u0142ostockiej i Ministerstwa Nauki i Szkolnictwa Wy\u017cszego"},{"@type":"BreadcrumbList","@id":"https:\/\/wm.pb.edu.pl\/rid2\/kontakt\/#breadcrumb","itemListElement":[{"@type":"ListItem","position":1,"name":"Strona g\u0142\u00f3wna","item":"https:\/\/wm.pb.edu.pl\/rid2\/"},{"@type":"ListItem","position":2,"name":"Kontakt"}]},{"@type":"WebSite","@id":"https:\/\/wm.pb.edu.pl\/rid2\/#website","url":"https:\/\/wm.pb.edu.pl\/rid2\/","name":"Regionalna Inicjatywa Doskona\u0142o\u015bci","description":"","potentialAction":[{"@type":"SearchAction","target":{"@type":"EntryPoint","urlTemplate":"https:\/\/wm.pb.edu.pl\/rid2\/?s={search_term_string}"},"query-input":{"@type":"PropertyValueSpecification","valueRequired":true,"valueName":"search_term_string"}}],"inLanguage":"pl-PL"}]}},"_links":{"self":[{"href":"https:\/\/wm.pb.edu.pl\/rid2\/wp-json\/wp\/v2\/pages\/42","targetHints":{"allow":["GET"]}}],"collection":[{"href":"https:\/\/wm.pb.edu.pl\/rid2\/wp-json\/wp\/v2\/pages"}],"about":[{"href":"https:\/\/wm.pb.edu.pl\/rid2\/wp-json\/wp\/v2\/types\/page"}],"author":[{"embeddable":true,"href":"https:\/\/wm.pb.edu.pl\/rid2\/wp-json\/wp\/v2\/users\/3"}],"replies":[{"embeddable":true,"href":"https:\/\/wm.pb.edu.pl\/rid2\/wp-json\/wp\/v2\/comments?post=42"}],"version-history":[{"count":32,"href":"https:\/\/wm.pb.edu.pl\/rid2\/wp-json\/wp\/v2\/pages\/42\/revisions"}],"predecessor-version":[{"id":686,"href":"https:\/\/wm.pb.edu.pl\/rid2\/wp-json\/wp\/v2\/pages\/42\/revisions\/686"}],"wp:attachment":[{"href":"https:\/\/wm.pb.edu.pl\/rid2\/wp-json\/wp\/v2\/media?parent=42"}],"curies":[{"name":"wp","href":"https:\/\/api.w.org\/{rel}","templated":true}]}}

<p><img loading="lazy" decoding="async" src="https://wm.pb.edu.pl/rid2/wp-content/uploads/sites/26/2024/03/belka-RID.jpg" alt="logo projektu, Politechniki Białostockiej i Ministerstwa Nauki i Szkolnictwa Wyższego" width="1024" height="141" class="aligncenter size-full wp-image-671" srcset="https://wm.pb.edu.pl/rid2/wp-content/uploads/sites/26/2024/03/belka-RID.jpg 1024w, https://wm.pb.edu.pl/rid2/wp-content/uploads/sites/26/2024/03/belka-RID-300x41.jpg 300w, https://wm.pb.edu.pl/rid2/wp-content/uploads/sites/26/2024/03/belka-RID-768x106.jpg 768w" sizes="auto, (max-width: 1024px) 100vw, 1024px" /></p>
<div class="h1">Kontakt</div>
<div class="h3">Sekretariat</div>
<p>ul. Wiejska 45C, <strong>pokój 106</strong><br />
Ewelina Użyńska<br />
 <i class="fal fa-phone"></i> 85 746 92 11<br />
 <i class="fal fa-envelope"></i> <a href="#" rel="nofollow"  onclick="this.href='mailto:' + 'e.uzynska' + '@' + 'pb.edu.pl'">e.uzynska [at] pb.edu.pl</a>
&nbsp;</p>
<div class="h3">Kierownik projektu</div>
<p>prof. dr hab. inż. Michał Kuciej<br />
 <i class="fal fa-envelope"></i> <a href="#" rel="nofollow"  onclick="this.href='mailto:' + 'm.kuciej' + '@' + 'pb.edu.pl'">m.kuciej [at] pb.edu.pl</a>
&nbsp;</p>

<p>Kontakt Sekretariat ul. Wiejska 45C, pokój 106 Ewelina Użyńska 85 746 92 11 &nbsp; Kierownik<a class="read-more" href="https://wm.pb.edu.pl/rid2/kontakt/" title="Pokaż artykuł Kontakt">więcej</a></p>

<!-- This site is optimized with the Yoast SEO plugin v26.4 - https://yoast.com/wordpress/plugins/seo/ -->
<title>Kontakt - Regionalna Inicjatywa Doskonałości</title>
<meta name="robots" content="index, follow, max-snippet:-1, max-image-preview:large, max-video-preview:-1" />
<link rel="canonical" href="https://wm.pb.edu.pl/rid2/kontakt/" />
<meta property="og:locale" content="pl_PL" />
<meta property="og:type" content="article" />
<meta property="og:title" content="Kontakt - Regionalna Inicjatywa Doskonałości" />
<meta property="og:description" content="Kontakt Sekretariat ul. Wiejska 45C, pokój 106 Ewelina Użyńska 85 746 92 11 &nbsp; Kierownikwięcej" />
<meta property="og:url" content="https://wm.pb.edu.pl/rid2/kontakt/" />
<meta property="og:site_name" content="Regionalna Inicjatywa Doskonałości" />
<meta property="article:modified_time" content="2024-03-08T14:22:12+00:00" />
<meta property="og:image" content="https://wm.pb.edu.pl/rid2/wp-content/uploads/sites/26/2024/03/belka-RID.jpg" />
<meta name="twitter:card" content="summary_large_image" />
<meta name="twitter:label1" content="Szacowany czas czytania" />
	<meta name="twitter:data1" content="1 minuta" />
<script type="application/ld+json" class="yoast-schema-graph">{"@context":"https://schema.org","@graph":[{"@type":"WebPage","@id":"https://wm.pb.edu.pl/rid2/kontakt/","url":"https://wm.pb.edu.pl/rid2/kontakt/","name":"Kontakt - Regionalna Inicjatywa Doskonałości","isPartOf":{"@id":"https://wm.pb.edu.pl/rid2/#website"},"primaryImageOfPage":{"@id":"https://wm.pb.edu.pl/rid2/kontakt/#primaryimage"},"image":{"@id":"https://wm.pb.edu.pl/rid2/kontakt/#primaryimage"},"thumbnailUrl":"https://wm.pb.edu.pl/rid2/wp-content/uploads/sites/26/2024/03/belka-RID.jpg","datePublished":"2018-06-26T09:32:40+00:00","dateModified":"2024-03-08T14:22:12+00:00","breadcrumb":{"@id":"https://wm.pb.edu.pl/rid2/kontakt/#breadcrumb"},"inLanguage":"pl-PL","potentialAction":[{"@type":"ReadAction","target":["https://wm.pb.edu.pl/rid2/kontakt/"]}]},{"@type":"ImageObject","inLanguage":"pl-PL","@id":"https://wm.pb.edu.pl/rid2/kontakt/#primaryimage","url":"https://wm.pb.edu.pl/rid2/wp-content/uploads/sites/26/2024/03/belka-RID.jpg","contentUrl":"https://wm.pb.edu.pl/rid2/wp-content/uploads/sites/26/2024/03/belka-RID.jpg","width":1024,"height":141,"caption":"logo projektu, Politechniki Białostockiej i Ministerstwa Nauki i Szkolnictwa Wyższego"},{"@type":"BreadcrumbList","@id":"https://wm.pb.edu.pl/rid2/kontakt/#breadcrumb","itemListElement":[{"@type":"ListItem","position":1,"name":"Strona główna","item":"https://wm.pb.edu.pl/rid2/"},{"@type":"ListItem","position":2,"name":"Kontakt"}]},{"@type":"WebSite","@id":"https://wm.pb.edu.pl/rid2/#website","url":"https://wm.pb.edu.pl/rid2/","name":"Regionalna Inicjatywa Doskonałości","description":"","potentialAction":[{"@type":"SearchAction","target":{"@type":"EntryPoint","urlTemplate":"https://wm.pb.edu.pl/rid2/?s={search_term_string}"},"query-input":{"@type":"PropertyValueSpecification","valueRequired":true,"valueName":"search_term_string"}}],"inLanguage":"pl-PL"}]}</script>
<!-- / Yoast SEO plugin. -->

Kontakt - Regionalna Inicjatywa Doskonałości

Kontakt Sekretariat ul. Wiejska 45C, pokój 106 Ewelina Użyńska 85 746 92 11 &nbsp; Kierownikwięcej

Regionalna Inicjatywa Doskonałości

logo projektu, Politechniki Białostockiej i Ministerstwa Nauki i Szkolnictwa Wyższego

Strona główna
