{"id":515,"date":"2024-01-22T19:32:43","date_gmt":"2024-01-22T18:32:43","guid":{"rendered":"https:\/\/wm.pb.edu.pl\/rid2\/?page_id=515"},"modified":"2024-10-29T11:04:34","modified_gmt":"2024-10-29T10:04:34","slug":"staze-w-uczelniach-top200","status":"publish","type":"page","link":"https:\/\/wm.pb.edu.pl\/rid2\/staze-w-uczelniach-top200\/","title":{"rendered":"Sta\u017ce w uczelniach TOP200"},"content":{"rendered":"<p><img loading=\"lazy\" decoding=\"async\" class=\"aligncenter size-full wp-image-671\" src=\"https:\/\/wm.pb.edu.pl\/rid2\/wp-content\/uploads\/sites\/26\/2024\/03\/belka-RID.jpg\" alt=\"logo projektu, Politechniki Bia\u0142ostockiej i Ministerstwa Nauki i Szkolnictwa Wy\u017cszego\" width=\"1024\" height=\"141\" srcset=\"https:\/\/wm.pb.edu.pl\/rid2\/wp-content\/uploads\/sites\/26\/2024\/03\/belka-RID.jpg 1024w, https:\/\/wm.pb.edu.pl\/rid2\/wp-content\/uploads\/sites\/26\/2024\/03\/belka-RID-300x41.jpg 300w, https:\/\/wm.pb.edu.pl\/rid2\/wp-content\/uploads\/sites\/26\/2024\/03\/belka-RID-768x106.jpg 768w\" sizes=\"auto, (max-width: 1024px) 100vw, 1024px\" \/><\/p>\n<div class=\"h1\">Sta\u017ce w uczelniach TOP200<\/div>\n<div class=\"h3 text-center\">Regulamin dofinansowania sta\u017cy w renomowanych zagranicznych uczelniach lub o\u015brodkach naukowych<\/div>\n<p style=\"text-align: center\"><strong>\u00a71<\/strong><\/p>\n<ol>\n<li>O dofinansowanie koszt\u00f3w wyjazdu na sta\u017c naukowy mog\u0105 ubiega\u0107 si\u0119 nauczyciele akademiccy zatrudnieni w Politechnice Bia\u0142ostockiej na podstawie stosunku pracy w grupie pracownik\u00f3w badawczych lub badawczo-dydaktycznych jako podstawowym miejscu pracy, reprezentuj\u0105cy dyscypliny tj. in\u017cynieria mechaniczna, automatyka, elektronika, elektrotechnika i technologie kosmiczne, in\u017cynieria biomedyczna, in\u017cynieria \u015brodowiska, g\u00f3rnictwo i energetyka, in\u017cynieria l\u0105dowa, geodezja i transport, informatyka techniczna i telekomunikacja, architektura i urbanistyka.<\/li>\n<li>Wyjazdy, o kt\u00f3rych mowa w ust. 1, powinny odbywa\u0107 si\u0119 do o\u015brodk\u00f3w akademickich b\u0119d\u0105cych w\u015br\u00f3d pierwszych 200 uczelni z tzw. Listy szanghajskiej lub \u015bwiatowego rankingu uniwersytet\u00f3w Times Higher Education.<\/li>\n<li>Celem zagranicznego sta\u017cu naukowego ma by\u0107 przeprowadzenie bada\u0144 naukowych przyczyniaj\u0105cych si\u0119 do nawi\u0105zania trwa\u0142ej wsp\u00f3\u0142pracy, potwierdzonej wsp\u00f3lnymi publikacjami, patentami lub projektami finansowanymi przez instytucje zewn\u0119trzne.<\/li>\n<li>Przy ocenie wniosk\u00f3w o sfinansowanie sta\u017cu b\u0119d\u0105 brane pod uwag\u0119 przede wszystkim:\n<ol class=\"custom-list-abc\">\n<li>innowacyjno\u015b\u0107 i zakres bada\u0144 planowanych do podj\u0119cia w czasie sta\u017cu;<\/li>\n<li>pozycja Uczelni goszcz\u0105cej sta\u017cyst\u0119 w rankingach mi\u0119dzynarodowych;<\/li>\n<li>potrzeba realizacji sta\u017cu wynikaj\u0105ca z plan\u00f3w rozwoju reprezentowanej dyscypliny naukowej.<\/li>\n<\/ol>\n<\/li>\n<\/ol>\n<p style=\"text-align: center\"><strong>\u00a72<\/strong><\/p>\n<ol>\n<li>Sta\u017c odbywa si\u0119 w ramach p\u0142atnego urlopu udzielonego zgodnie z Regulaminem Pracy Politechniki Bia\u0142ostockiej<\/li>\n<li>Wymiar sta\u017cu mo\u017ce wynosi\u0107 1 do 3 miesi\u0119cy.<\/li>\n<li>Sta\u017c musi by\u0107 zrealizowany w jednym roku kalendarzowym \u2013 w roku, w kt\u00f3rym przyznano fundusze na jego realizacj\u0119.<\/li>\n<\/ol>\n<p style=\"text-align: center\"><strong>\u00a73<\/strong><\/p>\n<ol>\n<li>\u015arodki finansowe pochodz\u0105 z bud\u017cetu projektu pn. <em>Zwi\u0119kszenie interdyscyplinarno\u015bci bada\u0144 naukowych w PB w obszarze nauk in\u017cynieryjno-technicznych<\/em> finansowanego z subwencji Ministra Nauki w ramach programu Regionalna Inicjatywa Doskona\u0142o\u015bci.<\/li>\n<li>Terminy naboru wniosk\u00f3w b\u0119d\u0105 og\u0142aszane na stronie internetowej Projektu. Osoby, o kt\u00f3rych mowa w \u00a7 1 ust. 1, sk\u0142adaj\u0105 wniosek o dofinansowanie zagranicznego sta\u017cu naukowego, kt\u00f3rego wz\u00f3r stanowi za\u0142\u0105cznik nr 1 do Regulaminu.<\/li>\n<li>Decyzj\u0119 o przyznaniu finansowania podejmuje powo\u0142ana przez prorektora ds. nauki Komisja w sk\u0142adzie:\n<ol class=\"custom-list-abc\">\n<li>koordynator projektu;<\/li>\n<li>zesp\u00f3\u0142 odpowiedzialny za realizacj\u0119 zada\u0144 w projekcie.<\/li>\n<\/ol>\n<\/li>\n<li>Rozpatrywane b\u0119d\u0105 tylko wnioski spe\u0142niaj\u0105ce kryteria formalne okre\u015blone w \u00a7 1 ust. 2 &#8211; 4<\/li>\n<li>Po rozpatrzeniu wniosk\u00f3w sporz\u0105dzana jest lista os\u00f3b, kt\u00f3re uzyskaj\u0105 w danym roku deklaracj\u0119 wsparcia finansowego ze \u015brodk\u00f3w Projektu.<\/li>\n<li>Osoby, o kt\u00f3rych mowa w ust. 5, sk\u0142adaj\u0105 wniosek o skierowanie na sta\u017c, kt\u00f3rego wz\u00f3r stanowi za\u0142\u0105cznik nr 2 do Regulaminu. Wniosek powinien by\u0107 potwierdzony przez bezpo\u015bredniego prze\u0142o\u017conego oraz dziekana odpowiedniego wydzia\u0142u.<\/li>\n<li>Do wniosku, o kt\u00f3rym mowa w ust. 6, nale\u017cy do\u0142\u0105czy\u0107 dokument potwierdzaj\u0105cy przyj\u0119cie na zagraniczny sta\u017c naukowy przez podmiot zewn\u0119trzny oraz uzgodniony program sta\u017cu.<\/li>\n<\/ol>\n<p style=\"text-align: center\"><strong>\u00a74<\/strong><\/p>\n<ol>\n<li>Nauczyciel akademicki, kt\u00f3ry otrzyma\u0142 skierowanie na sta\u017c naukowy sk\u0142ada wype\u0142niony formularz Polecenia wyjazdu z zaznaczeniem rodzaju podr\u00f3\u017cy \u2013 <em>podnoszenie kwalifikacji zawodowych \u2013 zwrot koszt\u00f3w okre\u015blonych przez pracodawc\u0119<\/em>, zgodnie z obowi\u0105zuj\u0105cym w Uczelni zarz\u0105dzeniem Rektora Politechniki Bia\u0142ostockiej w sprawie podr\u00f3\u017cy pracownik\u00f3w Politechniki Bia\u0142ostockiej na obszarze kraju i poza jego granicami.<\/li>\n<li>Nauczyciel akademicki skierowany na sta\u017c mo\u017ce otrzyma\u0107:\n<ol class=\"custom-list-abc\">\n<li>dofinansowanie udokumentowanych koszt\u00f3w podr\u00f3\u017cy, w tym \u2013 przejazd\u00f3w, op\u0142at wizowych, ubezpieczenia \u2013 na zasadach przyj\u0119tych w Uczelni max. 8 000 z\u0142 brutto;<\/li>\n<li>stypendium naukowe \u2013 w wysoko\u015bci stanowi\u0105cej diety z tytu\u0142u podr\u00f3\u017cy s\u0142u\u017cbowej poza granicami kraju, okre\u015blonej w Rozporz\u0105dzeniu Ministra Pracy i Polityki Spo\u0142ecznej w sprawie nale\u017cno\u015bci przys\u0142uguj\u0105cych pracownikowi zatrudnionemu w pa\u0144stwowej lub samorz\u0105dowej jednostce sfery bud\u017cetowej z tytu\u0142u podr\u00f3\u017cy s\u0142u\u017cbowej poza granicami kraju, za ka\u017cdy dzie\u0144 pobytu \u2013 max. 15 000 z\u0142 miesi\u0119cznie;<\/li>\n<li>dofinansowanie koszt\u00f3w noclegu na podstawie przed\u0142o\u017conej faktury\/rachunku lub rycza\u0142tu (liczonego jako 25% od kwoty limitu na nocleg okre\u015blonego do kraju docelowego \u2013 w wysoko\u015bci stanowi\u0105cej r\u00f3wnowarto\u015b\u0107 rycza\u0142tu za 30 dni pobytu) \u2013 max. do 10 000 z\u0142 miesi\u0119cznie.<\/li>\n<\/ol>\n<\/li>\n<li>W przypadku rezygnacji lub przerwania sta\u017cu, \u015bwiadczenia, o kt\u00f3rych mowa w ust. 2 pkt 2 i 3, przys\u0142uguj\u0105 proporcjonalnie do liczby dni pobytu za granic\u0105. W tym przypadku pracownik jest zobowi\u0105zany do zwrotu nienale\u017cnych \u015bwiadcze\u0144 w terminie 14 dni od powrotu ze sta\u017cu.<\/li>\n<li>W szczeg\u00f3lnie uzasadnionych przypadkach Uczelnia zastrzega sobie prawo cofni\u0119cia zgody na dofinansowanie sta\u017cu przed jego rozpocz\u0119ciem.<\/li>\n<\/ol>\n<p style=\"text-align: center\"><strong>\u00a75<\/strong><\/p>\n<ol>\n<li>Nauczyciel akademicki, kt\u00f3ry otrzyma\u0142 dofinansowanie zagranicznego sta\u017cu, po powrocie zobowi\u0105zany jest do:\n<ol class=\"custom-list-abc\">\n<li>z\u0142o\u017cenia sprawozdania uwzgl\u0119dniaj\u0105cego opis zrealizowanych podczas sta\u017cu zada\u0144 zaopiniowanego przez bezpo\u015bredniego prze\u0142o\u017conego;<\/li>\n<li>z\u0142o\u017cenia sprawozda\u0144 z rozwoju wsp\u00f3\u0142pracy z jednostk\u0105, w kt\u00f3rej przebywa\u0142 na sta\u017cu, zaopiniowanych przez bezpo\u015bredniego prze\u0142o\u017conego, po up\u0142ywie roku oraz dw\u00f3ch lat od daty powrotu do kraju.<\/li>\n<\/ol>\n<\/li>\n<li>Sprawozdania nale\u017cy sk\u0142ada\u0107 do koordynatora Projektu.<\/li>\n<li>W sprawach nieuregulowanych niniejszym Regulaminem, decyzj\u0119 podejmuje prorektor ds. nauki.<\/li>\n<\/ol>\n<div class=\"h3\">Pliki do pobrania<\/div>\n<p><strong>Wniosek o dofinansowanie zagranicznego sta\u017cu naukowego:<\/strong> <a class=\"docx\" title=\"pobierz plik\" href=\"https:\/\/wm.pb.edu.pl\/rid2\/wp-content\/uploads\/sites\/26\/2024\/03\/zalacznik_1.docx\" data-id=\"553\">za\u0142\u0105cznik_1 (DOCX, 76 KB)<\/a><\/p>\n<p><strong>Wniosek o skierowanie na zagraniczny sta\u017c naukowy:<\/strong> <a class=\"docx\" title=\"pobierz plik\" href=\"https:\/\/wm.pb.edu.pl\/rid2\/wp-content\/uploads\/sites\/26\/2024\/03\/zalacznik_2.docx\" data-id=\"554\">za\u0142\u0105cznik_2 (DOCX, 76 KB)<\/a><\/p>\n<p>&nbsp;<\/p>\n","protected":false},"excerpt":{"rendered":"<p>Sta\u017ce w uczelniach TOP200 Regulamin dofinansowania sta\u017cy w renomowanych zagranicznych uczelniach lub o\u015brodkach naukowych \u00a71<a class=\"read-more\" href=\"https:\/\/wm.pb.edu.pl\/rid2\/staze-w-uczelniach-top200\/\" title=\"Poka\u017c artyku\u0142 Sta\u017ce w uczelniach TOP200\">wi\u0119cej<\/a><\/p>\n","protected":false},"author":2,"featured_media":0,"parent":0,"menu_order":7,"comment_status":"closed","ping_status":"closed","template":"templates\/dzial.php","meta":{"inline_featured_image":false,"ngg_post_thumbnail":0,"footnotes":""},"class_list":["post-515","page","type-page","status-publish","hentry"],"acf":[],"yoast_head":"<!-- This site is optimized with the Yoast SEO plugin v26.4 - https:\/\/yoast.com\/wordpress\/plugins\/seo\/ -->\n<title>Sta\u017ce w uczelniach TOP200 - Regionalna Inicjatywa Doskona\u0142o\u015bci<\/title>\n<meta name=\"robots\" content=\"index, follow, max-snippet:-1, max-image-preview:large, max-video-preview:-1\" \/>\n<link rel=\"canonical\" href=\"https:\/\/wm.pb.edu.pl\/rid2\/staze-w-uczelniach-top200\/\" \/>\n<meta property=\"og:locale\" content=\"pl_PL\" \/>\n<meta property=\"og:type\" content=\"article\" \/>\n<meta property=\"og:title\" content=\"Sta\u017ce w uczelniach TOP200 - Regionalna Inicjatywa Doskona\u0142o\u015bci\" \/>\n<meta property=\"og:description\" content=\"Sta\u017ce w uczelniach TOP200 Regulamin dofinansowania sta\u017cy w renomowanych zagranicznych uczelniach lub o\u015brodkach naukowych \u00a71wi\u0119cej\" \/>\n<meta property=\"og:url\" content=\"https:\/\/wm.pb.edu.pl\/rid2\/staze-w-uczelniach-top200\/\" \/>\n<meta property=\"og:site_name\" content=\"Regionalna Inicjatywa Doskona\u0142o\u015bci\" \/>\n<meta property=\"article:modified_time\" content=\"2024-10-29T10:04:34+00:00\" \/>\n<meta property=\"og:image\" content=\"https:\/\/wm.pb.edu.pl\/rid2\/wp-content\/uploads\/sites\/26\/2024\/03\/belka-RID.jpg\" \/>\n<meta name=\"twitter:card\" content=\"summary_large_image\" \/>\n<meta name=\"twitter:label1\" content=\"Szacowany czas czytania\" \/>\n\t<meta name=\"twitter:data1\" content=\"5 minut\" \/>\n<script type=\"application\/ld+json\" class=\"yoast-schema-graph\">{\"@context\":\"https:\/\/schema.org\",\"@graph\":[{\"@type\":\"WebPage\",\"@id\":\"https:\/\/wm.pb.edu.pl\/rid2\/staze-w-uczelniach-top200\/\",\"url\":\"https:\/\/wm.pb.edu.pl\/rid2\/staze-w-uczelniach-top200\/\",\"name\":\"Sta\u017ce w uczelniach TOP200 - Regionalna Inicjatywa Doskona\u0142o\u015bci\",\"isPartOf\":{\"@id\":\"https:\/\/wm.pb.edu.pl\/rid2\/#website\"},\"primaryImageOfPage\":{\"@id\":\"https:\/\/wm.pb.edu.pl\/rid2\/staze-w-uczelniach-top200\/#primaryimage\"},\"image\":{\"@id\":\"https:\/\/wm.pb.edu.pl\/rid2\/staze-w-uczelniach-top200\/#primaryimage\"},\"thumbnailUrl\":\"https:\/\/wm.pb.edu.pl\/rid2\/wp-content\/uploads\/sites\/26\/2024\/03\/belka-RID.jpg\",\"datePublished\":\"2024-01-22T18:32:43+00:00\",\"dateModified\":\"2024-10-29T10:04:34+00:00\",\"breadcrumb\":{\"@id\":\"https:\/\/wm.pb.edu.pl\/rid2\/staze-w-uczelniach-top200\/#breadcrumb\"},\"inLanguage\":\"pl-PL\",\"potentialAction\":[{\"@type\":\"ReadAction\",\"target\":[\"https:\/\/wm.pb.edu.pl\/rid2\/staze-w-uczelniach-top200\/\"]}]},{\"@type\":\"ImageObject\",\"inLanguage\":\"pl-PL\",\"@id\":\"https:\/\/wm.pb.edu.pl\/rid2\/staze-w-uczelniach-top200\/#primaryimage\",\"url\":\"https:\/\/wm.pb.edu.pl\/rid2\/wp-content\/uploads\/sites\/26\/2024\/03\/belka-RID.jpg\",\"contentUrl\":\"https:\/\/wm.pb.edu.pl\/rid2\/wp-content\/uploads\/sites\/26\/2024\/03\/belka-RID.jpg\",\"width\":1024,\"height\":141,\"caption\":\"logo projektu, Politechniki Bia\u0142ostockiej i Ministerstwa Nauki i Szkolnictwa Wy\u017cszego\"},{\"@type\":\"BreadcrumbList\",\"@id\":\"https:\/\/wm.pb.edu.pl\/rid2\/staze-w-uczelniach-top200\/#breadcrumb\",\"itemListElement\":[{\"@type\":\"ListItem\",\"position\":1,\"name\":\"Strona g\u0142\u00f3wna\",\"item\":\"https:\/\/wm.pb.edu.pl\/rid2\/\"},{\"@type\":\"ListItem\",\"position\":2,\"name\":\"Sta\u017ce w uczelniach TOP200\"}]},{\"@type\":\"WebSite\",\"@id\":\"https:\/\/wm.pb.edu.pl\/rid2\/#website\",\"url\":\"https:\/\/wm.pb.edu.pl\/rid2\/\",\"name\":\"Regionalna Inicjatywa Doskona\u0142o\u015bci\",\"description\":\"\",\"potentialAction\":[{\"@type\":\"SearchAction\",\"target\":{\"@type\":\"EntryPoint\",\"urlTemplate\":\"https:\/\/wm.pb.edu.pl\/rid2\/?s={search_term_string}\"},\"query-input\":{\"@type\":\"PropertyValueSpecification\",\"valueRequired\":true,\"valueName\":\"search_term_string\"}}],\"inLanguage\":\"pl-PL\"}]}<\/script>\n<!-- \/ Yoast SEO plugin. -->","yoast_head_json":{"title":"Sta\u017ce w uczelniach TOP200 - Regionalna Inicjatywa Doskona\u0142o\u015bci","robots":{"index":"index","follow":"follow","max-snippet":"max-snippet:-1","max-image-preview":"max-image-preview:large","max-video-preview":"max-video-preview:-1"},"canonical":"https:\/\/wm.pb.edu.pl\/rid2\/staze-w-uczelniach-top200\/","og_locale":"pl_PL","og_type":"article","og_title":"Sta\u017ce w uczelniach TOP200 - Regionalna Inicjatywa Doskona\u0142o\u015bci","og_description":"Sta\u017ce w uczelniach TOP200 Regulamin dofinansowania sta\u017cy w renomowanych zagranicznych uczelniach lub o\u015brodkach naukowych \u00a71wi\u0119cej","og_url":"https:\/\/wm.pb.edu.pl\/rid2\/staze-w-uczelniach-top200\/","og_site_name":"Regionalna Inicjatywa Doskona\u0142o\u015bci","article_modified_time":"2024-10-29T10:04:34+00:00","og_image":[{"url":"https:\/\/wm.pb.edu.pl\/rid2\/wp-content\/uploads\/sites\/26\/2024\/03\/belka-RID.jpg","type":"","width":"","height":""}],"twitter_card":"summary_large_image","twitter_misc":{"Szacowany czas czytania":"5 minut"},"schema":{"@context":"https:\/\/schema.org","@graph":[{"@type":"WebPage","@id":"https:\/\/wm.pb.edu.pl\/rid2\/staze-w-uczelniach-top200\/","url":"https:\/\/wm.pb.edu.pl\/rid2\/staze-w-uczelniach-top200\/","name":"Sta\u017ce w uczelniach TOP200 - Regionalna Inicjatywa Doskona\u0142o\u015bci","isPartOf":{"@id":"https:\/\/wm.pb.edu.pl\/rid2\/#website"},"primaryImageOfPage":{"@id":"https:\/\/wm.pb.edu.pl\/rid2\/staze-w-uczelniach-top200\/#primaryimage"},"image":{"@id":"https:\/\/wm.pb.edu.pl\/rid2\/staze-w-uczelniach-top200\/#primaryimage"},"thumbnailUrl":"https:\/\/wm.pb.edu.pl\/rid2\/wp-content\/uploads\/sites\/26\/2024\/03\/belka-RID.jpg","datePublished":"2024-01-22T18:32:43+00:00","dateModified":"2024-10-29T10:04:34+00:00","breadcrumb":{"@id":"https:\/\/wm.pb.edu.pl\/rid2\/staze-w-uczelniach-top200\/#breadcrumb"},"inLanguage":"pl-PL","potentialAction":[{"@type":"ReadAction","target":["https:\/\/wm.pb.edu.pl\/rid2\/staze-w-uczelniach-top200\/"]}]},{"@type":"ImageObject","inLanguage":"pl-PL","@id":"https:\/\/wm.pb.edu.pl\/rid2\/staze-w-uczelniach-top200\/#primaryimage","url":"https:\/\/wm.pb.edu.pl\/rid2\/wp-content\/uploads\/sites\/26\/2024\/03\/belka-RID.jpg","contentUrl":"https:\/\/wm.pb.edu.pl\/rid2\/wp-content\/uploads\/sites\/26\/2024\/03\/belka-RID.jpg","width":1024,"height":141,"caption":"logo projektu, Politechniki Bia\u0142ostockiej i Ministerstwa Nauki i Szkolnictwa Wy\u017cszego"},{"@type":"BreadcrumbList","@id":"https:\/\/wm.pb.edu.pl\/rid2\/staze-w-uczelniach-top200\/#breadcrumb","itemListElement":[{"@type":"ListItem","position":1,"name":"Strona g\u0142\u00f3wna","item":"https:\/\/wm.pb.edu.pl\/rid2\/"},{"@type":"ListItem","position":2,"name":"Sta\u017ce w uczelniach TOP200"}]},{"@type":"WebSite","@id":"https:\/\/wm.pb.edu.pl\/rid2\/#website","url":"https:\/\/wm.pb.edu.pl\/rid2\/","name":"Regionalna Inicjatywa Doskona\u0142o\u015bci","description":"","potentialAction":[{"@type":"SearchAction","target":{"@type":"EntryPoint","urlTemplate":"https:\/\/wm.pb.edu.pl\/rid2\/?s={search_term_string}"},"query-input":{"@type":"PropertyValueSpecification","valueRequired":true,"valueName":"search_term_string"}}],"inLanguage":"pl-PL"}]}},"_links":{"self":[{"href":"https:\/\/wm.pb.edu.pl\/rid2\/wp-json\/wp\/v2\/pages\/515","targetHints":{"allow":["GET"]}}],"collection":[{"href":"https:\/\/wm.pb.edu.pl\/rid2\/wp-json\/wp\/v2\/pages"}],"about":[{"href":"https:\/\/wm.pb.edu.pl\/rid2\/wp-json\/wp\/v2\/types\/page"}],"author":[{"embeddable":true,"href":"https:\/\/wm.pb.edu.pl\/rid2\/wp-json\/wp\/v2\/users\/2"}],"replies":[{"embeddable":true,"href":"https:\/\/wm.pb.edu.pl\/rid2\/wp-json\/wp\/v2\/comments?post=515"}],"version-history":[{"count":17,"href":"https:\/\/wm.pb.edu.pl\/rid2\/wp-json\/wp\/v2\/pages\/515\/revisions"}],"predecessor-version":[{"id":695,"href":"https:\/\/wm.pb.edu.pl\/rid2\/wp-json\/wp\/v2\/pages\/515\/revisions\/695"}],"wp:attachment":[{"href":"https:\/\/wm.pb.edu.pl\/rid2\/wp-json\/wp\/v2\/media?parent=515"}],"curies":[{"name":"wp","href":"https:\/\/api.w.org\/{rel}","templated":true}]}}